{"id":1205,"date":"2023-04-03T19:11:44","date_gmt":"2023-04-03T19:11:44","guid":{"rendered":"https:\/\/proservice.com.ar\/?post_type=product&#038;p=1205"},"modified":"2026-04-01T11:53:24","modified_gmt":"2026-04-01T14:53:24","slug":"aida-imaging-4k-ndi-hx-ip-hdmi-broadcast-ptz-camera-with-30x-optical-zoom-black","status":"publish","type":"product","link":"https:\/\/proservice.com.ar\/index.php\/product\/aida-imaging-4k-ndi-hx-ip-hdmi-broadcast-ptz-camera-with-30x-optical-zoom-black\/","title":{"rendered":"AIDA Imaging 4K NDI HX IP\/HDMI Broadcast PTZ Camera with 30x Optical Zoom (Black)"},"content":{"rendered":"<div class=\"title_OMS5rN7R1Z\">\n<div data-selenium=\"sellingPointsTitle\">La c\u00e1mara AIDA Imaging 4K NDI cuenta con entrada\/salida RS-232 para control en serie, as\u00ed como el protocolo de control VISCA sobre IP y transmisi\u00f3n de video a trav\u00e9s de protocolos RTSP\/RTMP. Se pueden asignar y administrar hasta 10 ajustes preestablecidos a trav\u00e9s del control remoto IR incluido, y se pueden administrar hasta 128 a trav\u00e9s del control en serie. Otras caracter\u00edsticas incluyen un filtro de reducci\u00f3n de ruido temporal con compensaci\u00f3n de movimiento, que permite una reducci\u00f3n de ruido sin desenfoque. La c\u00e1mara se alimenta a trav\u00e9s del adaptador de corriente incluido o mediante PoE+ en una red compatible.<\/div>\n<div data-selenium=\"sellingPointsTitle\"><\/div>\n<div class=\"text_TAw0W35QK_ comfy_TAw0W35QK_ sizeTitle4_TAw0W35QK_ weightBold_TAw0W35QK_ primary_i3MsQsqoe0\" data-selenium=\"sellingPointsTitle\"><span style=\"color: #000000\"><strong>Caracter\u00edsticas principales:\u00a0<\/strong><\/span><\/div>\n<\/div>\n<ul class=\"list_OMS5rN7R1Z\">\n<li class=\"listItem_OMS5rN7R1Z\" data-selenium=\"sellingPointsListItem\">Para aplicaciones de transmisi\u00f3n y conferencias<\/li>\n<li class=\"listItem_OMS5rN7R1Z\" data-selenium=\"sellingPointsListItem\">Capture hasta una resoluci\u00f3n UHD 4K<\/li>\n<li class=\"listItem_OMS5rN7R1Z\" data-selenium=\"sellingPointsListItem\">Salidas IP, HDMI, USB-C;\u00a0Soporte NDI|HX<\/li>\n<li class=\"listItem_OMS5rN7R1Z\" data-selenium=\"sellingPointsListItem\">Zoom \u00f3ptico de 30x a 4K<\/li>\n<li class=\"listItem_OMS5rN7R1Z\" data-selenium=\"sellingPointsListItem\">RS-232, VISCA sobre IP, control NDI<\/li>\n<li class=\"listItem_OMS5rN7R1Z\" data-selenium=\"sellingPointsListItem\">Hasta 128 presinton\u00edas a trav\u00e9s de IP\/control en serie<\/li>\n<li class=\"listItem_OMS5rN7R1Z\" data-selenium=\"sellingPointsListItem\">Reducci\u00f3n de ruido con compensaci\u00f3n de movimiento<\/li>\n<li class=\"listItem_OMS5rN7R1Z\" data-selenium=\"sellingPointsListItem\">Adaptador de corriente y soporte PoE+<\/li>\n<\/ul>\n","protected":false},"excerpt":{"rendered":"<p>PTZ4K-NDI-X30B<\/p>\n","protected":false},"featured_media":3930,"template":"","meta":{"om_disable_all_campaigns":false},"pwb-brand":[],"product_brand":[],"product_cat":[70,15],"product_tag":[99],"class_list":{"0":"post-1205","1":"product","2":"type-product","3":"status-publish","4":"has-post-thumbnail","6":"product_cat-aida","7":"product_cat-camera","8":"product_tag-aida-ptz4k-ndi-x30b","10":"first","11":"outofstock","12":"shipping-taxable","13":"purchasable","14":"product-type-simple"},"aioseo_notices":[],"jetpack_sharing_enabled":true,"brands":[],"_links":{"self":[{"href":"https:\/\/proservice.com.ar\/index.php\/wp-json\/wp\/v2\/product\/1205","targetHints":{"allow":["GET"]}}],"collection":[{"href":"https:\/\/proservice.com.ar\/index.php\/wp-json\/wp\/v2\/product"}],"about":[{"href":"https:\/\/proservice.com.ar\/index.php\/wp-json\/wp\/v2\/types\/product"}],"wp:featuredmedia":[{"embeddable":true,"href":"https:\/\/proservice.com.ar\/index.php\/wp-json\/wp\/v2\/media\/3930"}],"wp:attachment":[{"href":"https:\/\/proservice.com.ar\/index.php\/wp-json\/wp\/v2\/media?parent=1205"}],"wp:term":[{"taxonomy":"pwb-brand","embeddable":true,"href":"https:\/\/proservice.com.ar\/index.php\/wp-json\/wp\/v2\/pwb-brand?post=1205"},{"taxonomy":"product_brand","embeddable":true,"href":"https:\/\/proservice.com.ar\/index.php\/wp-json\/wp\/v2\/product_brand?post=1205"},{"taxonomy":"product_cat","embeddable":true,"href":"https:\/\/proservice.com.ar\/index.php\/wp-json\/wp\/v2\/product_cat?post=1205"},{"taxonomy":"product_tag","embeddable":true,"href":"https:\/\/proservice.com.ar\/index.php\/wp-json\/wp\/v2\/product_tag?post=1205"}],"curies":[{"name":"wp","href":"https:\/\/api.w.org\/{rel}","templated":true}]}}