{"id":13,"date":"2023-03-22T17:40:51","date_gmt":"2023-03-22T17:40:51","guid":{"rendered":"https:\/\/proservice.com.ar\/index.php\/product\/hoodie-with-logo\/"},"modified":"2025-07-14T09:26:32","modified_gmt":"2025-07-14T12:26:32","slug":"hoodie-with-logo","status":"publish","type":"product","link":"https:\/\/proservice.com.ar\/index.php\/product\/hoodie-with-logo\/","title":{"rendered":"Hollyland Mars 4K Wireless Video Transmission System"},"content":{"rendered":"<div class=\"title_OMS5rN7R1Z\">\n<div data-selenium=\"sellingPointsTitle\">El transmisor Mars 4K proporciona entradas HDMI y SDI y el receptor ofrece salidas SDI y HDMI. Presenta una latencia extremadamente baja de 0,06 s con transmisi\u00f3n en l\u00ednea de visi\u00f3n de hasta 450&#8242; hasta el receptor.<\/div>\n<div data-selenium=\"sellingPointsTitle\">Usando la aplicaci\u00f3n Hollyview para iOS o Android, puede monitorear su transmisi\u00f3n de video en tiempo real a trav\u00e9s de una conexi\u00f3n Wi-Fi a su tableta o tel\u00e9fono inteligente. Las unidades tambi\u00e9n cuentan con un esc\u00e1ner de frecuencia incorporado para seleccionar la frecuencia m\u00e1s clara para su transmisi\u00f3n.<\/div>\n<\/div>\n<div data-selenium=\"sellingPointsTitle\"><\/div>\n<div data-selenium=\"sellingPointsTitle\"><\/div>\n<div class=\"title_OMS5rN7R1Z\">\n<div class=\"text_TAw0W35QK_ comfy_TAw0W35QK_ sizeTitle4_TAw0W35QK_ weightBold_TAw0W35QK_ primary_i3MsQsqoe0\" data-selenium=\"sellingPointsTitle\"><span style=\"color: #000000\"><strong>Caracter\u00edsticas principales:\u00a0<\/strong><\/span><\/div>\n<\/div>\n<ul class=\"list_OMS5rN7R1Z\">\n<li class=\"listItem_OMS5rN7R1Z\" data-selenium=\"sellingPointsListItem\">Conjunto de transmisor y receptor<\/li>\n<li class=\"listItem_OMS5rN7R1Z\" data-selenium=\"sellingPointsListItem\">Transmite v\u00eddeo hasta UHD 4K30 de hasta 450&#8242;<\/li>\n<li class=\"listItem_OMS5rN7R1Z\" data-selenium=\"sellingPointsListItem\">Entradas y salidas SDI y HDMI<\/li>\n<li class=\"listItem_OMS5rN7R1Z\" data-selenium=\"sellingPointsListItem\">Bater\u00eda serie L\/USB tipo C\/alimentaci\u00f3n CC<\/li>\n<li class=\"listItem_OMS5rN7R1Z\" data-selenium=\"sellingPointsListItem\">Escaneo de canales inteligente, pantalla t\u00e1ctil LCD<\/li>\n<li class=\"listItem_OMS5rN7R1Z\" data-selenium=\"sellingPointsListItem\">Baja latencia de 0,06 s, velocidad de datos de 12 Mb\/s<\/li>\n<li class=\"listItem_OMS5rN7R1Z\" data-selenium=\"sellingPointsListItem\">Opciones de alimentaci\u00f3n CC, serie L y USB tipo C<\/li>\n<li class=\"listItem_OMS5rN7R1Z\" data-selenium=\"sellingPointsListItem\">Transmite hasta 4 x aplicaciones como monitor<\/li>\n<\/ul>\n","protected":false},"excerpt":{"rendered":"<div class=\"element_kcQ1qlyqn6\">\n<div class=\"code_kcQ1qlyqn6\" data-selenium=\"codeCrumb\">MARS 4K<\/div>\n<\/div>\n","protected":false},"featured_media":3876,"template":"","meta":{"om_disable_all_campaigns":false},"pwb-brand":[],"product_brand":[],"product_cat":[77,420,424],"product_tag":[23],"class_list":{"0":"post-13","1":"product","2":"type-product","3":"status-publish","4":"has-post-thumbnail","6":"product_cat-hollyland","7":"product_cat-ofertas","8":"product_cat-wireless-video","9":"product_tag-hollyland-mars-4k","11":"first","12":"outofstock","13":"sale","14":"shipping-taxable","15":"purchasable","16":"product-type-simple"},"aioseo_notices":[],"jetpack_sharing_enabled":true,"brands":[],"_links":{"self":[{"href":"https:\/\/proservice.com.ar\/index.php\/wp-json\/wp\/v2\/product\/13","targetHints":{"allow":["GET"]}}],"collection":[{"href":"https:\/\/proservice.com.ar\/index.php\/wp-json\/wp\/v2\/product"}],"about":[{"href":"https:\/\/proservice.com.ar\/index.php\/wp-json\/wp\/v2\/types\/product"}],"wp:featuredmedia":[{"embeddable":true,"href":"https:\/\/proservice.com.ar\/index.php\/wp-json\/wp\/v2\/media\/3876"}],"wp:attachment":[{"href":"https:\/\/proservice.com.ar\/index.php\/wp-json\/wp\/v2\/media?parent=13"}],"wp:term":[{"taxonomy":"pwb-brand","embeddable":true,"href":"https:\/\/proservice.com.ar\/index.php\/wp-json\/wp\/v2\/pwb-brand?post=13"},{"taxonomy":"product_brand","embeddable":true,"href":"https:\/\/proservice.com.ar\/index.php\/wp-json\/wp\/v2\/product_brand?post=13"},{"taxonomy":"product_cat","embeddable":true,"href":"https:\/\/proservice.com.ar\/index.php\/wp-json\/wp\/v2\/product_cat?post=13"},{"taxonomy":"product_tag","embeddable":true,"href":"https:\/\/proservice.com.ar\/index.php\/wp-json\/wp\/v2\/product_tag?post=13"}],"curies":[{"name":"wp","href":"https:\/\/api.w.org\/{rel}","templated":true}]}}