{"id":1389,"date":"2023-04-04T19:04:17","date_gmt":"2023-04-04T19:04:17","guid":{"rendered":"https:\/\/proservice.com.ar\/?post_type=product&#038;p=1389"},"modified":"2025-06-12T10:27:55","modified_gmt":"2025-06-12T13:27:55","slug":"liveu-solo-pro-hdmi-4k-video-audio-encoder","status":"publish","type":"product","link":"https:\/\/proservice.com.ar\/index.php\/product\/liveu-solo-pro-hdmi-4k-video-audio-encoder\/","title":{"rendered":"LiveU Solo Pro HDMI 4K Video\/Audio Encoder"},"content":{"rendered":"<div class=\"title_OMS5rN7R1Z\">\n<div data-selenium=\"sellingPointsTitle\">El LU-SOLOPROHDMI es un dispositivo de transmisi\u00f3n de v\u00eddeo y audio en directo que ofrece una calidad de imagen 4K y una fiabilidad de 5G. Se conecta a la c\u00e1mara o a otro dispositivo de v\u00eddeo mediante un cable HDMI y utiliza la tecnolog\u00eda avanzada de LiveU Reliable Transport (LRT) para configurar r\u00e1pidamente un sistema de transmisi\u00f3n de alta calidad y estabilidad, incluso en lugares remotos.<\/div>\n<\/div>\n<div data-selenium=\"sellingPointsTitle\"><\/div>\n<div data-selenium=\"sellingPointsTitle\"><\/div>\n<div class=\"title_OMS5rN7R1Z\">\n<div class=\"text_TAw0W35QK_ comfy_TAw0W35QK_ sizeTitle4_TAw0W35QK_ weightBold_TAw0W35QK_ primary_i3MsQsqoe0\" data-selenium=\"sellingPointsTitle\"><strong><span style=\"color: #000000\">Caracter\u00edsticas principales:\u00a0<\/span><\/strong><\/div>\n<\/div>\n<ul class=\"list_OMS5rN7R1Z\">\n<li class=\"listItem_OMS5rN7R1Z\" data-selenium=\"sellingPointsListItem\">Soluci\u00f3n de transmisi\u00f3n compacta todo en uno<\/li>\n<li class=\"listItem_OMS5rN7R1Z\" data-selenium=\"sellingPointsListItem\">Resoluciones hasta 4K60<\/li>\n<li class=\"listItem_OMS5rN7R1Z\" data-selenium=\"sellingPointsListItem\">Entrada de v\u00eddeo HDMI<\/li>\n<li class=\"listItem_OMS5rN7R1Z\" data-selenium=\"sellingPointsListItem\">Con\u00e9ctese a trav\u00e9s de celular, Wi-Fi y Ethernet<\/li>\n<li class=\"listItem_OMS5rN7R1Z\" data-selenium=\"sellingPointsListItem\">Soporta HDMI 2.0<\/li>\n<li class=\"listItem_OMS5rN7R1Z\" data-selenium=\"sellingPointsListItem\">Utiliza el transporte confiable de LiveU<\/li>\n<li class=\"listItem_OMS5rN7R1Z\" data-selenium=\"sellingPointsListItem\">Bater\u00eda incorporada de 3 horas<\/li>\n<li class=\"listItem_OMS5rN7R1Z\" data-selenium=\"sellingPointsListItem\">Factor de forma compacto<\/li>\n<\/ul>\n","protected":false},"excerpt":{"rendered":"<p>LU-SOLOPROHDMI<\/p>\n","protected":false},"featured_media":3625,"template":"","meta":{"om_disable_all_campaigns":false},"pwb-brand":[],"product_brand":[],"product_cat":[80,65],"product_tag":[122],"class_list":{"0":"post-1389","1":"product","2":"type-product","3":"status-publish","4":"has-post-thumbnail","6":"product_cat-liveu","7":"product_cat-streaming-device","8":"product_tag-lu-soloprohdmi","10":"first","11":"onbackorder","12":"shipping-taxable","13":"product-type-simple"},"aioseo_notices":[],"jetpack_sharing_enabled":true,"brands":[],"_links":{"self":[{"href":"https:\/\/proservice.com.ar\/index.php\/wp-json\/wp\/v2\/product\/1389","targetHints":{"allow":["GET"]}}],"collection":[{"href":"https:\/\/proservice.com.ar\/index.php\/wp-json\/wp\/v2\/product"}],"about":[{"href":"https:\/\/proservice.com.ar\/index.php\/wp-json\/wp\/v2\/types\/product"}],"wp:featuredmedia":[{"embeddable":true,"href":"https:\/\/proservice.com.ar\/index.php\/wp-json\/wp\/v2\/media\/3625"}],"wp:attachment":[{"href":"https:\/\/proservice.com.ar\/index.php\/wp-json\/wp\/v2\/media?parent=1389"}],"wp:term":[{"taxonomy":"pwb-brand","embeddable":true,"href":"https:\/\/proservice.com.ar\/index.php\/wp-json\/wp\/v2\/pwb-brand?post=1389"},{"taxonomy":"product_brand","embeddable":true,"href":"https:\/\/proservice.com.ar\/index.php\/wp-json\/wp\/v2\/product_brand?post=1389"},{"taxonomy":"product_cat","embeddable":true,"href":"https:\/\/proservice.com.ar\/index.php\/wp-json\/wp\/v2\/product_cat?post=1389"},{"taxonomy":"product_tag","embeddable":true,"href":"https:\/\/proservice.com.ar\/index.php\/wp-json\/wp\/v2\/product_tag?post=1389"}],"curies":[{"name":"wp","href":"https:\/\/api.w.org\/{rel}","templated":true}]}}