{"id":1439,"date":"2023-04-04T19:21:33","date_gmt":"2023-04-04T19:21:33","guid":{"rendered":"https:\/\/proservice.com.ar\/?post_type=product&#038;p=1439"},"modified":"2025-06-18T15:29:13","modified_gmt":"2025-06-18T18:29:13","slug":"tilta-advanced-kit-for-blackmagic-design-pocket-cinema-camera-6k-pro-tactical-gray","status":"publish","type":"product","link":"https:\/\/proservice.com.ar\/index.php\/product\/tilta-advanced-kit-for-blackmagic-design-pocket-cinema-camera-6k-pro-tactical-gray\/","title":{"rendered":"Tilta Advanced Kit for Blackmagic Design Pocket Cinema Camera 6K Pro (Tactical Gray)"},"content":{"rendered":"<div class=\"leftTableContents_L6kDdYKxLS\">\n<div class=\"above_GV3KXXG7b4\">\n<p>El Tilta Advanced Kit gris para BMPCC 6K Pro y 6K G2 de Tilta cuenta con una jaula protectora completa y un sistema de placa base LWS de 15 mm con un par de varillas de 12&#8243; para accesorios de montaje. Este kit completa la jaula con una variedad de componentes que incluyen un recorrido \/mango lateral y cable de parada, un asa superior de liberaci\u00f3n r\u00e1pida, un soporte para un SSD Samsung T5, un soporte para accesorios para la empu\u00f1adura de bater\u00eda Blackmagic 6K Pro y un cable USB-C de 90\u00b0.<\/p>\n<\/div>\n<\/div>\n<div class=\"title_OMS5rN7R1Z\">\n<div class=\"text_TAw0W35QK_ comfy_TAw0W35QK_ sizeTitle4_TAw0W35QK_ weightBold_TAw0W35QK_ primary_i3MsQsqoe0\" data-selenium=\"sellingPointsTitle\"><strong><span style=\"color: #000000\">Caracter\u00edsticas principales:\u00a0<\/span><\/strong><\/div>\n<\/div>\n<ul class=\"list_OMS5rN7R1Z\">\n<li class=\"listItem_OMS5rN7R1Z\" data-selenium=\"sellingPointsListItem\">Jaula completa modular ajustada a la forma<\/li>\n<li class=\"listItem_OMS5rN7R1Z\" data-selenium=\"sellingPointsListItem\">Placa base LWS de 15 mm, 2 varillas de 15 mm de 12&#8243;<\/li>\n<li class=\"listItem_OMS5rN7R1Z\" data-selenium=\"sellingPointsListItem\">Ejecutar\/detener y manijas superiores de liberaci\u00f3n r\u00e1pida<\/li>\n<li class=\"listItem_OMS5rN7R1Z\" data-selenium=\"sellingPointsListItem\">Soporte SSD para unidad Samsung T5<\/li>\n<li class=\"listItem_OMS5rN7R1Z\" data-selenium=\"sellingPointsListItem\">Soporte de accesorios para empu\u00f1adura de bater\u00eda 6K Pro<\/li>\n<li class=\"listItem_OMS5rN7R1Z\" data-selenium=\"sellingPointsListItem\">Cable USB-C de 90\u00b0<\/li>\n<\/ul>\n","protected":false},"excerpt":{"rendered":"<p>TA-T11-A<\/p>\n","protected":false},"featured_media":3663,"template":"","meta":{"om_disable_all_campaigns":false},"pwb-brand":[],"product_brand":[],"product_cat":[59,84],"product_tag":[128],"class_list":{"0":"post-1439","1":"product","2":"type-product","3":"status-publish","4":"has-post-thumbnail","6":"product_cat-camera-cage-and-kit","7":"product_cat-tilta","8":"product_tag-ta-t11-a","10":"first","11":"onbackorder","12":"shipping-taxable","13":"product-type-simple"},"aioseo_notices":[],"jetpack_sharing_enabled":true,"brands":[],"_links":{"self":[{"href":"https:\/\/proservice.com.ar\/index.php\/wp-json\/wp\/v2\/product\/1439","targetHints":{"allow":["GET"]}}],"collection":[{"href":"https:\/\/proservice.com.ar\/index.php\/wp-json\/wp\/v2\/product"}],"about":[{"href":"https:\/\/proservice.com.ar\/index.php\/wp-json\/wp\/v2\/types\/product"}],"wp:featuredmedia":[{"embeddable":true,"href":"https:\/\/proservice.com.ar\/index.php\/wp-json\/wp\/v2\/media\/3663"}],"wp:attachment":[{"href":"https:\/\/proservice.com.ar\/index.php\/wp-json\/wp\/v2\/media?parent=1439"}],"wp:term":[{"taxonomy":"pwb-brand","embeddable":true,"href":"https:\/\/proservice.com.ar\/index.php\/wp-json\/wp\/v2\/pwb-brand?post=1439"},{"taxonomy":"product_brand","embeddable":true,"href":"https:\/\/proservice.com.ar\/index.php\/wp-json\/wp\/v2\/product_brand?post=1439"},{"taxonomy":"product_cat","embeddable":true,"href":"https:\/\/proservice.com.ar\/index.php\/wp-json\/wp\/v2\/product_cat?post=1439"},{"taxonomy":"product_tag","embeddable":true,"href":"https:\/\/proservice.com.ar\/index.php\/wp-json\/wp\/v2\/product_tag?post=1439"}],"curies":[{"name":"wp","href":"https:\/\/api.w.org\/{rel}","templated":true}]}}