{"id":1443,"date":"2023-04-04T19:23:53","date_gmt":"2023-04-04T19:23:53","guid":{"rendered":"https:\/\/proservice.com.ar\/?post_type=product&#038;p=1443"},"modified":"2025-06-26T13:13:29","modified_gmt":"2025-06-26T16:13:29","slug":"tilta-basic-kit-for-blackmagic-design-pocket-cinema-camera-6k-pro-black","status":"publish","type":"product","link":"https:\/\/proservice.com.ar\/index.php\/product\/tilta-basic-kit-for-blackmagic-design-pocket-cinema-camera-6k-pro-black\/","title":{"rendered":"Tilta Basic Kit for Blackmagic Design Pocket Cinema Camera 6K Pro (Black)"},"content":{"rendered":"<div class=\"title_OMS5rN7R1Z\">\n<div data-selenium=\"sellingPointsTitle\">\n<div>\n<div class=\"\" data-selenium=\"overviewLongDescription\">\n<div class=\"js-injected-html text_UbV5SNP5Eo\">\n<p>El kit b\u00e1sico\u00a0negro para BMPCC 6K Pro y 6K G2\u00a0de\u00a0Tilta\u00a0cuenta con una jaula protectora completa y un soporte de varilla LWS de 15 mm.\u00a0Este kit b\u00e1sico completa la jaula con un asa superior de liberaci\u00f3n r\u00e1pida, un soporte para una SSD Samsung T7, un soporte para accesorios para la empu\u00f1adura de bater\u00eda Blackmagic 6K Pro, un adaptador HDMI de 90\u00b0 y un cable USB-C de 90\u00b0.<\/p>\n<\/div>\n<\/div>\n<\/div>\n<div>\n<div class=\"feature_UbV5SNP5Eo\">\n<div class=\"productDescription_UbV5SNP5Eo\" data-selenium=\"overviewLongDescription\">\n<div class=\"js-injected-html text_UbV5SNP5Eo\">\n<p>Cage completo para Blackmagic Design Pocket Cinema Camera 6K Pro y 6K G2\u00a0es una jaula modular y ajustada que protege y permite el montaje de accesorios para su c\u00e1mara.\u00a0Esta jaula cuenta con un riel NATO, un soporte de soporte de varilla \u00fanica, dos rosetas estilo ARRI, tres soportes de zapata y m\u00faltiples orificios de montaje roscados de 1\/4&#8243;-20 y 3\/8&#8243;-16 para accesorios.\u00a0La placa inferior presenta compatibilidad estilo Arca y m\u00faltiples orificios de montaje para conectar a un tr\u00edpode o card\u00e1n.<\/p>\n<\/div>\n<\/div>\n<\/div>\n<\/div>\n<\/div>\n<div data-selenium=\"sellingPointsTitle\"><\/div>\n<div class=\"text_TAw0W35QK_ comfy_TAw0W35QK_ sizeTitle4_TAw0W35QK_ weightBold_TAw0W35QK_ primary_i3MsQsqoe0\" data-selenium=\"sellingPointsTitle\"><span style=\"color: #000000\"><strong>Caracter\u00edsticas principales:\u00a0<\/strong><\/span><\/div>\n<\/div>\n<ul class=\"list_OMS5rN7R1Z\">\n<li class=\"listItem_OMS5rN7R1Z\" data-selenium=\"sellingPointsListItem\">Jaula completa modular ajustada a la forma<\/li>\n<li class=\"listItem_OMS5rN7R1Z\" data-selenium=\"sellingPointsListItem\">Mango superior de liberaci\u00f3n r\u00e1pida<\/li>\n<li class=\"listItem_OMS5rN7R1Z\" data-selenium=\"sellingPointsListItem\">Soporte SSD para Samsung T7<\/li>\n<li class=\"listItem_OMS5rN7R1Z\" data-selenium=\"sellingPointsListItem\">Soporte de varilla LWS de 15 mm<\/li>\n<li class=\"listItem_OMS5rN7R1Z\" data-selenium=\"sellingPointsListItem\">Soporte de accesorios para empu\u00f1adura de bater\u00eda 6K Pro<\/li>\n<li class=\"listItem_OMS5rN7R1Z\" data-selenium=\"sellingPointsListItem\">Adaptador HDMI de 90\u00b0<\/li>\n<li class=\"listItem_OMS5rN7R1Z\" data-selenium=\"sellingPointsListItem\">Cable USB-C de 90\u00b0<\/li>\n<\/ul>\n","protected":false},"excerpt":{"rendered":"<p>TA-T11-B-B<\/p>\n","protected":false},"featured_media":3661,"template":"","meta":{"om_disable_all_campaigns":false},"pwb-brand":[],"product_brand":[],"product_cat":[59,84],"product_tag":[129],"class_list":{"0":"post-1443","1":"product","2":"type-product","3":"status-publish","4":"has-post-thumbnail","6":"product_cat-camera-cage-and-kit","7":"product_cat-tilta","8":"product_tag-ta-t11-b-b","10":"first","11":"onbackorder","12":"shipping-taxable","13":"product-type-simple"},"aioseo_notices":[],"jetpack_sharing_enabled":true,"brands":[],"_links":{"self":[{"href":"https:\/\/proservice.com.ar\/index.php\/wp-json\/wp\/v2\/product\/1443","targetHints":{"allow":["GET"]}}],"collection":[{"href":"https:\/\/proservice.com.ar\/index.php\/wp-json\/wp\/v2\/product"}],"about":[{"href":"https:\/\/proservice.com.ar\/index.php\/wp-json\/wp\/v2\/types\/product"}],"wp:featuredmedia":[{"embeddable":true,"href":"https:\/\/proservice.com.ar\/index.php\/wp-json\/wp\/v2\/media\/3661"}],"wp:attachment":[{"href":"https:\/\/proservice.com.ar\/index.php\/wp-json\/wp\/v2\/media?parent=1443"}],"wp:term":[{"taxonomy":"pwb-brand","embeddable":true,"href":"https:\/\/proservice.com.ar\/index.php\/wp-json\/wp\/v2\/pwb-brand?post=1443"},{"taxonomy":"product_brand","embeddable":true,"href":"https:\/\/proservice.com.ar\/index.php\/wp-json\/wp\/v2\/product_brand?post=1443"},{"taxonomy":"product_cat","embeddable":true,"href":"https:\/\/proservice.com.ar\/index.php\/wp-json\/wp\/v2\/product_cat?post=1443"},{"taxonomy":"product_tag","embeddable":true,"href":"https:\/\/proservice.com.ar\/index.php\/wp-json\/wp\/v2\/product_tag?post=1443"}],"curies":[{"name":"wp","href":"https:\/\/api.w.org\/{rel}","templated":true}]}}