{"id":1751,"date":"2023-04-11T15:30:27","date_gmt":"2023-04-11T19:30:27","guid":{"rendered":"https:\/\/proservice.com.ar\/?post_type=product&#038;p=1751"},"modified":"2026-04-01T11:49:14","modified_gmt":"2026-04-01T14:49:14","slug":"blackmagic-design-pocket-cinema-camera-6k-pro-canon-ef","status":"publish","type":"product","link":"https:\/\/proservice.com.ar\/index.php\/product\/blackmagic-design-pocket-cinema-camera-6k-pro-canon-ef\/","title":{"rendered":"Blackmagic Design Pocket Cinema Camera 6K Pro (Canon EF)"},"content":{"rendered":"<div class=\"title_OMS5rN7R1Z\">\n<div data-selenium=\"sellingPointsTitle\">La Pocket Cinema Camera 6K Pro es una c\u00e1mara de cine digital port\u00e1til que permite grabar im\u00e1genes en resoluci\u00f3n 6K con un sensor HDR Super 35 y una montura EF. Tiene una pantalla t\u00e1ctil de 5 pulgadas que se puede inclinar y tiene un brillo de 1500 nits, lo que facilita el control de las funciones y los par\u00e1metros. La c\u00e1mara tambi\u00e9n tiene filtros de densidad neutra integrados de 2, 4 y 6 pasos, dos entradas mini-XLR para audio profesional, una entrada de referencia, una entrada LANC y ranuras para tarjetas CFast 2.0 y SD\/UHS-II. El producto incluye una licencia para el software DaVinci Resolve Studio, que ofrece herramientas avanzadas de edici\u00f3n y correcci\u00f3n de color.<\/div>\n<div data-selenium=\"sellingPointsTitle\"><\/div>\n<div class=\"text_TAw0W35QK_ comfy_TAw0W35QK_ sizeTitle4_TAw0W35QK_ weightBold_TAw0W35QK_ primary_i3MsQsqoe0\" data-selenium=\"sellingPointsTitle\"><strong>Caracter\u00edsticas principales:\u00a0<\/strong><\/div>\n<\/div>\n<ul class=\"list_OMS5rN7R1Z\">\n<li class=\"listItem_OMS5rN7R1Z\" data-selenium=\"sellingPointsListItem\">Brillante LCD HDR inclinable de 1500 cd\/m\u00b2<\/li>\n<li class=\"listItem_OMS5rN7R1Z\" data-selenium=\"sellingPointsListItem\">Sensor Super35 HDR, ciencia del color Gen 5<\/li>\n<li class=\"listItem_OMS5rN7R1Z\" data-selenium=\"sellingPointsListItem\">Entradas XLR duales, montura Canon Active EF<\/li>\n<li class=\"listItem_OMS5rN7R1Z\" data-selenium=\"sellingPointsListItem\">Bater\u00eda NP-F570, filtros ND integrados<\/li>\n<li class=\"listItem_OMS5rN7R1Z\" data-selenium=\"sellingPointsListItem\">Graba 6K 6144 x 3456 hasta 50 fps<\/li>\n<li class=\"listItem_OMS5rN7R1Z\" data-selenium=\"sellingPointsListItem\">Doble Nativo 400 y 3200 ISO a 25,600<\/li>\n<li class=\"listItem_OMS5rN7R1Z\" data-selenium=\"sellingPointsListItem\">Ranuras para tarjetas CFast 2.0 y SD\/UHS-II<\/li>\n<li class=\"listItem_OMS5rN7R1Z\" data-selenium=\"sellingPointsListItem\">Graba hasta 120 fps en ventana HD<\/li>\n<li class=\"listItem_OMS5rN7R1Z\" data-selenium=\"sellingPointsListItem\">Grabaci\u00f3n USB tipo C, compatibilidad con 3D LUT<\/li>\n<li class=\"listItem_OMS5rN7R1Z\" data-selenium=\"sellingPointsListItem\">Rango din\u00e1mico de 13 pasos, soporte de enfoque autom\u00e1tico<\/li>\n<\/ul>\n","protected":false},"excerpt":{"rendered":"<p>CINECAMPOCHDEF06P<\/p>\n","protected":false},"featured_media":4782,"template":"","meta":{"om_disable_all_campaigns":false},"pwb-brand":[],"product_brand":[],"product_cat":[71,15],"product_tag":[149],"class_list":{"0":"post-1751","1":"product","2":"type-product","3":"status-publish","4":"has-post-thumbnail","6":"product_cat-blackmagic-design","7":"product_cat-camera","8":"product_tag-cinecampochdef06p","10":"first","11":"onbackorder","12":"shipping-taxable","13":"product-type-simple"},"aioseo_notices":[],"jetpack_sharing_enabled":true,"brands":[],"_links":{"self":[{"href":"https:\/\/proservice.com.ar\/index.php\/wp-json\/wp\/v2\/product\/1751","targetHints":{"allow":["GET"]}}],"collection":[{"href":"https:\/\/proservice.com.ar\/index.php\/wp-json\/wp\/v2\/product"}],"about":[{"href":"https:\/\/proservice.com.ar\/index.php\/wp-json\/wp\/v2\/types\/product"}],"wp:featuredmedia":[{"embeddable":true,"href":"https:\/\/proservice.com.ar\/index.php\/wp-json\/wp\/v2\/media\/4782"}],"wp:attachment":[{"href":"https:\/\/proservice.com.ar\/index.php\/wp-json\/wp\/v2\/media?parent=1751"}],"wp:term":[{"taxonomy":"pwb-brand","embeddable":true,"href":"https:\/\/proservice.com.ar\/index.php\/wp-json\/wp\/v2\/pwb-brand?post=1751"},{"taxonomy":"product_brand","embeddable":true,"href":"https:\/\/proservice.com.ar\/index.php\/wp-json\/wp\/v2\/product_brand?post=1751"},{"taxonomy":"product_cat","embeddable":true,"href":"https:\/\/proservice.com.ar\/index.php\/wp-json\/wp\/v2\/product_cat?post=1751"},{"taxonomy":"product_tag","embeddable":true,"href":"https:\/\/proservice.com.ar\/index.php\/wp-json\/wp\/v2\/product_tag?post=1751"}],"curies":[{"name":"wp","href":"https:\/\/api.w.org\/{rel}","templated":true}]}}