{"id":1890,"date":"2023-04-26T12:12:33","date_gmt":"2023-04-26T16:12:33","guid":{"rendered":"https:\/\/proservice.com.ar\/?post_type=product&#038;p=1890"},"modified":"2026-05-08T10:19:48","modified_gmt":"2026-05-08T13:19:48","slug":"blackmagic-design-studio-camera-6k-pro-ef-mount","status":"publish","type":"product","link":"https:\/\/proservice.com.ar\/index.php\/product\/blackmagic-design-studio-camera-6k-pro-ef-mount\/","title":{"rendered":"Blackmagic Design Studio Camera 6K Pro (EF Mount)"},"content":{"rendered":"<p>La Studio Camera 6K Pro es una c\u00e1mara de producci\u00f3n en vivo que te permite grabar video en 6K con un sensor Super 35 y un montaje de lente Canon EF activo. Con esta c\u00e1mara, puedes capturar im\u00e1genes de alta calidad con un amplio rango din\u00e1mico y un gran control sobre el color.<\/p>\n<p>La c\u00e1mara tiene una pantalla t\u00e1ctil de 5 pulgadas que te permite ajustar los par\u00e1metros y ver el encuadre. Tambi\u00e9n tiene entradas de audio mini-XLR, una salida HDMI, un puerto USB-C y un puerto Ethernet para transmitir en vivo.<\/p>\n<p>La c\u00e1mara usa una bater\u00eda NP-F570 y tiene una ranura para tarjetas SD o CFast 2.0. La c\u00e1mara viene con una licencia de DaVinci Resolve Studio, un software de edici\u00f3n y correcci\u00f3n de color profesional.<\/p>\n<div class=\"title_OMS5rN7R1Z\">\n<div class=\"text_TAw0W35QK_ comfy_TAw0W35QK_ sizeTitle4_TAw0W35QK_ weightBold_TAw0W35QK_ primary_i3MsQsqoe0\" data-selenium=\"sellingPointsTitle\"><strong>Caracter\u00edsticas principales:\u00a0<\/strong><\/div>\n<\/div>\n<ul class=\"list_OMS5rN7R1Z\">\n<li class=\"listItem_OMS5rN7R1Z\" data-selenium=\"sellingPointsListItem\">Montura activa para lentes Canon EF<\/li>\n<li class=\"listItem_OMS5rN7R1Z\" data-selenium=\"sellingPointsListItem\">Captura hasta 6K 6144 x 3456p50<\/li>\n<li class=\"listItem_OMS5rN7R1Z\" data-selenium=\"sellingPointsListItem\">Transmisi\u00f3n en vivo<\/li>\n<li class=\"listItem_OMS5rN7R1Z\" data-selenium=\"sellingPointsListItem\">Filtros ND controlados remotamente<\/li>\n<li class=\"listItem_OMS5rN7R1Z\" data-selenium=\"sellingPointsListItem\">Grabaci\u00f3n sin formato en discos USB-C externos<\/li>\n<li class=\"listItem_OMS5rN7R1Z\" data-selenium=\"sellingPointsListItem\">Graba Blackmagic Raw, hasta 25.600 ISO<\/li>\n<li class=\"listItem_OMS5rN7R1Z\" data-selenium=\"sellingPointsListItem\">Pantalla t\u00e1ctil LCD HDR de alto brillo de 7&#8243;<\/li>\n<li class=\"listItem_OMS5rN7R1Z\" data-selenium=\"sellingPointsListItem\">E\/S de v\u00eddeo 12G-SDI, HDMI y Ethernet 10G<\/li>\n<li class=\"listItem_OMS5rN7R1Z\" data-selenium=\"sellingPointsListItem\">Entrada de audio XLR y 3,5 mm, micr\u00f3fonos integrados<\/li>\n<li class=\"listItem_OMS5rN7R1Z\" data-selenium=\"sellingPointsListItem\">Corrector de color DaVinci Resolve incorporado<\/li>\n<\/ul>\n<p>&nbsp;<\/p>\n","protected":false},"excerpt":{"rendered":"<p>CINSTUDMFT\/G26PDK<\/p>\n<div class=\"meta_RiltKdop13\">\n<div class=\"element_kcQ1qlyqn6\"><\/div>\n<\/div>\n","protected":false},"featured_media":4548,"template":"","meta":{"om_disable_all_campaigns":false},"pwb-brand":[],"product_brand":[],"product_cat":[71,15],"product_tag":[183],"class_list":{"0":"post-1890","1":"product","2":"type-product","3":"status-publish","4":"has-post-thumbnail","6":"product_cat-blackmagic-design","7":"product_cat-camera","8":"product_tag-cinstudmft-g26pdk","10":"first","11":"outofstock","12":"shipping-taxable","13":"product-type-simple"},"aioseo_notices":[],"jetpack_sharing_enabled":true,"brands":[],"_links":{"self":[{"href":"https:\/\/proservice.com.ar\/index.php\/wp-json\/wp\/v2\/product\/1890","targetHints":{"allow":["GET"]}}],"collection":[{"href":"https:\/\/proservice.com.ar\/index.php\/wp-json\/wp\/v2\/product"}],"about":[{"href":"https:\/\/proservice.com.ar\/index.php\/wp-json\/wp\/v2\/types\/product"}],"wp:featuredmedia":[{"embeddable":true,"href":"https:\/\/proservice.com.ar\/index.php\/wp-json\/wp\/v2\/media\/4548"}],"wp:attachment":[{"href":"https:\/\/proservice.com.ar\/index.php\/wp-json\/wp\/v2\/media?parent=1890"}],"wp:term":[{"taxonomy":"pwb-brand","embeddable":true,"href":"https:\/\/proservice.com.ar\/index.php\/wp-json\/wp\/v2\/pwb-brand?post=1890"},{"taxonomy":"product_brand","embeddable":true,"href":"https:\/\/proservice.com.ar\/index.php\/wp-json\/wp\/v2\/product_brand?post=1890"},{"taxonomy":"product_cat","embeddable":true,"href":"https:\/\/proservice.com.ar\/index.php\/wp-json\/wp\/v2\/product_cat?post=1890"},{"taxonomy":"product_tag","embeddable":true,"href":"https:\/\/proservice.com.ar\/index.php\/wp-json\/wp\/v2\/product_tag?post=1890"}],"curies":[{"name":"wp","href":"https:\/\/api.w.org\/{rel}","templated":true}]}}