{"id":2016,"date":"2023-04-28T14:42:09","date_gmt":"2023-04-28T18:42:09","guid":{"rendered":"https:\/\/proservice.com.ar\/?post_type=product&#038;p=2016"},"modified":"2025-05-12T14:23:20","modified_gmt":"2025-05-12T17:23:20","slug":"blackmagic-design-ursa-mini-recorder","status":"publish","type":"product","link":"https:\/\/proservice.com.ar\/index.php\/product\/blackmagic-design-ursa-mini-recorder\/","title":{"rendered":"Blackmagic Design URSA Mini Recorder"},"content":{"rendered":"<div class=\"title_OMS5rN7R1Z\"><\/div>\n<div class=\"title_PCPNqBQRJv\">\n<div class=\"title_OMS5rN7R1Z\">\n<div data-selenium=\"sellingPointsTitle\">\n<p>Utilice la minigrabadora URSA Mini Recorder\u00a0de\u00a0Blackmagic Design\u00a0para capturar im\u00e1genes utilizando tarjetas SSD de 2,5&#8243; relativamente econ\u00f3micas y ampliamente disponibles. Esta grabadora de una sola ranura admite resoluciones de hasta 12 bits sin formato 12K y transfiere datos a velocidades de hasta 900 Mb\/s cuando se utiliza con Discos empresariales NVMe U.2 de 7 mm compatibles.Esta grabadora compacta se inserta perfectamente entre su c\u00e1mara URSA Mini Pro 12K y su bater\u00eda, obteniendo energ\u00eda a trav\u00e9s de la placa de la bater\u00eda a trav\u00e9s de un conector Molex de 12 pines.<\/p>\n<\/div>\n<div class=\"text_TAw0W35QK_ comfy_TAw0W35QK_ sizeTitle4_TAw0W35QK_ weightBold_TAw0W35QK_ primary_i3MsQsqoe0\" data-selenium=\"sellingPointsTitle\"><strong>Caracter\u00edsticas principales:\u00a0<\/strong><\/div>\n<\/div>\n<ul class=\"list_OMS5rN7R1Z\">\n<li class=\"listItem_OMS5rN7R1Z\" data-selenium=\"sellingPointsListItem\">Para c\u00e1mara URSA Mini Pro 12K<\/li>\n<li class=\"listItem_OMS5rN7R1Z\" data-selenium=\"sellingPointsListItem\">Grabador de tarjetas SSD de 2,5&#8243; con una sola ranura<\/li>\n<li class=\"listItem_OMS5rN7R1Z\" data-selenium=\"sellingPointsListItem\">Admite hasta 12K archivos sin formato de 12 bits<\/li>\n<li class=\"listItem_OMS5rN7R1Z\" data-selenium=\"sellingPointsListItem\">Funciona con discos empresariales NVMe U.2<\/li>\n<li class=\"listItem_OMS5rN7R1Z\" data-selenium=\"sellingPointsListItem\">Conector Molex a placa de bater\u00eda<\/li>\n<li class=\"listItem_OMS5rN7R1Z\" data-selenium=\"sellingPointsListItem\">Se conecta entre la c\u00e1mara y la bater\u00eda<\/li>\n<\/ul>\n<\/div>\n<div class=\"group_fDXOr6EpR9\"><\/div>\n","protected":false},"excerpt":{"rendered":"<p>CINEURSASHMSSD2<\/p>\n","protected":false},"featured_media":6907,"template":"","meta":{"om_disable_all_campaigns":false},"pwb-brand":[],"product_brand":[],"product_cat":[71,238],"product_tag":[479],"class_list":{"0":"post-2016","1":"product","2":"type-product","3":"status-publish","4":"has-post-thumbnail","6":"product_cat-blackmagic-design","7":"product_cat-recorders","8":"product_tag-cineursashmssd2","10":"first","11":"onbackorder","12":"shipping-taxable","13":"product-type-simple"},"aioseo_notices":[],"jetpack_sharing_enabled":true,"brands":[],"_links":{"self":[{"href":"https:\/\/proservice.com.ar\/index.php\/wp-json\/wp\/v2\/product\/2016","targetHints":{"allow":["GET"]}}],"collection":[{"href":"https:\/\/proservice.com.ar\/index.php\/wp-json\/wp\/v2\/product"}],"about":[{"href":"https:\/\/proservice.com.ar\/index.php\/wp-json\/wp\/v2\/types\/product"}],"wp:featuredmedia":[{"embeddable":true,"href":"https:\/\/proservice.com.ar\/index.php\/wp-json\/wp\/v2\/media\/6907"}],"wp:attachment":[{"href":"https:\/\/proservice.com.ar\/index.php\/wp-json\/wp\/v2\/media?parent=2016"}],"wp:term":[{"taxonomy":"pwb-brand","embeddable":true,"href":"https:\/\/proservice.com.ar\/index.php\/wp-json\/wp\/v2\/pwb-brand?post=2016"},{"taxonomy":"product_brand","embeddable":true,"href":"https:\/\/proservice.com.ar\/index.php\/wp-json\/wp\/v2\/product_brand?post=2016"},{"taxonomy":"product_cat","embeddable":true,"href":"https:\/\/proservice.com.ar\/index.php\/wp-json\/wp\/v2\/product_cat?post=2016"},{"taxonomy":"product_tag","embeddable":true,"href":"https:\/\/proservice.com.ar\/index.php\/wp-json\/wp\/v2\/product_tag?post=2016"}],"curies":[{"name":"wp","href":"https:\/\/api.w.org\/{rel}","templated":true}]}}

<div class="title_OMS5rN7R1Z"></div>
<div class="title_PCPNqBQRJv">
<div class="title_OMS5rN7R1Z">
<div data-selenium="sellingPointsTitle">
<p>Utilice la minigrabadora URSA Mini Recorder de Blackmagic Design para capturar imágenes utilizando tarjetas SSD de 2,5&#8243; relativamente económicas y ampliamente disponibles. Esta grabadora de una sola ranura admite resoluciones de hasta 12 bits sin formato 12K y transfiere datos a velocidades de hasta 900 Mb/s cuando se utiliza con Discos empresariales NVMe U.2 de 7 mm compatibles.Esta grabadora compacta se inserta perfectamente entre su cámara URSA Mini Pro 12K y su batería, obteniendo energía a través de la placa de la batería a través de un conector Molex de 12 pines.</p>
</div>
<div class="text_TAw0W35QK_ comfy_TAw0W35QK_ sizeTitle4_TAw0W35QK_ weightBold_TAw0W35QK_ primary_i3MsQsqoe0" data-selenium="sellingPointsTitle"><strong>Características principales: </strong></div>
</div>
<ul class="list_OMS5rN7R1Z">
<li class="listItem_OMS5rN7R1Z" data-selenium="sellingPointsListItem">Para cámara URSA Mini Pro 12K</li>
<li class="listItem_OMS5rN7R1Z" data-selenium="sellingPointsListItem">Grabador de tarjetas SSD de 2,5&#8243; con una sola ranura</li>
<li class="listItem_OMS5rN7R1Z" data-selenium="sellingPointsListItem">Admite hasta 12K archivos sin formato de 12 bits</li>
<li class="listItem_OMS5rN7R1Z" data-selenium="sellingPointsListItem">Funciona con discos empresariales NVMe U.2</li>
<li class="listItem_OMS5rN7R1Z" data-selenium="sellingPointsListItem">Conector Molex a placa de batería</li>
<li class="listItem_OMS5rN7R1Z" data-selenium="sellingPointsListItem">Se conecta entre la cámara y la batería</li>
</ul>
</div>
<div class="group_fDXOr6EpR9"></div>
