{"id":2068,"date":"2023-05-02T10:41:40","date_gmt":"2023-05-02T14:41:40","guid":{"rendered":"https:\/\/proservice.com.ar\/?post_type=product&#038;p=2068"},"modified":"2025-05-12T14:24:33","modified_gmt":"2025-05-12T17:24:33","slug":"blackmagic-design-video-assist-5-12g-sdi-hdmi-hdr-recording-monitor","status":"publish","type":"product","link":"https:\/\/proservice.com.ar\/index.php\/product\/blackmagic-design-video-assist-5-12g-sdi-hdmi-hdr-recording-monitor\/","title":{"rendered":"Blackmagic Design Video Assist 5&#8243; 12G-SDI\/HDMI HDR Recording Monitor"},"content":{"rendered":"<div data-selenium=\"sellingPointsTitle\">El Video Assist 5&#8243; 12G es un monitor de grabaci\u00f3n HDR que permite conectar y grabar el video de salida de cualquier c\u00e1mara profesional o dom\u00e9stica con entradas 12G-SDI y HDMI. Tiene una pantalla t\u00e1ctil LCD de 5 pulgadas, 1920 x 1080 con un brillo de 2500 cd\/m\u00b2 para ayudarte a encuadrar y enfocar tus tomas. Puedes grabar y monitorear video HDR hasta DCI 4K, UHD 4K, 2K o HD 10-bit 4:2:2, y hasta 16 canales de audio integrado de 24-bit 48 kHz. Tambi\u00e9n puedes grabar en formato Blackmagic Raw con algunas c\u00e1maras seleccionadas de Canon, FUJIFILM, Nikon, Panasonic y SIGMA. Adem\u00e1s, incluye el software Media Express para gestionar la captura desde dispositivos externos y el firmware se actualiza a trav\u00e9s de una conexi\u00f3n USB.<\/div>\n<div data-selenium=\"sellingPointsTitle\"><\/div>\n<div class=\"title_OMS5rN7R1Z\">\n<div class=\"text_TAw0W35QK_ comfy_TAw0W35QK_ sizeTitle4_TAw0W35QK_ weightBold_TAw0W35QK_ primary_i3MsQsqoe0\" data-selenium=\"sellingPointsTitle\"><strong>Caracter\u00edsticas principales:\u00a0<\/strong><\/div>\n<\/div>\n<ul class=\"list_OMS5rN7R1Z\">\n<li class=\"listItem_OMS5rN7R1Z\" data-selenium=\"sellingPointsListItem\">Pantalla t\u00e1ctil LCD de 5&#8243; 1920 x 1080<\/li>\n<li class=\"listItem_OMS5rN7R1Z\" data-selenium=\"sellingPointsListItem\">Graba v\u00eddeo hasta DCI o UHD 4K HDR<\/li>\n<li class=\"listItem_OMS5rN7R1Z\" data-selenium=\"sellingPointsListItem\">Entradas y salidas de v\u00eddeo HDMI y 12G-SDI<\/li>\n<li class=\"listItem_OMS5rN7R1Z\" data-selenium=\"sellingPointsListItem\">Codificaci\u00f3n ProRes y DNxHD de 10 bits, 4:2:2<\/li>\n<li class=\"listItem_OMS5rN7R1Z\" data-selenium=\"sellingPointsListItem\">Blackmagic Raw con c\u00e1maras seleccionadas<\/li>\n<li class=\"listItem_OMS5rN7R1Z\" data-selenium=\"sellingPointsListItem\">LUT 3D, brillo de 2500 cd\/m\u00b2<\/li>\n<li class=\"listItem_OMS5rN7R1Z\" data-selenium=\"sellingPointsListItem\">Se almacena en una \u00fanica ranura de memoria SDHC\/XC<\/li>\n<li class=\"listItem_OMS5rN7R1Z\" data-selenium=\"sellingPointsListItem\">Histograma, forma de onda, vectorscopio<\/li>\n<li class=\"listItem_OMS5rN7R1Z\" data-selenium=\"sellingPointsListItem\">Ranuras dobles para bater\u00eda serie L, adaptador de CA<\/li>\n<\/ul>\n","protected":false},"excerpt":{"rendered":"<p>HYPERD\/AVIDA12\/5HDR<\/p>\n","protected":false},"featured_media":2069,"template":"","meta":{"om_disable_all_campaigns":false},"pwb-brand":[],"product_brand":[],"product_cat":[71,63,238],"product_tag":[223],"class_list":{"0":"post-2068","1":"product","2":"type-product","3":"status-publish","4":"has-post-thumbnail","6":"product_cat-blackmagic-design","7":"product_cat-monitors-multiview","8":"product_cat-recorders","9":"product_tag-hyperd-avida12-5hdr","11":"first","12":"onbackorder","13":"shipping-taxable","14":"product-type-simple"},"aioseo_notices":[],"jetpack_sharing_enabled":true,"brands":[],"_links":{"self":[{"href":"https:\/\/proservice.com.ar\/index.php\/wp-json\/wp\/v2\/product\/2068","targetHints":{"allow":["GET"]}}],"collection":[{"href":"https:\/\/proservice.com.ar\/index.php\/wp-json\/wp\/v2\/product"}],"about":[{"href":"https:\/\/proservice.com.ar\/index.php\/wp-json\/wp\/v2\/types\/product"}],"wp:featuredmedia":[{"embeddable":true,"href":"https:\/\/proservice.com.ar\/index.php\/wp-json\/wp\/v2\/media\/2069"}],"wp:attachment":[{"href":"https:\/\/proservice.com.ar\/index.php\/wp-json\/wp\/v2\/media?parent=2068"}],"wp:term":[{"taxonomy":"pwb-brand","embeddable":true,"href":"https:\/\/proservice.com.ar\/index.php\/wp-json\/wp\/v2\/pwb-brand?post=2068"},{"taxonomy":"product_brand","embeddable":true,"href":"https:\/\/proservice.com.ar\/index.php\/wp-json\/wp\/v2\/product_brand?post=2068"},{"taxonomy":"product_cat","embeddable":true,"href":"https:\/\/proservice.com.ar\/index.php\/wp-json\/wp\/v2\/product_cat?post=2068"},{"taxonomy":"product_tag","embeddable":true,"href":"https:\/\/proservice.com.ar\/index.php\/wp-json\/wp\/v2\/product_tag?post=2068"}],"curies":[{"name":"wp","href":"https:\/\/api.w.org\/{rel}","templated":true}]}}