{"id":2099,"date":"2023-05-02T12:05:37","date_gmt":"2023-05-02T16:05:37","guid":{"rendered":"https:\/\/proservice.com.ar\/?post_type=product&#038;p=2099"},"modified":"2025-04-14T14:35:35","modified_gmt":"2025-04-14T17:35:35","slug":"blackmagic-design-gpi-tally-interface-for-atem-production-switchers","status":"publish","type":"product","link":"https:\/\/proservice.com.ar\/index.php\/product\/blackmagic-design-gpi-tally-interface-for-atem-production-switchers\/","title":{"rendered":"Blackmagic Design GPI &#038; Tally Interface for ATEM Production Switchers"},"content":{"rendered":"<div class=\"title_OMS5rN7R1Z\">\n<div data-selenium=\"sellingPointsTitle\">El producto GPI &amp; Tally Interface es una interfaz de GPI y Tally dise\u00f1ada para mostrar indicadores luminosos que se\u00f1alan el estado de las se\u00f1ales de video. Se conecta a los switchers ATEM y a los routers Videohub de Blackmagic Design, y ofrece 8 entradas y 8 salidas de cierre de contactos. Adem\u00e1s, se puede usar con varias interfaces para aumentar el n\u00famero de entradas y salidas. Es un dispositivo \u00fatil para controlar la producci\u00f3n en directo y la distribuci\u00f3n de video. Se configura mediante el programa ATEM Switcher Utility y se actualiza el firmware a trav\u00e9s de una conexi\u00f3n USB.<\/div>\n<div data-selenium=\"sellingPointsTitle\"><\/div>\n<div class=\"text_TAw0W35QK_ comfy_TAw0W35QK_ sizeTitle4_TAw0W35QK_ weightBold_TAw0W35QK_ primary_i3MsQsqoe0\" data-selenium=\"sellingPointsTitle\"><strong>Caracter\u00edsticas principales:\u00a0<\/strong><\/div>\n<\/div>\n<ul class=\"list_OMS5rN7R1Z\">\n<li class=\"listItem_OMS5rN7R1Z\" data-selenium=\"sellingPointsListItem\">Muestra recuentos de se\u00f1ales de v\u00eddeo<\/li>\n<li class=\"listItem_OMS5rN7R1Z\" data-selenium=\"sellingPointsListItem\">Indica el estado al aire<\/li>\n<li class=\"listItem_OMS5rN7R1Z\" data-selenium=\"sellingPointsListItem\">Para conmutadores ATEM\/enrutadores Videohub<\/li>\n<li class=\"listItem_OMS5rN7R1Z\" data-selenium=\"sellingPointsListItem\">8 entradas y salidas de cierre de contacto<\/li>\n<li class=\"listItem_OMS5rN7R1Z\" data-selenium=\"sellingPointsListItem\">Se conecta con m\u00faltiples interfaces<\/li>\n<\/ul>\n","protected":false},"excerpt":{"rendered":"<p>SWTALGPI8<\/p>\n","protected":false},"featured_media":2100,"template":"","meta":{"om_disable_all_campaigns":false},"pwb-brand":[],"product_brand":[],"product_cat":[71,57],"product_tag":[],"class_list":{"0":"post-2099","1":"product","2":"type-product","3":"status-publish","4":"has-post-thumbnail","6":"product_cat-blackmagic-design","7":"product_cat-converter","9":"first","10":"onbackorder","11":"shipping-taxable","12":"product-type-simple"},"aioseo_notices":[],"jetpack_sharing_enabled":true,"brands":[],"_links":{"self":[{"href":"https:\/\/proservice.com.ar\/index.php\/wp-json\/wp\/v2\/product\/2099","targetHints":{"allow":["GET"]}}],"collection":[{"href":"https:\/\/proservice.com.ar\/index.php\/wp-json\/wp\/v2\/product"}],"about":[{"href":"https:\/\/proservice.com.ar\/index.php\/wp-json\/wp\/v2\/types\/product"}],"wp:featuredmedia":[{"embeddable":true,"href":"https:\/\/proservice.com.ar\/index.php\/wp-json\/wp\/v2\/media\/2100"}],"wp:attachment":[{"href":"https:\/\/proservice.com.ar\/index.php\/wp-json\/wp\/v2\/media?parent=2099"}],"wp:term":[{"taxonomy":"pwb-brand","embeddable":true,"href":"https:\/\/proservice.com.ar\/index.php\/wp-json\/wp\/v2\/pwb-brand?post=2099"},{"taxonomy":"product_brand","embeddable":true,"href":"https:\/\/proservice.com.ar\/index.php\/wp-json\/wp\/v2\/product_brand?post=2099"},{"taxonomy":"product_cat","embeddable":true,"href":"https:\/\/proservice.com.ar\/index.php\/wp-json\/wp\/v2\/product_cat?post=2099"},{"taxonomy":"product_tag","embeddable":true,"href":"https:\/\/proservice.com.ar\/index.php\/wp-json\/wp\/v2\/product_tag?post=2099"}],"curies":[{"name":"wp","href":"https:\/\/api.w.org\/{rel}","templated":true}]}}