{"id":2115,"date":"2023-05-02T12:17:04","date_gmt":"2023-05-02T16:17:04","guid":{"rendered":"https:\/\/proservice.com.ar\/?post_type=product&#038;p=2115"},"modified":"2025-05-27T15:16:06","modified_gmt":"2025-05-27T18:16:06","slug":"blackmagic-design-hyperdeck-extreme-8k-hdr","status":"publish","type":"product","link":"https:\/\/proservice.com.ar\/index.php\/product\/blackmagic-design-hyperdeck-extreme-8k-hdr\/","title":{"rendered":"Blackmagic Design HyperDeck Extreme 8K HDR"},"content":{"rendered":"<div class=\"title_OMS5rN7R1Z\">\n<div data-selenium=\"sellingPointsTitle\">El HyperDeck Extreme 8K es un grabador de 8K que cuenta con una gran pantalla con controles t\u00e1ctiles est\u00e1ndar para ver las grabaciones. Tambi\u00e9n tiene controles f\u00edsicos en su lado izquierdo y dos ranuras para tarjetas CFast en el derecho. Idealmente, se usar\u00eda junto con el controlador de decks opcional HyperDeck Extreme Control, que proporciona funciones de control tradicionales con un editor integrado para automatizar la ingesta de programas basados en cintas de video antiguas. Ambos tienen el mismo tama\u00f1o de 3 RU y medio rack de ancho y se pueden instalar uno al lado del otro en un rack y combinarlos en un deck de transmisi\u00f3n tradicional para un flujo de trabajo completo.<\/div>\n<div data-selenium=\"sellingPointsTitle\"><\/div>\n<div class=\"text_TAw0W35QK_ comfy_TAw0W35QK_ sizeTitle4_TAw0W35QK_ weightBold_TAw0W35QK_ primary_i3MsQsqoe0\" data-selenium=\"sellingPointsTitle\"><strong>Caracter\u00edsticas principales:\u00a0<\/strong><\/div>\n<\/div>\n<ul class=\"list_OMS5rN7R1Z\">\n<li class=\"listItem_OMS5rN7R1Z\" data-selenium=\"sellingPointsListItem\">LCD grande con controles de plataforma con pantalla t\u00e1ctil<\/li>\n<li class=\"listItem_OMS5rN7R1Z\" data-selenium=\"sellingPointsListItem\">Controles f\u00edsicos, dos ranuras para tarjetas CFast<\/li>\n<li class=\"listItem_OMS5rN7R1Z\" data-selenium=\"sellingPointsListItem\">Cu\u00e1druple 12G-SDI, HDMI y anal\u00f3gico heredado<\/li>\n<li class=\"listItem_OMS5rN7R1Z\" data-selenium=\"sellingPointsListItem\">Puerto de disco USB tipo C r\u00e1pido;\u00a0Ethernet 10G<\/li>\n<li class=\"listItem_OMS5rN7R1Z\" data-selenium=\"sellingPointsListItem\">Ranura para tarjeta de cach\u00e9 PCIe<\/li>\n<li class=\"listItem_OMS5rN7R1Z\" data-selenium=\"sellingPointsListItem\">Grabaci\u00f3n\/reproducci\u00f3n H.265, compatibilidad con ProRes<\/li>\n<li class=\"listItem_OMS5rN7R1Z\" data-selenium=\"sellingPointsListItem\">Rec.\u00a0Soporte 2020\/709, alcances HDR<\/li>\n<li class=\"listItem_OMS5rN7R1Z\" data-selenium=\"sellingPointsListItem\">Detecci\u00f3n autom\u00e1tica HDR SDI\/HDMI<\/li>\n<li class=\"listItem_OMS5rN7R1Z\" data-selenium=\"sellingPointsListItem\">SDI multicanal y audio anal\u00f3gico<\/li>\n<li class=\"listItem_OMS5rN7R1Z\" data-selenium=\"sellingPointsListItem\">Cargar y guardar LUT 3D<\/li>\n<\/ul>\n","protected":false},"excerpt":{"rendered":"<p>HYPERD\/RSTEX8KHDR<\/p>\n","protected":false},"featured_media":2116,"template":"","meta":{"om_disable_all_campaigns":false},"pwb-brand":[],"product_brand":[],"product_cat":[71,63,238],"product_tag":[235],"class_list":{"0":"post-2115","1":"product","2":"type-product","3":"status-publish","4":"has-post-thumbnail","6":"product_cat-blackmagic-design","7":"product_cat-monitors-multiview","8":"product_cat-recorders","9":"product_tag-hyperd-rstex8khdr","11":"first","12":"onbackorder","13":"shipping-taxable","14":"product-type-simple"},"aioseo_notices":[],"jetpack_sharing_enabled":true,"brands":[],"_links":{"self":[{"href":"https:\/\/proservice.com.ar\/index.php\/wp-json\/wp\/v2\/product\/2115","targetHints":{"allow":["GET"]}}],"collection":[{"href":"https:\/\/proservice.com.ar\/index.php\/wp-json\/wp\/v2\/product"}],"about":[{"href":"https:\/\/proservice.com.ar\/index.php\/wp-json\/wp\/v2\/types\/product"}],"wp:featuredmedia":[{"embeddable":true,"href":"https:\/\/proservice.com.ar\/index.php\/wp-json\/wp\/v2\/media\/2116"}],"wp:attachment":[{"href":"https:\/\/proservice.com.ar\/index.php\/wp-json\/wp\/v2\/media?parent=2115"}],"wp:term":[{"taxonomy":"pwb-brand","embeddable":true,"href":"https:\/\/proservice.com.ar\/index.php\/wp-json\/wp\/v2\/pwb-brand?post=2115"},{"taxonomy":"product_brand","embeddable":true,"href":"https:\/\/proservice.com.ar\/index.php\/wp-json\/wp\/v2\/product_brand?post=2115"},{"taxonomy":"product_cat","embeddable":true,"href":"https:\/\/proservice.com.ar\/index.php\/wp-json\/wp\/v2\/product_cat?post=2115"},{"taxonomy":"product_tag","embeddable":true,"href":"https:\/\/proservice.com.ar\/index.php\/wp-json\/wp\/v2\/product_tag?post=2115"}],"curies":[{"name":"wp","href":"https:\/\/api.w.org\/{rel}","templated":true}]}}