{"id":2434,"date":"2023-06-21T14:06:30","date_gmt":"2023-06-21T18:06:30","guid":{"rendered":"https:\/\/proservice.com.ar\/?post_type=product&#038;p=2434"},"modified":"2025-09-11T13:23:48","modified_gmt":"2025-09-11T16:23:48","slug":"lumantek-sdi-to-hdmi-converter-with-display-and-scaler","status":"publish","type":"product","link":"https:\/\/proservice.com.ar\/index.php\/product\/lumantek-sdi-to-hdmi-converter-with-display-and-scaler\/","title":{"rendered":"Lumantek SDI to HDMI Converter with Display and Scaler"},"content":{"rendered":"<div class=\"title_OMS5rN7R1Z\">\n<div data-selenium=\"sellingPointsTitle\">El\u00a0convertidor SDI a HDMI\u00a0de\u00a0Lumantek\u00a0acepta una se\u00f1al SD, HD o 3G-SDI y la convierte en una se\u00f1al HDMI.\u00a0Con una pantalla LCD TFT de 2,7&#8243;, el convertidor le permite controlar la resoluci\u00f3n de entrada y salida, la longitud del cable y el patr\u00f3n de ojos al mismo tiempo. Puede cambiar la resoluci\u00f3n del v\u00eddeo entrante a cualquier resoluci\u00f3n que vaya desde 480i a 1080p60 con el convertidor de 6 polos. interruptor DIP, adem\u00e1s de elegir entre una relaci\u00f3n de aspecto de 16:9 y 4:3 y controlar el brillo de la pantalla LCD.<\/div>\n<\/div>\n<div data-selenium=\"sellingPointsTitle\"><\/div>\n<div data-selenium=\"sellingPointsTitle\"><\/div>\n<div class=\"title_OMS5rN7R1Z\">\n<div class=\"text_TAw0W35QK_ comfy_TAw0W35QK_ sizeTitle4_TAw0W35QK_ weightBold_TAw0W35QK_ primary_i3MsQsqoe0\" data-selenium=\"sellingPointsTitle\"><strong><span style=\"color: #000000\">Caracter\u00edsticas principales:\u00a0<\/span><\/strong><\/div>\n<\/div>\n<ul class=\"list_OMS5rN7R1Z\">\n<li class=\"listItem_OMS5rN7R1Z\" data-selenium=\"sellingPointsListItem\">Entrada SD\/HD\/3G-SDI<\/li>\n<li class=\"listItem_OMS5rN7R1Z\" data-selenium=\"sellingPointsListItem\">Salidas de bucle HDMI y SDI<\/li>\n<li class=\"listItem_OMS5rN7R1Z\" data-selenium=\"sellingPointsListItem\">Salidas de hasta 1080p60<\/li>\n<li class=\"listItem_OMS5rN7R1Z\" data-selenium=\"sellingPointsListItem\">Pantalla LCD TFT de 2,7&#8243;<\/li>\n<li class=\"listItem_OMS5rN7R1Z\" data-selenium=\"sellingPointsListItem\">Control de proporci\u00f3n de pantalla<\/li>\n<li class=\"listItem_OMS5rN7R1Z\" data-selenium=\"sellingPointsListItem\">Detecta la longitud del cable autom\u00e1ticamente<\/li>\n<li class=\"listItem_OMS5rN7R1Z\" data-selenium=\"sellingPointsListItem\">Bajo consumo de energ\u00eda<\/li>\n<li class=\"listItem_OMS5rN7R1Z\" data-selenium=\"sellingPointsListItem\">Montaje en pared<\/li>\n<\/ul>\n","protected":false},"excerpt":{"rendered":"<p>EZ-SHV+<\/p>\n","protected":false},"featured_media":3631,"template":"","meta":{"om_disable_all_campaigns":false},"pwb-brand":[],"product_brand":[],"product_cat":[57,337],"product_tag":[409,338],"class_list":{"0":"post-2434","1":"product","2":"type-product","3":"status-publish","4":"has-post-thumbnail","6":"product_cat-converter","7":"product_cat-lumantek","8":"product_tag-ez-shv","9":"product_tag-lumantek-sdi-to-hdmi-converter-with-display-and-scaler","11":"first","12":"onbackorder","13":"shipping-taxable","14":"product-type-simple"},"aioseo_notices":[],"jetpack_sharing_enabled":true,"brands":[],"_links":{"self":[{"href":"https:\/\/proservice.com.ar\/index.php\/wp-json\/wp\/v2\/product\/2434","targetHints":{"allow":["GET"]}}],"collection":[{"href":"https:\/\/proservice.com.ar\/index.php\/wp-json\/wp\/v2\/product"}],"about":[{"href":"https:\/\/proservice.com.ar\/index.php\/wp-json\/wp\/v2\/types\/product"}],"wp:featuredmedia":[{"embeddable":true,"href":"https:\/\/proservice.com.ar\/index.php\/wp-json\/wp\/v2\/media\/3631"}],"wp:attachment":[{"href":"https:\/\/proservice.com.ar\/index.php\/wp-json\/wp\/v2\/media?parent=2434"}],"wp:term":[{"taxonomy":"pwb-brand","embeddable":true,"href":"https:\/\/proservice.com.ar\/index.php\/wp-json\/wp\/v2\/pwb-brand?post=2434"},{"taxonomy":"product_brand","embeddable":true,"href":"https:\/\/proservice.com.ar\/index.php\/wp-json\/wp\/v2\/product_brand?post=2434"},{"taxonomy":"product_cat","embeddable":true,"href":"https:\/\/proservice.com.ar\/index.php\/wp-json\/wp\/v2\/product_cat?post=2434"},{"taxonomy":"product_tag","embeddable":true,"href":"https:\/\/proservice.com.ar\/index.php\/wp-json\/wp\/v2\/product_tag?post=2434"}],"curies":[{"name":"wp","href":"https:\/\/api.w.org\/{rel}","templated":true}]}}