{"id":2556,"date":"2023-09-04T13:50:09","date_gmt":"2023-09-04T17:50:09","guid":{"rendered":"https:\/\/proservice.com.ar\/?post_type=product&#038;p=2556"},"modified":"2025-09-11T13:23:23","modified_gmt":"2025-09-11T16:23:23","slug":"marshall-electronics-cv504-full-hd-micro-pov-camera","status":"publish","type":"product","link":"https:\/\/proservice.com.ar\/index.php\/product\/marshall-electronics-cv504-full-hd-micro-pov-camera\/","title":{"rendered":"Marshall Electronics CV504 Full HD Micro POV Camera"},"content":{"rendered":"<div class=\"title_OMS5rN7R1Z\">\n<div data-selenium=\"sellingPointsTitle\">\n<p>La\u00a0c\u00e1mara Micro POV Marshall CV504 Full HD\u00a0est\u00e1 dise\u00f1ada pensando en los profesionales y ofrece videos n\u00edtidos que se adaptan a las necesidades individuales de producciones grandes y peque\u00f1as.\u00a0La c\u00e1mara est\u00e1 construida alrededor de un sensor CMOS Sony de 1\/2.8&#8243; y 2.2MP de pr\u00f3xima generaci\u00f3n capaz de grabar im\u00e1genes a hasta 60 fps en situaciones de poca luz con una rica precisi\u00f3n de color a trav\u00e9s de una salida 3G-SDI. El sistema de lentes intercambiables M12 de Marshall ofrece una variedad de distancias focales para opciones principales y variables. Se incluye una lente principal M12 de 4 mm con un \u00e1ngulo de visi\u00f3n horizontal de 85\u00b0.<\/p>\n<p>Adaptarse a diferentes entornos y sus requisitos es f\u00e1cil con la configuraci\u00f3n altamente personalizable de la c\u00e1mara, que se puede ajustar con un controlador Marshall opcional, el software Camera Control u otro sistema de terceros (disponible por separado).\u00a0Las longitudes de onda infrarrojas se capturan en el modo nocturno, lo que mantiene la alta definici\u00f3n del CV504 en una oscuridad casi total.\u00a0Estas funciones de alta fidelidad est\u00e1n protegidas por una carcasa duradera de aleaci\u00f3n de aluminio que es compacta y liviana.<\/p>\n<\/div>\n<div class=\"text_TAw0W35QK_ comfy_TAw0W35QK_ sizeTitle4_TAw0W35QK_ weightBold_TAw0W35QK_ primary_i3MsQsqoe0\" data-selenium=\"sellingPointsTitle\"><strong><span style=\"color: #000000\">Caracter\u00edsticas principales:\u00a0<\/span><\/strong><\/div>\n<\/div>\n<ul class=\"list_OMS5rN7R1Z\">\n<li class=\"listItem_OMS5rN7R1Z\" data-selenium=\"sellingPointsListItem\">C\u00e1mara POV compacta<\/li>\n<li class=\"listItem_OMS5rN7R1Z\" data-selenium=\"sellingPointsListItem\">Sensor CMOS Sony de 1\/2,8&#8243;<\/li>\n<li class=\"listItem_OMS5rN7R1Z\" data-selenium=\"sellingPointsListItem\">Campo de visi\u00f3n horizontal de 85\u00b0<\/li>\n<li class=\"listItem_OMS5rN7R1Z\" data-selenium=\"sellingPointsListItem\">Hasta 1080p60 a trav\u00e9s de 3G-SDI<\/li>\n<li class=\"listItem_OMS5rN7R1Z\" data-selenium=\"sellingPointsListItem\">Modo IR para entornos con poca luz<\/li>\n<\/ul>\n","protected":false},"excerpt":{"rendered":"<p>CV504<\/p>\n","protected":false},"featured_media":5405,"template":"","meta":{"om_disable_all_campaigns":false},"pwb-brand":[],"product_brand":[],"product_cat":[15,81],"product_tag":[355],"class_list":{"0":"post-2556","1":"product","2":"type-product","3":"status-publish","4":"has-post-thumbnail","6":"product_cat-camera","7":"product_cat-marshall","8":"product_tag-cv504","10":"first","11":"onbackorder","12":"shipping-taxable","13":"product-type-simple"},"aioseo_notices":[],"jetpack_sharing_enabled":true,"brands":[],"_links":{"self":[{"href":"https:\/\/proservice.com.ar\/index.php\/wp-json\/wp\/v2\/product\/2556","targetHints":{"allow":["GET"]}}],"collection":[{"href":"https:\/\/proservice.com.ar\/index.php\/wp-json\/wp\/v2\/product"}],"about":[{"href":"https:\/\/proservice.com.ar\/index.php\/wp-json\/wp\/v2\/types\/product"}],"wp:featuredmedia":[{"embeddable":true,"href":"https:\/\/proservice.com.ar\/index.php\/wp-json\/wp\/v2\/media\/5405"}],"wp:attachment":[{"href":"https:\/\/proservice.com.ar\/index.php\/wp-json\/wp\/v2\/media?parent=2556"}],"wp:term":[{"taxonomy":"pwb-brand","embeddable":true,"href":"https:\/\/proservice.com.ar\/index.php\/wp-json\/wp\/v2\/pwb-brand?post=2556"},{"taxonomy":"product_brand","embeddable":true,"href":"https:\/\/proservice.com.ar\/index.php\/wp-json\/wp\/v2\/product_brand?post=2556"},{"taxonomy":"product_cat","embeddable":true,"href":"https:\/\/proservice.com.ar\/index.php\/wp-json\/wp\/v2\/product_cat?post=2556"},{"taxonomy":"product_tag","embeddable":true,"href":"https:\/\/proservice.com.ar\/index.php\/wp-json\/wp\/v2\/product_tag?post=2556"}],"curies":[{"name":"wp","href":"https:\/\/api.w.org\/{rel}","templated":true}]}}