{"id":2770,"date":"2023-09-11T14:06:19","date_gmt":"2023-09-11T18:06:19","guid":{"rendered":"https:\/\/proservice.com.ar\/?post_type=product&#038;p=2770"},"modified":"2026-04-01T11:40:02","modified_gmt":"2026-04-01T14:40:02","slug":"blackmagic-design-ultimatte-12-hd-mini-keyer-advanced-compositing-processor","status":"publish","type":"product","link":"https:\/\/proservice.com.ar\/index.php\/product\/blackmagic-design-ultimatte-12-hd-mini-keyer-advanced-compositing-processor\/","title":{"rendered":"Blackmagic Design Ultimatte 12 HD Mini Keyer\/Advanced Compositing Processor"},"content":{"rendered":"<div data-selenium=\"sellingPointsTitle\">Este modelo Ultimatte 12 HD Mini dise\u00f1ado para crear escenarios virtuales de \u00faltima generaci\u00f3n con c\u00e1maras de consumo masivo. Las conexiones HDMI son ideales para unidades Blackmagic Studio Camera y Pocket Cinema Camera o mezcladores ATEM Mini. Adem\u00e1s, incluye una memoria interna de 6 GB que permite generar sets virtuales a partir de im\u00e1genes renderizadas previamente, as\u00ed como nuevos algoritmos y una colorimetr\u00eda de gran calidad, a fin de conseguir composiciones con una apariencia verdaderamente aut\u00e9ntica.<\/div>\n<div data-selenium=\"sellingPointsTitle\"><\/div>\n<div class=\"title_OMS5rN7R1Z\">\n<div class=\"text_TAw0W35QK_ comfy_TAw0W35QK_ sizeTitle4_TAw0W35QK_ weightBold_TAw0W35QK_ primary_i3MsQsqoe0\" data-selenium=\"sellingPointsTitle\"><strong>Caracter\u00edsticas principales:\u00a0<\/strong><\/div>\n<\/div>\n<ul class=\"list_OMS5rN7R1Z\">\n<li class=\"listItem_OMS5rN7R1Z\" data-selenium=\"sellingPointsListItem\">Hasta 1080p60 a trav\u00e9s de HDMI<\/li>\n<li class=\"listItem_OMS5rN7R1Z\" data-selenium=\"sellingPointsListItem\">Incrustaci\u00f3n con 1 toque, composici\u00f3n avanzada<\/li>\n<li class=\"listItem_OMS5rN7R1Z\" data-selenium=\"sellingPointsListItem\">Entrada de monitor SD\/HD\/3G-SDI para cascada<\/li>\n<li class=\"listItem_OMS5rN7R1Z\" data-selenium=\"sellingPointsListItem\">2 entradas HDMI<\/li>\n<li class=\"listItem_OMS5rN7R1Z\" data-selenium=\"sellingPointsListItem\">Salidas de monitor y programa SDI y HDMI<\/li>\n<li class=\"listItem_OMS5rN7R1Z\" data-selenium=\"sellingPointsListItem\">Realidad aumentada realista con tintes<\/li>\n<li class=\"listItem_OMS5rN7R1Z\" data-selenium=\"sellingPointsListItem\">Algoritmos avanzados y ciencia del color<\/li>\n<li class=\"listItem_OMS5rN7R1Z\" data-selenium=\"sellingPointsListItem\">Mejor fidelidad de color\/bordes\/transiciones<\/li>\n<li class=\"listItem_OMS5rN7R1Z\" data-selenium=\"sellingPointsListItem\">Funciona con Ultimatte Smart Remote 4<\/li>\n<li class=\"listItem_OMS5rN7R1Z\" data-selenium=\"sellingPointsListItem\">1 RU de altura, 1\/3 de ancho de bastidor<\/li>\n<\/ul>\n","protected":false},"excerpt":{"rendered":"<p>ULTMKEY12\/A\/HDM<\/p>\n","protected":false},"featured_media":2772,"template":"","meta":{"om_disable_all_campaigns":false},"pwb-brand":[],"product_brand":[],"product_cat":[71,58],"product_tag":[378],"class_list":{"0":"post-2770","1":"product","2":"type-product","3":"status-publish","4":"has-post-thumbnail","6":"product_cat-blackmagic-design","7":"product_cat-chroma-key","8":"product_tag-ultmkey12-a-hdm","10":"first","11":"instock","12":"sale","13":"shipping-taxable","14":"purchasable","15":"product-type-simple"},"aioseo_notices":[],"jetpack_sharing_enabled":true,"brands":[],"_links":{"self":[{"href":"https:\/\/proservice.com.ar\/index.php\/wp-json\/wp\/v2\/product\/2770","targetHints":{"allow":["GET"]}}],"collection":[{"href":"https:\/\/proservice.com.ar\/index.php\/wp-json\/wp\/v2\/product"}],"about":[{"href":"https:\/\/proservice.com.ar\/index.php\/wp-json\/wp\/v2\/types\/product"}],"wp:featuredmedia":[{"embeddable":true,"href":"https:\/\/proservice.com.ar\/index.php\/wp-json\/wp\/v2\/media\/2772"}],"wp:attachment":[{"href":"https:\/\/proservice.com.ar\/index.php\/wp-json\/wp\/v2\/media?parent=2770"}],"wp:term":[{"taxonomy":"pwb-brand","embeddable":true,"href":"https:\/\/proservice.com.ar\/index.php\/wp-json\/wp\/v2\/pwb-brand?post=2770"},{"taxonomy":"product_brand","embeddable":true,"href":"https:\/\/proservice.com.ar\/index.php\/wp-json\/wp\/v2\/product_brand?post=2770"},{"taxonomy":"product_cat","embeddable":true,"href":"https:\/\/proservice.com.ar\/index.php\/wp-json\/wp\/v2\/product_cat?post=2770"},{"taxonomy":"product_tag","embeddable":true,"href":"https:\/\/proservice.com.ar\/index.php\/wp-json\/wp\/v2\/product_tag?post=2770"}],"curies":[{"name":"wp","href":"https:\/\/api.w.org\/{rel}","templated":true}]}}