{"id":2821,"date":"2023-09-11T14:43:22","date_gmt":"2023-09-11T17:43:22","guid":{"rendered":"https:\/\/proservice.com.ar\/?post_type=product&#038;p=2821"},"modified":"2025-05-27T15:03:13","modified_gmt":"2025-05-27T18:03:13","slug":"hollyland-syscom-421s-4-transmitter-1800-a-v-transmission-system","status":"publish","type":"product","link":"https:\/\/proservice.com.ar\/index.php\/product\/hollyland-syscom-421s-4-transmitter-1800-a-v-transmission-system\/","title":{"rendered":"Hollyland Syscom 421S 4-Transmitter 1800&#8242; A\/V Transmission System"},"content":{"rendered":"<div class=\"title_OMS5rN7R1Z\">\n<div class=\"text_TAw0W35QK_ comfy_TAw0W35QK_ sizeTitle4_TAw0W35QK_ weightBold_TAw0W35QK_ primary_i3MsQsqoe0\" data-selenium=\"sellingPointsTitle\">\n<div class=\"title_OMS5rN7R1Z\">\n<div data-selenium=\"sellingPointsTitle\">\n<p>Es un sistema de transmisi\u00f3n de video inal\u00e1mbrico multic\u00e1mara que se comunica con hasta cuatro c\u00e1maras usando un solo receptor con control PTZ y tally. Al admitir se\u00f1ales de video de hasta 1080p60 a trav\u00e9s de SDI y HDMI, el sistema transmisor\/receptor ofrece un rango de transmisi\u00f3n de l\u00ednea de visi\u00f3n de 1800&#8242; con una latencia de 0,07 segundos.\u00a0El sistema 421S tambi\u00e9n admite transferencia Ethernet, por lo que puede transmitir directamente a trav\u00e9s de RTSP a Internet.<\/p>\n<p>El receptor cuenta con cuatro salidas SDI y cuatro HDMI (una para cada transmisor) para conectar a un monitor o conmutador.\u00a0Puede controlar c\u00e1maras PTZ a trav\u00e9s de conexiones serie IP o RS-422\/485.\u00a0Los transmisores tienen un puerto de salida Tally dedicado que admite luces Tally opcionales.\u00a0Ambas unidades tambi\u00e9n tienen una pantalla OLED que confirma la resoluci\u00f3n, el canal de transmisi\u00f3n, la intensidad de la se\u00f1al y otros detalles como la carga de la bater\u00eda.\u00a0Cada transmisor tiene una placa de bater\u00eda de la serie L y el receptor tiene una placa de bater\u00eda de montaje en V.\u00a0Tanto los transmisores como el receptor tambi\u00e9n cuentan con una entrada de alimentaci\u00f3n de 2 pines para opciones alternativas de alimentaci\u00f3n de CC.<\/p>\n<\/div>\n<div data-selenium=\"sellingPointsTitle\"><\/div>\n<div class=\"text_TAw0W35QK_ comfy_TAw0W35QK_ sizeTitle4_TAw0W35QK_ weightBold_TAw0W35QK_ primary_i3MsQsqoe0\" data-selenium=\"sellingPointsTitle\"><span style=\"color: #000000;\"><strong>Caracter\u00edsticas Principales:\u00a0<\/strong><\/span><\/div>\n<\/div>\n<ul class=\"list_OMS5rN7R1Z\">\n<li class=\"listItem_OMS5rN7R1Z\" data-selenium=\"sellingPointsListItem\">Sistema de control y transmisor multileva<\/li>\n<li class=\"listItem_OMS5rN7R1Z\" data-selenium=\"sellingPointsListItem\">Transmisor\/receptor 1080p60 Alcance de 1800&#8242;<\/li>\n<li class=\"listItem_OMS5rN7R1Z\" data-selenium=\"sellingPointsListItem\">4 x transmisores a 1 x receptor<\/li>\n<li class=\"listItem_OMS5rN7R1Z\" data-selenium=\"sellingPointsListItem\">Entrada y salida SDI\/HDMI<\/li>\n<li class=\"listItem_OMS5rN7R1Z\" data-selenium=\"sellingPointsListItem\">Paso de Ethernet para transmisi\u00f3n RTSP<\/li>\n<li class=\"listItem_OMS5rN7R1Z\" data-selenium=\"sellingPointsListItem\">0,07 segunda latencia<\/li>\n<li class=\"listItem_OMS5rN7R1Z\" data-selenium=\"sellingPointsListItem\">Control de c\u00e1mara PTZ IP\/RS-422\/485<\/li>\n<li class=\"listItem_OMS5rN7R1Z\" data-selenium=\"sellingPointsListItem\">Admite luces Tally y Tally<\/li>\n<li class=\"listItem_OMS5rN7R1Z\" data-selenium=\"sellingPointsListItem\">Placas de bater\u00eda incorporadas<\/li>\n<\/ul>\n<\/div>\n<\/div>\n<div class=\"title_PCPNqBQRJv\"><\/div>\n<div class=\"group_fDXOr6EpR9\"><\/div>\n","protected":false},"excerpt":{"rendered":"<p>HL-SOLIDCOM M1-8B<\/p>\n","protected":false},"featured_media":2825,"template":"","meta":{"om_disable_all_campaigns":false},"pwb-brand":[],"product_brand":[],"product_cat":[77,424],"product_tag":[388],"class_list":{"0":"post-2821","1":"product","2":"type-product","3":"status-publish","4":"has-post-thumbnail","6":"product_cat-hollyland","7":"product_cat-wireless-video","8":"product_tag-hl-syscom421s","10":"first","11":"onbackorder","12":"featured","13":"shipping-taxable","14":"product-type-simple"},"aioseo_notices":[],"jetpack_sharing_enabled":true,"brands":[],"_links":{"self":[{"href":"https:\/\/proservice.com.ar\/index.php\/wp-json\/wp\/v2\/product\/2821","targetHints":{"allow":["GET"]}}],"collection":[{"href":"https:\/\/proservice.com.ar\/index.php\/wp-json\/wp\/v2\/product"}],"about":[{"href":"https:\/\/proservice.com.ar\/index.php\/wp-json\/wp\/v2\/types\/product"}],"wp:featuredmedia":[{"embeddable":true,"href":"https:\/\/proservice.com.ar\/index.php\/wp-json\/wp\/v2\/media\/2825"}],"wp:attachment":[{"href":"https:\/\/proservice.com.ar\/index.php\/wp-json\/wp\/v2\/media?parent=2821"}],"wp:term":[{"taxonomy":"pwb-brand","embeddable":true,"href":"https:\/\/proservice.com.ar\/index.php\/wp-json\/wp\/v2\/pwb-brand?post=2821"},{"taxonomy":"product_brand","embeddable":true,"href":"https:\/\/proservice.com.ar\/index.php\/wp-json\/wp\/v2\/product_brand?post=2821"},{"taxonomy":"product_cat","embeddable":true,"href":"https:\/\/proservice.com.ar\/index.php\/wp-json\/wp\/v2\/product_cat?post=2821"},{"taxonomy":"product_tag","embeddable":true,"href":"https:\/\/proservice.com.ar\/index.php\/wp-json\/wp\/v2\/product_tag?post=2821"}],"curies":[{"name":"wp","href":"https:\/\/api.w.org\/{rel}","templated":true}]}}