{"id":5103,"date":"2023-11-16T12:00:13","date_gmt":"2023-11-16T15:00:13","guid":{"rendered":"https:\/\/proservice.com.ar\/?post_type=product&#038;p=5103"},"modified":"2025-06-12T10:33:53","modified_gmt":"2025-06-12T13:33:53","slug":"liveu-solo-sdi-hdmi-video-audio-encoder","status":"publish","type":"product","link":"https:\/\/proservice.com.ar\/index.php\/product\/liveu-solo-sdi-hdmi-video-audio-encoder\/","title":{"rendered":"LiveU Solo SDI\/HDMI Video\/Audio Encoder"},"content":{"rendered":"<p>El LiveU Solo es un codificador de video port\u00e1til que permite transmitir en vivo desde cualquier lugar y con cualquier c\u00e1mara, aprovechando la tecnolog\u00eda de uni\u00f3n de LiveU Solo . El LU-SOLO ofrece una calidad de imagen de 4K a 60 fps y una fiabilidad a prueba de fallos en cualquier escenario de red, combinando hasta seis conexiones IP: cuatro m\u00f3dems externos 4G\/5G, WiFi y LAN.\u00a0 El LU-SOLO se puede controlar mediante un panel de control integrado, un software, un panel de control externo opcional o un control remoto por infrarrojos.<\/p>\n<div class=\"title_OMS5rN7R1Z\">\n<div class=\"text_TAw0W35QK_ comfy_TAw0W35QK_ sizeTitle4_TAw0W35QK_ weightBold_TAw0W35QK_ primary_i3MsQsqoe0\" data-selenium=\"sellingPointsTitle\"><strong>Caracter\u00edsticas principales:\u00a0<\/strong><\/div>\n<\/div>\n<ul class=\"list_OMS5rN7R1Z\">\n<li class=\"listItem_OMS5rN7R1Z\" data-selenium=\"sellingPointsListItem\">Soluci\u00f3n de transmisi\u00f3n compacta todo en uno<\/li>\n<li class=\"listItem_OMS5rN7R1Z\" data-selenium=\"sellingPointsListItem\">Entradas de v\u00eddeo SDI y HDMI<\/li>\n<li class=\"listItem_OMS5rN7R1Z\" data-selenium=\"sellingPointsListItem\">Con\u00e9ctese a trav\u00e9s de celular, Wi-Fi y Ethernet<\/li>\n<li class=\"listItem_OMS5rN7R1Z\" data-selenium=\"sellingPointsListItem\">Utiliza los servicios en la nube de LiveU<\/li>\n<li class=\"listItem_OMS5rN7R1Z\" data-selenium=\"sellingPointsListItem\">Vinculaci\u00f3n de red para mejores velocidades de datos<\/li>\n<li class=\"listItem_OMS5rN7R1Z\" data-selenium=\"sellingPointsListItem\">Bater\u00eda incorporada de 3 horas<\/li>\n<li class=\"listItem_OMS5rN7R1Z\" data-selenium=\"sellingPointsListItem\">Factor de Forma Peque\u00f1a<\/li>\n<\/ul>\n","protected":false},"excerpt":{"rendered":"<p>LU-SOLO<\/p>\n","protected":false},"featured_media":5107,"template":"","meta":{"om_disable_all_campaigns":false},"pwb-brand":[],"product_brand":[],"product_cat":[80,65],"product_tag":[413],"class_list":{"0":"post-5103","1":"product","2":"type-product","3":"status-publish","4":"has-post-thumbnail","6":"product_cat-liveu","7":"product_cat-streaming-device","8":"product_tag-lu-solo","10":"first","11":"onbackorder","12":"shipping-taxable","13":"product-type-simple"},"aioseo_notices":[],"jetpack_sharing_enabled":true,"brands":[],"_links":{"self":[{"href":"https:\/\/proservice.com.ar\/index.php\/wp-json\/wp\/v2\/product\/5103","targetHints":{"allow":["GET"]}}],"collection":[{"href":"https:\/\/proservice.com.ar\/index.php\/wp-json\/wp\/v2\/product"}],"about":[{"href":"https:\/\/proservice.com.ar\/index.php\/wp-json\/wp\/v2\/types\/product"}],"wp:featuredmedia":[{"embeddable":true,"href":"https:\/\/proservice.com.ar\/index.php\/wp-json\/wp\/v2\/media\/5107"}],"wp:attachment":[{"href":"https:\/\/proservice.com.ar\/index.php\/wp-json\/wp\/v2\/media?parent=5103"}],"wp:term":[{"taxonomy":"pwb-brand","embeddable":true,"href":"https:\/\/proservice.com.ar\/index.php\/wp-json\/wp\/v2\/pwb-brand?post=5103"},{"taxonomy":"product_brand","embeddable":true,"href":"https:\/\/proservice.com.ar\/index.php\/wp-json\/wp\/v2\/product_brand?post=5103"},{"taxonomy":"product_cat","embeddable":true,"href":"https:\/\/proservice.com.ar\/index.php\/wp-json\/wp\/v2\/product_cat?post=5103"},{"taxonomy":"product_tag","embeddable":true,"href":"https:\/\/proservice.com.ar\/index.php\/wp-json\/wp\/v2\/product_tag?post=5103"}],"curies":[{"name":"wp","href":"https:\/\/api.w.org\/{rel}","templated":true}]}}