{"id":5359,"date":"2023-11-29T12:47:10","date_gmt":"2023-11-29T15:47:10","guid":{"rendered":"https:\/\/proservice.com.ar\/?post_type=product&#038;p=5359"},"modified":"2025-05-29T10:33:19","modified_gmt":"2025-05-29T13:33:19","slug":"maletin-rigido-p-video-profesional-t-pelican","status":"publish","type":"product","link":"https:\/\/proservice.com.ar\/index.php\/product\/maletin-rigido-p-video-profesional-t-pelican\/","title":{"rendered":"Malet\u00edn R\u00edgido P\/ Video Profesional- T. Pelican"},"content":{"rendered":"<p>Malet\u00edn Pl\u00e1stico R\u00edgido para Video Profesional<\/p>\n<p>Medidas Internas: 26,5cm. x 19cm. x 8,5cm.<br \/>\nMedidas externas: 36cm largo, 15cm largo, 30cm ancho<\/p>\n<p>No incluye foam en el interior.<\/p>\n<p>&nbsp;<\/p>\n","protected":false},"excerpt":{"rendered":"<p>MPR-61<\/p>\n","protected":false},"featured_media":5361,"template":"","meta":{"om_disable_all_campaigns":false},"pwb-brand":[],"product_brand":[],"product_cat":[420],"product_tag":[450],"class_list":{"0":"post-5359","1":"product","2":"type-product","3":"status-publish","4":"has-post-thumbnail","6":"product_cat-ofertas","7":"product_tag-mpr-61","9":"first","10":"instock","11":"shipping-taxable","12":"purchasable","13":"product-type-simple"},"aioseo_notices":[],"jetpack_sharing_enabled":true,"brands":[],"_links":{"self":[{"href":"https:\/\/proservice.com.ar\/index.php\/wp-json\/wp\/v2\/product\/5359","targetHints":{"allow":["GET"]}}],"collection":[{"href":"https:\/\/proservice.com.ar\/index.php\/wp-json\/wp\/v2\/product"}],"about":[{"href":"https:\/\/proservice.com.ar\/index.php\/wp-json\/wp\/v2\/types\/product"}],"wp:featuredmedia":[{"embeddable":true,"href":"https:\/\/proservice.com.ar\/index.php\/wp-json\/wp\/v2\/media\/5361"}],"wp:attachment":[{"href":"https:\/\/proservice.com.ar\/index.php\/wp-json\/wp\/v2\/media?parent=5359"}],"wp:term":[{"taxonomy":"pwb-brand","embeddable":true,"href":"https:\/\/proservice.com.ar\/index.php\/wp-json\/wp\/v2\/pwb-brand?post=5359"},{"taxonomy":"product_brand","embeddable":true,"href":"https:\/\/proservice.com.ar\/index.php\/wp-json\/wp\/v2\/product_brand?post=5359"},{"taxonomy":"product_cat","embeddable":true,"href":"https:\/\/proservice.com.ar\/index.php\/wp-json\/wp\/v2\/product_cat?post=5359"},{"taxonomy":"product_tag","embeddable":true,"href":"https:\/\/proservice.com.ar\/index.php\/wp-json\/wp\/v2\/product_tag?post=5359"}],"curies":[{"name":"wp","href":"https:\/\/api.w.org\/{rel}","templated":true}]}}