{"id":5453,"date":"2023-01-18T16:05:16","date_gmt":"2023-01-18T19:05:16","guid":{"rendered":"https:\/\/proservice.com.ar\/?post_type=product&#038;p=5453"},"modified":"2025-01-23T09:37:22","modified_gmt":"2025-01-23T12:37:22","slug":"schneider-neutral-density-6-filtro","status":"publish","type":"product","link":"https:\/\/proservice.com.ar\/index.php\/product\/schneider-neutral-density-6-filtro\/","title":{"rendered":"Schneider Neutral Density 6 Filtro"},"content":{"rendered":"<p>Schneider Neutral Density 6 (68-050644) Filter<\/p>\n<p>Este es un filtro de densidad neutral graduado, utilizado para cinematograf\u00eda. El 50% del filtro es claro y el 50% tiene una densidad neutra de 0.62 (2 paradas). La transici\u00f3n de clear a ND se realiza con una l\u00ednea de transici\u00f3n de softedge (SE). Las l\u00edneas de graduaci\u00f3n de bordes suaves se utilizan con lentes de longitud focal de \u00e1ngulo ancho y normal. Los filtros de densidad neutral graduados, se utilizan para equilibrar la exposici\u00f3n dentro de una escena. Un uso muy com\u00fan es para equilibrar la exposici\u00f3n del cielo u la tierra en un paisaje, evitando los cielos blancos expuestos.<\/p>\n","protected":false},"excerpt":{"rendered":"<p>68-050644<\/p>\n","protected":false},"featured_media":5454,"template":"","meta":{"om_disable_all_campaigns":false},"pwb-brand":[],"product_brand":[],"product_cat":[420],"product_tag":[472],"class_list":{"0":"post-5453","1":"product","2":"type-product","3":"status-publish","4":"has-post-thumbnail","6":"product_cat-ofertas","7":"product_tag-68-050644","9":"first","10":"instock","11":"shipping-taxable","12":"purchasable","13":"product-type-simple"},"aioseo_notices":[],"jetpack_sharing_enabled":true,"brands":[],"_links":{"self":[{"href":"https:\/\/proservice.com.ar\/index.php\/wp-json\/wp\/v2\/product\/5453","targetHints":{"allow":["GET"]}}],"collection":[{"href":"https:\/\/proservice.com.ar\/index.php\/wp-json\/wp\/v2\/product"}],"about":[{"href":"https:\/\/proservice.com.ar\/index.php\/wp-json\/wp\/v2\/types\/product"}],"wp:featuredmedia":[{"embeddable":true,"href":"https:\/\/proservice.com.ar\/index.php\/wp-json\/wp\/v2\/media\/5454"}],"wp:attachment":[{"href":"https:\/\/proservice.com.ar\/index.php\/wp-json\/wp\/v2\/media?parent=5453"}],"wp:term":[{"taxonomy":"pwb-brand","embeddable":true,"href":"https:\/\/proservice.com.ar\/index.php\/wp-json\/wp\/v2\/pwb-brand?post=5453"},{"taxonomy":"product_brand","embeddable":true,"href":"https:\/\/proservice.com.ar\/index.php\/wp-json\/wp\/v2\/product_brand?post=5453"},{"taxonomy":"product_cat","embeddable":true,"href":"https:\/\/proservice.com.ar\/index.php\/wp-json\/wp\/v2\/product_cat?post=5453"},{"taxonomy":"product_tag","embeddable":true,"href":"https:\/\/proservice.com.ar\/index.php\/wp-json\/wp\/v2\/product_tag?post=5453"}],"curies":[{"name":"wp","href":"https:\/\/api.w.org\/{rel}","templated":true}]}}