{"id":6152,"date":"2024-03-12T12:19:21","date_gmt":"2024-03-12T15:19:21","guid":{"rendered":"https:\/\/proservice.com.ar\/?post_type=product&#038;p=6152"},"modified":"2025-10-15T10:38:10","modified_gmt":"2025-10-15T13:38:10","slug":"sony-pxw-z150-4k-xdcam-camcorder","status":"publish","type":"product","link":"https:\/\/proservice.com.ar\/index.php\/product\/sony-pxw-z150-4k-xdcam-camcorder\/","title":{"rendered":"Sony PXW-Z150 4K XDCAM Camcorder (Discontinuada)"},"content":{"rendered":"<div class=\"title_OMS5rN7R1Z\">\n<div data-selenium=\"sellingPointsTitle\">La videoc\u00e1mara Sony PXW-Z150 4K XDCAM ofrece rendimiento de alta calidad, adaptabilidad y facilidad de uso en un cuerpo compacto y port\u00e1til del mismo tama\u00f1o que el HXR-NX100. Adecuado para grabaci\u00f3n de v\u00eddeos corporativos, lugares de culto y deposiciones legales. La videoc\u00e1mara cuenta con un \u00fanico sensor Exmor RS con resoluci\u00f3n UHD 4K (3840 x 2160), lente Sony G con rango de zoom \u00f3ptico de 12x y zoom de imagen clara de 18\/24x en 4K\/HD. Puede grabar 4K en XAVC Long a 4:2:0 de 8 bits y HD en XAVC Long a 4:2:2 de 10 bits a 50 Mb\/s, as\u00ed como MPEG2HD a 4:2:2 o 4: 2:0 s\u00f3lo en 8 bits. La lente de zoom integrada cuenta con anillos de control de lente individuales para enfoque, iris y zoom, y produce luces desenfocadas suaves y redondeadas. La lente se puede utilizar en modo totalmente autom\u00e1tico con servocontrol o como lente operada completamente manualmente.<\/div>\n<div data-selenium=\"sellingPointsTitle\"><\/div>\n<div class=\"text_TAw0W35QK_ comfy_TAw0W35QK_ sizeTitle4_TAw0W35QK_ weightBold_TAw0W35QK_ primary_i3MsQsqoe0\" data-selenium=\"sellingPointsTitle\"><strong>Caracter\u00edsticas principales:<\/strong><\/div>\n<\/div>\n<ul class=\"list_OMS5rN7R1Z\">\n<li class=\"listItem_OMS5rN7R1Z\" data-selenium=\"sellingPointsListItem\">Sensor CMOS Exmor RS \u00fanico de 1&#8243;<\/li>\n<li class=\"listItem_OMS5rN7R1Z\" data-selenium=\"sellingPointsListItem\">UHD 4K (3840 x 2160) hasta 30p<\/li>\n<li class=\"listItem_OMS5rN7R1Z\" data-selenium=\"sellingPointsListItem\">Alta definici\u00f3n hasta 120 fps<\/li>\n<li class=\"listItem_OMS5rN7R1Z\" data-selenium=\"sellingPointsListItem\">Lente Sony G con zoom \u00f3ptico de 12x<\/li>\n<li class=\"listItem_OMS5rN7R1Z\" data-selenium=\"sellingPointsListItem\">Zoom de imagen clara de 18\/24x\/Zoom digital de 48x<\/li>\n<li class=\"listItem_OMS5rN7R1Z\" data-selenium=\"sellingPointsListItem\">Enfoque manual discreto, zoom, anillos de iris<\/li>\n<li class=\"listItem_OMS5rN7R1Z\" data-selenium=\"sellingPointsListItem\">XAVC, AVC\/H.264, AVCHD 2.0, MPEG-4<\/li>\n<li class=\"listItem_OMS5rN7R1Z\" data-selenium=\"sellingPointsListItem\">Funci\u00f3n de c\u00e1mara lenta y r\u00e1pida<\/li>\n<li class=\"listItem_OMS5rN7R1Z\" data-selenium=\"sellingPointsListItem\">Dos ranuras para tarjetas de memoria SD, Wi-Fi<\/li>\n<li class=\"listItem_OMS5rN7R1Z\" data-selenium=\"sellingPointsListItem\">2 entradas de audio XLR de 3 pines<\/li>\n<\/ul>\n","protected":false},"excerpt":{"rendered":"<p>Sony PXW-Z150 4K XDCAM Camcorder<\/p>\n","protected":false},"featured_media":6155,"template":"","meta":{"om_disable_all_campaigns":false},"pwb-brand":[],"product_brand":[],"product_cat":[15,527],"product_tag":[487],"class_list":{"0":"post-6152","1":"product","2":"type-product","3":"status-publish","4":"has-post-thumbnail","6":"product_cat-camera","7":"product_cat-sony","8":"product_tag-pxw-z150","10":"first","11":"outofstock","12":"shipping-taxable","13":"product-type-simple"},"aioseo_notices":[],"jetpack_sharing_enabled":true,"brands":[],"_links":{"self":[{"href":"https:\/\/proservice.com.ar\/index.php\/wp-json\/wp\/v2\/product\/6152","targetHints":{"allow":["GET"]}}],"collection":[{"href":"https:\/\/proservice.com.ar\/index.php\/wp-json\/wp\/v2\/product"}],"about":[{"href":"https:\/\/proservice.com.ar\/index.php\/wp-json\/wp\/v2\/types\/product"}],"wp:featuredmedia":[{"embeddable":true,"href":"https:\/\/proservice.com.ar\/index.php\/wp-json\/wp\/v2\/media\/6155"}],"wp:attachment":[{"href":"https:\/\/proservice.com.ar\/index.php\/wp-json\/wp\/v2\/media?parent=6152"}],"wp:term":[{"taxonomy":"pwb-brand","embeddable":true,"href":"https:\/\/proservice.com.ar\/index.php\/wp-json\/wp\/v2\/pwb-brand?post=6152"},{"taxonomy":"product_brand","embeddable":true,"href":"https:\/\/proservice.com.ar\/index.php\/wp-json\/wp\/v2\/product_brand?post=6152"},{"taxonomy":"product_cat","embeddable":true,"href":"https:\/\/proservice.com.ar\/index.php\/wp-json\/wp\/v2\/product_cat?post=6152"},{"taxonomy":"product_tag","embeddable":true,"href":"https:\/\/proservice.com.ar\/index.php\/wp-json\/wp\/v2\/product_tag?post=6152"}],"curies":[{"name":"wp","href":"https:\/\/api.w.org\/{rel}","templated":true}]}}