{"id":6211,"date":"2024-04-05T16:02:36","date_gmt":"2024-04-05T19:02:36","guid":{"rendered":"https:\/\/proservice.com.ar\/?post_type=product&#038;p=6211"},"modified":"2025-06-27T13:58:12","modified_gmt":"2025-06-27T16:58:12","slug":"aida-imaging-uhd-ndihx3-pov-camera-2","status":"publish","type":"product","link":"https:\/\/proservice.com.ar\/index.php\/product\/aida-imaging-uhd-ndihx3-pov-camera-2\/","title":{"rendered":"AIDA Imaging UHD NDI|HX3 POV Camera"},"content":{"rendered":"<div class=\"title_OMS5rN7R1Z\">\n<div data-selenium=\"sellingPointsTitle\">La UHD-NDI3-300 es la c\u00e1mara de transmisi\u00f3n 4K definitiva, que ofrece claridad y calidad excepcionales con la tecnolog\u00eda NDI HX3. Equipada con un sensor CMOS Sony 4K, esta c\u00e1mara produce im\u00e1genes Full-HD n\u00edtidas a 1080 60fps sobre redes HX3. Para aquellos que buscan a\u00fan m\u00e1s detalle, la c\u00e1mara tambi\u00e9n soporta 4K 60fps NDI HX. Con un puerto HDMI 2.0 para salidas o pruebas de campo y la capacidad de ejecutar m\u00faltiples protocolos de transmisi\u00f3n simult\u00e1neamente, el UHD-NDI3-300 es perfecto para capturar cada momento con la m\u00e1xima fidelidad.<\/div>\n<div data-selenium=\"sellingPointsTitle\"><\/div>\n<div class=\"text_TAw0W35QK_ comfy_TAw0W35QK_ sizeTitle4_TAw0W35QK_ weightBold_TAw0W35QK_ primary_i3MsQsqoe0\" data-selenium=\"sellingPointsTitle\"><strong>Caracter\u00edsticas Principales:\u00a0<\/strong><\/div>\n<\/div>\n<ul class=\"list_OMS5rN7R1Z\">\n<li class=\"listItem_OMS5rN7R1Z\" data-selenium=\"sellingPointsListItem\">Para transmisiones en vivo, deportes y lugares<\/li>\n<li class=\"listItem_OMS5rN7R1Z\" data-selenium=\"sellingPointsListItem\">V\u00eddeo hasta 4K60<\/li>\n<li class=\"listItem_OMS5rN7R1Z\" data-selenium=\"sellingPointsListItem\">Soporte NDI|HX3 sobre IP<\/li>\n<li class=\"listItem_OMS5rN7R1Z\" data-selenium=\"sellingPointsListItem\">Montura CS con lente de 5 mm preinstalada<\/li>\n<li class=\"listItem_OMS5rN7R1Z\" data-selenium=\"sellingPointsListItem\">Salida HDMI\/entrada de audio de 3,5 mm<\/li>\n<li class=\"listItem_OMS5rN7R1Z\" data-selenium=\"sellingPointsListItem\">2 roscas de montaje de 1\/4&#8243;-20.<\/li>\n<\/ul>\n","protected":false},"excerpt":{"rendered":"<p>AIDA Imaging UHD NDI|HX3 POV Camera<\/p>\n","protected":false},"featured_media":6215,"template":"","meta":{"om_disable_all_campaigns":false},"pwb-brand":[],"product_brand":[],"product_cat":[70,15],"product_tag":[367],"class_list":{"0":"post-6211","1":"product","2":"type-product","3":"status-publish","4":"has-post-thumbnail","6":"product_cat-aida","7":"product_cat-camera","8":"product_tag-uhd-ndi3-300","10":"first","11":"onbackorder","12":"shipping-taxable","13":"product-type-simple"},"aioseo_notices":[],"jetpack_sharing_enabled":true,"brands":[],"_links":{"self":[{"href":"https:\/\/proservice.com.ar\/index.php\/wp-json\/wp\/v2\/product\/6211","targetHints":{"allow":["GET"]}}],"collection":[{"href":"https:\/\/proservice.com.ar\/index.php\/wp-json\/wp\/v2\/product"}],"about":[{"href":"https:\/\/proservice.com.ar\/index.php\/wp-json\/wp\/v2\/types\/product"}],"wp:featuredmedia":[{"embeddable":true,"href":"https:\/\/proservice.com.ar\/index.php\/wp-json\/wp\/v2\/media\/6215"}],"wp:attachment":[{"href":"https:\/\/proservice.com.ar\/index.php\/wp-json\/wp\/v2\/media?parent=6211"}],"wp:term":[{"taxonomy":"pwb-brand","embeddable":true,"href":"https:\/\/proservice.com.ar\/index.php\/wp-json\/wp\/v2\/pwb-brand?post=6211"},{"taxonomy":"product_brand","embeddable":true,"href":"https:\/\/proservice.com.ar\/index.php\/wp-json\/wp\/v2\/product_brand?post=6211"},{"taxonomy":"product_cat","embeddable":true,"href":"https:\/\/proservice.com.ar\/index.php\/wp-json\/wp\/v2\/product_cat?post=6211"},{"taxonomy":"product_tag","embeddable":true,"href":"https:\/\/proservice.com.ar\/index.php\/wp-json\/wp\/v2\/product_tag?post=6211"}],"curies":[{"name":"wp","href":"https:\/\/api.w.org\/{rel}","templated":true}]}}