{"id":6231,"date":"2024-04-18T14:12:19","date_gmt":"2024-04-18T17:12:19","guid":{"rendered":"https:\/\/proservice.com.ar\/?post_type=product&#038;p=6231"},"modified":"2025-06-13T14:14:47","modified_gmt":"2025-06-13T17:14:47","slug":"smallrig-camera-cage-for-sony-zv-e10","status":"publish","type":"product","link":"https:\/\/proservice.com.ar\/index.php\/product\/smallrig-camera-cage-for-sony-zv-e10\/","title":{"rendered":"SmallRig Camera Cage for Sony ZV-E10"},"content":{"rendered":"<div class=\"title_OMS5rN7R1Z\">\n<div data-selenium=\"sellingPointsTitle\">Este Cage para c\u00e1mara ajustada de SmallRig protege su c\u00e1mara Sony ZV-E10 sin impedir el acceso a las funciones, pantallas, puertos o bater\u00eda de su c\u00e1mara. La c\u00e1mara se monta en la jaula mediante un tornillo de 1\/4&#8243;-20 y un bloqueo lateral evita que la c\u00e1mara se tuerza. Cuenta con acolchado de goma en la parte superior e inferior para asegurar la c\u00e1mara y protegerla contra rayones.<\/div>\n<\/div>\n<div data-selenium=\"sellingPointsTitle\"><\/div>\n<div data-selenium=\"sellingPointsTitle\"><\/div>\n<div class=\"title_OMS5rN7R1Z\">\n<div class=\"text_TAw0W35QK_ comfy_TAw0W35QK_ sizeTitle4_TAw0W35QK_ weightBold_TAw0W35QK_ primary_i3MsQsqoe0\" data-selenium=\"sellingPointsTitle\"><strong>Caracter\u00edsticas principales<\/strong><\/div>\n<\/div>\n<ul class=\"list_OMS5rN7R1Z\">\n<li class=\"listItem_OMS5rN7R1Z\" data-selenium=\"sellingPointsListItem\">Cage de c\u00e1mara de aluminio ajustada<\/li>\n<li class=\"listItem_OMS5rN7R1Z\" data-selenium=\"sellingPointsListItem\">No obstruye el acceso a los componentes<\/li>\n<li class=\"listItem_OMS5rN7R1Z\" data-selenium=\"sellingPointsListItem\">Roscas para accesorios de 1\/4&#8243;-20 y 3\/8&#8243;-16<\/li>\n<li class=\"listItem_OMS5rN7R1Z\" data-selenium=\"sellingPointsListItem\">Base de liberaci\u00f3n r\u00e1pida tipo Arca<\/li>\n<li class=\"listItem_OMS5rN7R1Z\" data-selenium=\"sellingPointsListItem\">Soportes para zapatos en la parte superior e inferior<\/li>\n<li class=\"listItem_OMS5rN7R1Z\" data-selenium=\"sellingPointsListItem\">Acolchado de goma en la parte superior e inferior<\/li>\n<li class=\"listItem_OMS5rN7R1Z\" data-selenium=\"sellingPointsListItem\">Tornillo para c\u00e1mara de 1\/4&#8243;-20, ranuras para correa<\/li>\n<\/ul>\n","protected":false},"excerpt":{"rendered":"<p>SmallRig Camera Cage for Sony ZV-E10<\/p>\n","protected":false},"featured_media":6235,"template":"","meta":{"om_disable_all_campaigns":false},"pwb-brand":[],"product_brand":[],"product_cat":[59,83],"product_tag":[],"class_list":{"0":"post-6231","1":"product","2":"type-product","3":"status-publish","4":"has-post-thumbnail","6":"product_cat-camera-cage-and-kit","7":"product_cat-smallrig","9":"first","10":"onbackorder","11":"shipping-taxable","12":"product-type-simple"},"aioseo_notices":[],"jetpack_sharing_enabled":true,"brands":[],"_links":{"self":[{"href":"https:\/\/proservice.com.ar\/index.php\/wp-json\/wp\/v2\/product\/6231","targetHints":{"allow":["GET"]}}],"collection":[{"href":"https:\/\/proservice.com.ar\/index.php\/wp-json\/wp\/v2\/product"}],"about":[{"href":"https:\/\/proservice.com.ar\/index.php\/wp-json\/wp\/v2\/types\/product"}],"wp:featuredmedia":[{"embeddable":true,"href":"https:\/\/proservice.com.ar\/index.php\/wp-json\/wp\/v2\/media\/6235"}],"wp:attachment":[{"href":"https:\/\/proservice.com.ar\/index.php\/wp-json\/wp\/v2\/media?parent=6231"}],"wp:term":[{"taxonomy":"pwb-brand","embeddable":true,"href":"https:\/\/proservice.com.ar\/index.php\/wp-json\/wp\/v2\/pwb-brand?post=6231"},{"taxonomy":"product_brand","embeddable":true,"href":"https:\/\/proservice.com.ar\/index.php\/wp-json\/wp\/v2\/product_brand?post=6231"},{"taxonomy":"product_cat","embeddable":true,"href":"https:\/\/proservice.com.ar\/index.php\/wp-json\/wp\/v2\/product_cat?post=6231"},{"taxonomy":"product_tag","embeddable":true,"href":"https:\/\/proservice.com.ar\/index.php\/wp-json\/wp\/v2\/product_tag?post=6231"}],"curies":[{"name":"wp","href":"https:\/\/api.w.org\/{rel}","templated":true}]}}