{"id":6264,"date":"2024-04-22T10:16:52","date_gmt":"2024-04-22T13:16:52","guid":{"rendered":"https:\/\/proservice.com.ar\/?post_type=product&#038;p=6264"},"modified":"2026-04-05T15:44:40","modified_gmt":"2026-04-05T18:44:40","slug":"blackmagic-design-atem-1-m-e-constellation-uhd-4k-live-production-switcher","status":"publish","type":"product","link":"https:\/\/proservice.com.ar\/index.php\/product\/blackmagic-design-atem-1-m-e-constellation-uhd-4k-live-production-switcher\/","title":{"rendered":"Blackmagic Design ATEM 1 M\/E Constellation UHD 4K Live Production Switcher"},"content":{"rendered":"<div class=\"title_OMS5rN7R1Z\">\n<div data-selenium=\"sellingPointsTitle\">El Switcher de producci\u00f3n en vivo ATEM 1 M\/E Constellation UHD 4K agrega capacidades UHD 4K y puertos 12G-SDI a la construcci\u00f3n familiar del mezclador de su predecesor. Dise\u00f1ada para una potente conmutaci\u00f3n UHD 4K de eventos en vivo, la unidad cuenta con 10 entradas 12G-SDI individuales que admiten se\u00f1ales 12G\/3G\/HD-SDI y las entregan a seis salidas 12G-SDI o a una salida USB-C de c\u00e1mara web. Adem\u00e1s, el conmutador tiene una salida de vista m\u00faltiple con hasta 16 ventanas enrutables que pueden mostrar entradas, v\u00eddeo codificado, gr\u00e1ficos e im\u00e1genes fijas del grupo de medios, as\u00ed como la salida del programa. Cada entrada se conecta a un mezclador de audio Fairlight incorporado que admite hasta 28 canales de audio.<\/div>\n<div data-selenium=\"sellingPointsTitle\"><\/div>\n<div class=\"text_TAw0W35QK_ comfy_TAw0W35QK_ sizeTitle4_TAw0W35QK_ weightBold_TAw0W35QK_ primary_i3MsQsqoe0\" data-selenium=\"sellingPointsTitle\"><strong>Caracter\u00edsticas Principales:\u00a0<\/strong><\/div>\n<\/div>\n<ul class=\"list_OMS5rN7R1Z\">\n<li class=\"listItem_OMS5rN7R1Z\" data-selenium=\"sellingPointsListItem\">Admite 12G\/3G\/HD-SDI a 10 bits<\/li>\n<li class=\"listItem_OMS5rN7R1Z\" data-selenium=\"sellingPointsListItem\">10 entradas 12G-SDI, 6 salidas 12G-SDI<\/li>\n<li class=\"listItem_OMS5rN7R1Z\" data-selenium=\"sellingPointsListItem\">Hasta 16 ventanas de monitoreo multivista<\/li>\n<li class=\"listItem_OMS5rN7R1Z\" data-selenium=\"sellingPointsListItem\">Salida de c\u00e1mara web a trav\u00e9s de USB-C<\/li>\n<li class=\"listItem_OMS5rN7R1Z\" data-selenium=\"sellingPointsListItem\">Convertidor de velocidad de fotogramas\/formato por entrada<\/li>\n<li class=\"listItem_OMS5rN7R1Z\" data-selenium=\"sellingPointsListItem\">Mezclador de audio de 28 canales<\/li>\n<li class=\"listItem_OMS5rN7R1Z\" data-selenium=\"sellingPointsListItem\">4 x ascendentes, 1 x manipulador descendente<\/li>\n<li class=\"listItem_OMS5rN7R1Z\" data-selenium=\"sellingPointsListItem\">Incrustadores de croma\/luma<\/li>\n<li class=\"listItem_OMS5rN7R1Z\" data-selenium=\"sellingPointsListItem\">Generadores de colores\/patrones<\/li>\n<li class=\"listItem_OMS5rN7R1Z\" data-selenium=\"sellingPointsListItem\">Control de hardware\/software macOS\/Windows<\/li>\n<\/ul>\n","protected":false},"excerpt":{"rendered":"<p>Blackmagic Design ATEM 1 M\/E Constellation UHD 4K Live Production Switcher<\/p>\n","protected":false},"featured_media":6266,"template":"","meta":{"om_disable_all_campaigns":false},"pwb-brand":[],"product_brand":[],"product_cat":[71,66,741],"product_tag":[731],"class_list":{"0":"post-6264","1":"product","2":"type-product","3":"status-publish","4":"has-post-thumbnail","6":"product_cat-blackmagic-design","7":"product_cat-switchers","8":"product_cat-switcher","9":"product_tag-mscn2-2me1-4k","11":"first","12":"onbackorder","13":"shipping-taxable","14":"product-type-simple"},"aioseo_notices":[],"jetpack_sharing_enabled":true,"brands":[],"_links":{"self":[{"href":"https:\/\/proservice.com.ar\/index.php\/wp-json\/wp\/v2\/product\/6264","targetHints":{"allow":["GET"]}}],"collection":[{"href":"https:\/\/proservice.com.ar\/index.php\/wp-json\/wp\/v2\/product"}],"about":[{"href":"https:\/\/proservice.com.ar\/index.php\/wp-json\/wp\/v2\/types\/product"}],"wp:featuredmedia":[{"embeddable":true,"href":"https:\/\/proservice.com.ar\/index.php\/wp-json\/wp\/v2\/media\/6266"}],"wp:attachment":[{"href":"https:\/\/proservice.com.ar\/index.php\/wp-json\/wp\/v2\/media?parent=6264"}],"wp:term":[{"taxonomy":"pwb-brand","embeddable":true,"href":"https:\/\/proservice.com.ar\/index.php\/wp-json\/wp\/v2\/pwb-brand?post=6264"},{"taxonomy":"product_brand","embeddable":true,"href":"https:\/\/proservice.com.ar\/index.php\/wp-json\/wp\/v2\/product_brand?post=6264"},{"taxonomy":"product_cat","embeddable":true,"href":"https:\/\/proservice.com.ar\/index.php\/wp-json\/wp\/v2\/product_cat?post=6264"},{"taxonomy":"product_tag","embeddable":true,"href":"https:\/\/proservice.com.ar\/index.php\/wp-json\/wp\/v2\/product_tag?post=6264"}],"curies":[{"name":"wp","href":"https:\/\/api.w.org\/{rel}","templated":true}]}}