{"id":6271,"date":"2023-04-22T10:28:42","date_gmt":"2023-04-22T13:28:42","guid":{"rendered":"https:\/\/proservice.com.ar\/?post_type=product&#038;p=6271"},"modified":"2025-06-26T13:17:53","modified_gmt":"2025-06-26T16:17:53","slug":"tilta-camera-cage-basic-kit-v2-for-sony-fx3-fx30-black","status":"publish","type":"product","link":"https:\/\/proservice.com.ar\/index.php\/product\/tilta-camera-cage-basic-kit-v2-for-sony-fx3-fx30-black\/","title":{"rendered":"Tilta Camera Cage Basic Kit v2 for Sony FX3 &amp; FX30 (Black)"},"content":{"rendered":"<div class=\"title_OMS5rN7R1Z\">\n<div data-selenium=\"sellingPointsTitle\">\n<p>Agregue protecci\u00f3n y accesorios para tomas port\u00e1tiles a su c\u00e1mara de cine digital Sony FX3 o FX30 con este Camera Cage Basic Kit v2 negro de Tilta . Este kit incluye una jaula completa para FX3\/FX30, un mango superior NATO, una placa base LWS de 15 mm con adaptador y dos varillas de 15 mm de 7,8&#8243; de largo.<\/p>\n<p>La jaula de aluminio mantiene el acceso a los controles de la c\u00e1mara y cuenta con una placa superior NATO extra\u00edble que permite el uso del asa superior XLR original o el asa superior Xeno NATO incluida. La placa base universal de 15 mm incluida cuenta con un adaptador de montaje y proporciona funcionalidad de liberaci\u00f3n r\u00e1pida tipo Arca y Manfrotto. Las varillas incluidas se insertan en la placa base y proporcionan montaje adicional para motores de lentes, cajas mate o placas de bater\u00eda.<\/p>\n<\/div>\n<div class=\"text_TAw0W35QK_ comfy_TAw0W35QK_ sizeTitle4_TAw0W35QK_ weightBold_TAw0W35QK_ primary_i3MsQsqoe0\" data-selenium=\"sellingPointsTitle\"><strong>Caracter\u00edsticas Principales:\u00a0<\/strong><\/div>\n<\/div>\n<ul class=\"list_OMS5rN7R1Z\">\n<li class=\"listItem_OMS5rN7R1Z\" data-selenium=\"sellingPointsListItem\">Jaula ajustada para Sony FX3 y FX30<\/li>\n<li class=\"listItem_OMS5rN7R1Z\" data-selenium=\"sellingPointsListItem\">Mango superior Xeno NATO<\/li>\n<li class=\"listItem_OMS5rN7R1Z\" data-selenium=\"sellingPointsListItem\">Placa base LWS de 15 mm, placa adaptadora, varillas<\/li>\n<li class=\"listItem_OMS5rN7R1Z\" data-selenium=\"sellingPointsListItem\">Base tipo Arca, carril OTAN del lado izquierdo<\/li>\n<li class=\"listItem_OMS5rN7R1Z\" data-selenium=\"sellingPointsListItem\">Compatible con mango XLR FX3 original.<\/li>\n<\/ul>\n","protected":false},"excerpt":{"rendered":"<p>Tilta Camera Cage Basic Kit v2 for Sony FX3 &amp; FX30 (Black)<\/p>\n","protected":false},"featured_media":6274,"template":"","meta":{"om_disable_all_campaigns":false},"pwb-brand":[],"product_brand":[],"product_cat":[59,84],"product_tag":[507],"class_list":{"0":"post-6271","1":"product","2":"type-product","3":"status-publish","4":"has-post-thumbnail","6":"product_cat-camera-cage-and-kit","7":"product_cat-tilta","8":"product_tag-ta-t16-a-b","10":"first","11":"outofstock","12":"shipping-taxable","13":"purchasable","14":"product-type-simple"},"aioseo_notices":[],"jetpack_sharing_enabled":true,"brands":[],"_links":{"self":[{"href":"https:\/\/proservice.com.ar\/index.php\/wp-json\/wp\/v2\/product\/6271","targetHints":{"allow":["GET"]}}],"collection":[{"href":"https:\/\/proservice.com.ar\/index.php\/wp-json\/wp\/v2\/product"}],"about":[{"href":"https:\/\/proservice.com.ar\/index.php\/wp-json\/wp\/v2\/types\/product"}],"wp:featuredmedia":[{"embeddable":true,"href":"https:\/\/proservice.com.ar\/index.php\/wp-json\/wp\/v2\/media\/6274"}],"wp:attachment":[{"href":"https:\/\/proservice.com.ar\/index.php\/wp-json\/wp\/v2\/media?parent=6271"}],"wp:term":[{"taxonomy":"pwb-brand","embeddable":true,"href":"https:\/\/proservice.com.ar\/index.php\/wp-json\/wp\/v2\/pwb-brand?post=6271"},{"taxonomy":"product_brand","embeddable":true,"href":"https:\/\/proservice.com.ar\/index.php\/wp-json\/wp\/v2\/product_brand?post=6271"},{"taxonomy":"product_cat","embeddable":true,"href":"https:\/\/proservice.com.ar\/index.php\/wp-json\/wp\/v2\/product_cat?post=6271"},{"taxonomy":"product_tag","embeddable":true,"href":"https:\/\/proservice.com.ar\/index.php\/wp-json\/wp\/v2\/product_tag?post=6271"}],"curies":[{"name":"wp","href":"https:\/\/api.w.org\/{rel}","templated":true}]}}