{"id":6275,"date":"2023-04-22T10:32:43","date_gmt":"2023-04-22T13:32:43","guid":{"rendered":"https:\/\/proservice.com.ar\/?post_type=product&#038;p=6275"},"modified":"2025-06-26T12:14:52","modified_gmt":"2025-06-26T15:14:52","slug":"tilta-basic-camera-cage-kit-for-sony-a7-iv-black","status":"publish","type":"product","link":"https:\/\/proservice.com.ar\/index.php\/product\/tilta-basic-camera-cage-kit-for-sony-a7-iv-black\/","title":{"rendered":"Tilta Basic Camera Cage Kit for Sony a7 IV (Black)"},"content":{"rendered":"<div data-selenium=\"sellingPointsTitle\">\n<p>Proteja, transporte y agregue accesorios a su c\u00e1mara sin espejo Sony a7 IV con este kit b\u00e1sico de cage para c\u00e1mara negro de Tilta . El kit incluye una cage de c\u00e1mara de aluminio ajustable, un asa superior compacta, una abrazadera para cable HDMI y un cable adaptador HDMI macho a hembra de 8,7&#8243; de largo. La jaula tambi\u00e9n se adapta a Sony a1, a7S III, a7R IV, a7 III, a7R. C\u00e1maras sin espejo III, a9 y a9 II.<\/p>\n<p>El cage cuenta con dos soportes de zapata superior integrados, una roseta lateral, un riel NATO, m\u00faltiples roscas para accesorios de 3\/8&#8243;-16 y 1\/4&#8243;-20, roscas para tr\u00edpode de 1\/4&#8243;-20 en la parte inferior y un Arca integrado. -Base de cola de milano Tambi\u00e9n incluye una placa estilo Manfrotto. El mango superior se monta en el riel NATO superior o lateral y cuenta con m\u00faltiples roscas de montaje y un soporte de zapata. La abrazadera del cable HDMI y el cable adaptador ayudan a evitar tirones y desconexiones.<\/p>\n<\/div>\n<div class=\"title_OMS5rN7R1Z\">\n<div class=\"text_TAw0W35QK_ comfy_TAw0W35QK_ sizeTitle4_TAw0W35QK_ weightBold_TAw0W35QK_ primary_i3MsQsqoe0\" data-selenium=\"sellingPointsTitle\"><strong>Caracter\u00edsticas Principales:\u00a0<\/strong><\/div>\n<\/div>\n<ul class=\"list_OMS5rN7R1Z\">\n<li class=\"listItem_OMS5rN7R1Z\" data-selenium=\"sellingPointsListItem\">Para Sony a7 IV y c\u00e1maras Sony seleccionadas<\/li>\n<li class=\"listItem_OMS5rN7R1Z\" data-selenium=\"sellingPointsListItem\">Jaula de c\u00e1mara completa de aluminio ajustable<\/li>\n<li class=\"listItem_OMS5rN7R1Z\" data-selenium=\"sellingPointsListItem\">Asa superior compacta NATO<\/li>\n<li class=\"listItem_OMS5rN7R1Z\" data-selenium=\"sellingPointsListItem\">Abrazadera de cable HDMI y cable adaptador HDMI<\/li>\n<\/ul>\n","protected":false},"excerpt":{"rendered":"<p>Tilta Basic Camera Cage Kit for Sony a7 IV (Black)<\/p>\n","protected":false},"featured_media":6279,"template":"","meta":{"om_disable_all_campaigns":false},"pwb-brand":[],"product_brand":[],"product_cat":[59,84],"product_tag":[508],"class_list":{"0":"post-6275","1":"product","2":"type-product","3":"status-publish","4":"has-post-thumbnail","6":"product_cat-camera-cage-and-kit","7":"product_cat-tilta","8":"product_tag-ta-t30-a-b","10":"first","11":"onbackorder","12":"shipping-taxable","13":"product-type-simple"},"aioseo_notices":[],"jetpack_sharing_enabled":true,"brands":[],"_links":{"self":[{"href":"https:\/\/proservice.com.ar\/index.php\/wp-json\/wp\/v2\/product\/6275","targetHints":{"allow":["GET"]}}],"collection":[{"href":"https:\/\/proservice.com.ar\/index.php\/wp-json\/wp\/v2\/product"}],"about":[{"href":"https:\/\/proservice.com.ar\/index.php\/wp-json\/wp\/v2\/types\/product"}],"wp:featuredmedia":[{"embeddable":true,"href":"https:\/\/proservice.com.ar\/index.php\/wp-json\/wp\/v2\/media\/6279"}],"wp:attachment":[{"href":"https:\/\/proservice.com.ar\/index.php\/wp-json\/wp\/v2\/media?parent=6275"}],"wp:term":[{"taxonomy":"pwb-brand","embeddable":true,"href":"https:\/\/proservice.com.ar\/index.php\/wp-json\/wp\/v2\/pwb-brand?post=6275"},{"taxonomy":"product_brand","embeddable":true,"href":"https:\/\/proservice.com.ar\/index.php\/wp-json\/wp\/v2\/product_brand?post=6275"},{"taxonomy":"product_cat","embeddable":true,"href":"https:\/\/proservice.com.ar\/index.php\/wp-json\/wp\/v2\/product_cat?post=6275"},{"taxonomy":"product_tag","embeddable":true,"href":"https:\/\/proservice.com.ar\/index.php\/wp-json\/wp\/v2\/product_tag?post=6275"}],"curies":[{"name":"wp","href":"https:\/\/api.w.org\/{rel}","templated":true}]}}