{"id":6280,"date":"2024-04-22T10:36:14","date_gmt":"2024-04-22T13:36:14","guid":{"rendered":"https:\/\/proservice.com.ar\/?post_type=product&#038;p=6280"},"modified":"2025-06-26T13:52:49","modified_gmt":"2025-06-26T16:52:49","slug":"tilta-camera-cage-for-sony-fx6-with-v-mount-battery-plate-advanced-kit","status":"publish","type":"product","link":"https:\/\/proservice.com.ar\/index.php\/product\/tilta-camera-cage-for-sony-fx6-with-v-mount-battery-plate-advanced-kit\/","title":{"rendered":"Tilta Camera Cage for Sony FX6 with V-Mount Battery Plate (Advanced Kit)"},"content":{"rendered":"<div class=\"title_OMS5rN7R1Z\">\n<div data-selenium=\"sellingPointsTitle\">Proteja su c\u00e1mara FX6 mientras agrega una placa de bater\u00eda con montura en V y puntos de montaje de accesorios, haciendo que su c\u00e1mara sea m\u00e1s f\u00e1cil de disparar, con este cage\u00a0para c\u00e1mara para Sony FX6 con placa de bater\u00eda con montura en V\u00a0de\u00a0Tilta\u00a0. Este kit avanzado proporciona una placa base de cola de milano, una placa de montaje superior para accesorios, una placa de montaje de brazo lateral para protecci\u00f3n adicional y montaje de accesorios, un soporte de montaje en \u00e1ngulo recto adecuado para accesorios inal\u00e1mbricos y una placa de bater\u00eda con montaje en V.<\/div>\n<\/div>\n<div data-selenium=\"sellingPointsTitle\"><\/div>\n<div data-selenium=\"sellingPointsTitle\"><\/div>\n<div class=\"title_OMS5rN7R1Z\">\n<div class=\"text_TAw0W35QK_ comfy_TAw0W35QK_ sizeTitle4_TAw0W35QK_ weightBold_TAw0W35QK_ primary_i3MsQsqoe0\" data-selenium=\"sellingPointsTitle\"><strong>Caracter\u00edsticas Principales:\u00a0<\/strong><\/div>\n<\/div>\n<ul class=\"list_OMS5rN7R1Z\">\n<li class=\"listItem_OMS5rN7R1Z\" data-selenium=\"sellingPointsListItem\">Placa base de liberaci\u00f3n r\u00e1pida para Sony FX6<\/li>\n<li class=\"listItem_OMS5rN7R1Z\" data-selenium=\"sellingPointsListItem\">Placa superior multifuncional para Sony FX6<\/li>\n<li class=\"listItem_OMS5rN7R1Z\" data-selenium=\"sellingPointsListItem\">Brazo lateral para Sony FX6<\/li>\n<li class=\"listItem_OMS5rN7R1Z\" data-selenium=\"sellingPointsListItem\">Placa de bater\u00eda de montaje en V<\/li>\n<li class=\"listItem_OMS5rN7R1Z\" data-selenium=\"sellingPointsListItem\">Soporte de montaje de v\u00eddeo inal\u00e1mbrico para FX6<\/li>\n<\/ul>\n","protected":false},"excerpt":{"rendered":"<p>Tilta Camera Cage for Sony FX6 with V-Mount Battery Plate (Advanced Kit)<\/p>\n","protected":false},"featured_media":6283,"template":"","meta":{"om_disable_all_campaigns":false},"pwb-brand":[],"product_brand":[],"product_cat":[59,420,84],"product_tag":[509],"class_list":{"0":"post-6280","1":"product","2":"type-product","3":"status-publish","4":"has-post-thumbnail","6":"product_cat-camera-cage-and-kit","7":"product_cat-ofertas","8":"product_cat-tilta","9":"product_tag-es-t20-b-v","11":"first","12":"outofstock","13":"sale","14":"shipping-taxable","15":"purchasable","16":"product-type-simple"},"aioseo_notices":[],"jetpack_sharing_enabled":true,"brands":[],"_links":{"self":[{"href":"https:\/\/proservice.com.ar\/index.php\/wp-json\/wp\/v2\/product\/6280","targetHints":{"allow":["GET"]}}],"collection":[{"href":"https:\/\/proservice.com.ar\/index.php\/wp-json\/wp\/v2\/product"}],"about":[{"href":"https:\/\/proservice.com.ar\/index.php\/wp-json\/wp\/v2\/types\/product"}],"wp:featuredmedia":[{"embeddable":true,"href":"https:\/\/proservice.com.ar\/index.php\/wp-json\/wp\/v2\/media\/6283"}],"wp:attachment":[{"href":"https:\/\/proservice.com.ar\/index.php\/wp-json\/wp\/v2\/media?parent=6280"}],"wp:term":[{"taxonomy":"pwb-brand","embeddable":true,"href":"https:\/\/proservice.com.ar\/index.php\/wp-json\/wp\/v2\/pwb-brand?post=6280"},{"taxonomy":"product_brand","embeddable":true,"href":"https:\/\/proservice.com.ar\/index.php\/wp-json\/wp\/v2\/product_brand?post=6280"},{"taxonomy":"product_cat","embeddable":true,"href":"https:\/\/proservice.com.ar\/index.php\/wp-json\/wp\/v2\/product_cat?post=6280"},{"taxonomy":"product_tag","embeddable":true,"href":"https:\/\/proservice.com.ar\/index.php\/wp-json\/wp\/v2\/product_tag?post=6280"}],"curies":[{"name":"wp","href":"https:\/\/api.w.org\/{rel}","templated":true}]}}