{"id":6284,"date":"2023-04-22T10:40:23","date_gmt":"2023-04-22T13:40:23","guid":{"rendered":"https:\/\/proservice.com.ar\/?post_type=product&#038;p=6284"},"modified":"2025-06-10T10:15:21","modified_gmt":"2025-06-10T13:15:21","slug":"tilta-full-camera-cage-lightweight-kit-for-sony-zv-e1-black","status":"publish","type":"product","link":"https:\/\/proservice.com.ar\/index.php\/product\/tilta-full-camera-cage-lightweight-kit-for-sony-zv-e1-black\/","title":{"rendered":"Tilta Full Camera Cage Lightweight Kit for Sony ZV-E1 (Black)"},"content":{"rendered":"<div class=\"title_OMS5rN7R1Z\">\n<div data-selenium=\"sellingPointsTitle\">Equipe su c\u00e1mara Sony ZV-E1 con este\u00a0kit liviano de cage completo para c\u00e1mara Tilta\u00a0de color negro para brindar protecci\u00f3n adicional a su dispositivo y al mismo tiempo ampliar sus opciones de montaje. El kit incluye un armaz\u00f3n completo para c\u00e1mara, un mango superior NATO y un adaptador de tornillo de 1\/4&#8243;-20 a riel NATO para montar el mango en el armaz\u00f3n. M\u00faltiples roscas antitorsi\u00f3n de 1\/4&#8243;-20, roscas M3 , una ranura para zapata fr\u00eda y un riel NATO ofrecen puntos de montaje para brazos articulados, monitores externos y micr\u00f3fonos de ca\u00f1\u00f3n.<\/div>\n<div data-selenium=\"sellingPointsTitle\"><\/div>\n<div class=\"text_TAw0W35QK_ comfy_TAw0W35QK_ sizeTitle4_TAw0W35QK_ weightBold_TAw0W35QK_ primary_i3MsQsqoe0\" data-selenium=\"sellingPointsTitle\"><strong>Caracter\u00edsticas Principales:\u00a0<\/strong><\/div>\n<\/div>\n<ul class=\"list_OMS5rN7R1Z\">\n<li class=\"listItem_OMS5rN7R1Z\" data-selenium=\"sellingPointsListItem\">Compatible con Sony ZV-E1.<\/li>\n<li class=\"listItem_OMS5rN7R1Z\" data-selenium=\"sellingPointsListItem\">Jaula completa para c\u00e1mara, asa superior<\/li>\n<li class=\"listItem_OMS5rN7R1Z\" data-selenium=\"sellingPointsListItem\">Adaptador de tornillo de 1\/4&#8243;-20 a riel NATO<\/li>\n<li class=\"listItem_OMS5rN7R1Z\" data-selenium=\"sellingPointsListItem\">M\u00faltiples roscas antitorsi\u00f3n de 1\/4&#8243;-20<\/li>\n<\/ul>\n","protected":false},"excerpt":{"rendered":"<p>Tilta Full Camera Cage Lightweight Kit for Sony ZV-E1 (Black)<\/p>\n","protected":false},"featured_media":6287,"template":"","meta":{"om_disable_all_campaigns":false},"pwb-brand":[],"product_brand":[],"product_cat":[59,84],"product_tag":[510],"class_list":{"0":"post-6284","1":"product","2":"type-product","3":"status-publish","4":"has-post-thumbnail","6":"product_cat-camera-cage-and-kit","7":"product_cat-tilta","8":"product_tag-ta-t35-b-b","10":"first","11":"onbackorder","12":"shipping-taxable","13":"product-type-simple"},"aioseo_notices":[],"jetpack_sharing_enabled":true,"brands":[],"_links":{"self":[{"href":"https:\/\/proservice.com.ar\/index.php\/wp-json\/wp\/v2\/product\/6284","targetHints":{"allow":["GET"]}}],"collection":[{"href":"https:\/\/proservice.com.ar\/index.php\/wp-json\/wp\/v2\/product"}],"about":[{"href":"https:\/\/proservice.com.ar\/index.php\/wp-json\/wp\/v2\/types\/product"}],"wp:featuredmedia":[{"embeddable":true,"href":"https:\/\/proservice.com.ar\/index.php\/wp-json\/wp\/v2\/media\/6287"}],"wp:attachment":[{"href":"https:\/\/proservice.com.ar\/index.php\/wp-json\/wp\/v2\/media?parent=6284"}],"wp:term":[{"taxonomy":"pwb-brand","embeddable":true,"href":"https:\/\/proservice.com.ar\/index.php\/wp-json\/wp\/v2\/pwb-brand?post=6284"},{"taxonomy":"product_brand","embeddable":true,"href":"https:\/\/proservice.com.ar\/index.php\/wp-json\/wp\/v2\/product_brand?post=6284"},{"taxonomy":"product_cat","embeddable":true,"href":"https:\/\/proservice.com.ar\/index.php\/wp-json\/wp\/v2\/product_cat?post=6284"},{"taxonomy":"product_tag","embeddable":true,"href":"https:\/\/proservice.com.ar\/index.php\/wp-json\/wp\/v2\/product_tag?post=6284"}],"curies":[{"name":"wp","href":"https:\/\/api.w.org\/{rel}","templated":true}]}}