{"id":6296,"date":"2024-04-22T10:52:31","date_gmt":"2024-04-22T13:52:31","guid":{"rendered":"https:\/\/proservice.com.ar\/?post_type=product&#038;p=6296"},"modified":"2025-12-03T10:49:03","modified_gmt":"2025-12-03T13:49:03","slug":"tilta-tiltaing-sony-a7-a9-series-kit-a-tilta-gray","status":"publish","type":"product","link":"https:\/\/proservice.com.ar\/index.php\/product\/tilta-tiltaing-sony-a7-a9-series-kit-a-tilta-gray\/","title":{"rendered":"Tilta Tiltaing Sony a7\/a9 Series Kit A (Tilta Gray)"},"content":{"rendered":"<div class=\"title_OMS5rN7R1Z\">\n<div data-selenium=\"sellingPointsTitle\">El\u00a0kit A Tiltaing Sony a7\/a9 Series\u00a0\u00a0de\u00a0Tilta , en Tilta Gray, incluye un cage que se ajusta f\u00e1cilmente a la forma, una correa para la mano, un asa superior de liberaci\u00f3n r\u00e1pida, placas de liberaci\u00f3n r\u00e1pida compatibles con Manfrotto y Arca, un cable micro-HDMI a HDMI y una abrazadera para cable. y dos placas inferiores que le permiten utilizar el kit con las c\u00e1maras a7\/a7S y a7S II\/a7R II\/a7R III. El kit proporciona un cage\u00a0 protector para su c\u00e1mara que incorpora veintis\u00e9is orificios de montaje de accesorios con rosca de 1\/4&#8243;-20.<\/div>\n<div data-selenium=\"sellingPointsTitle\"><\/div>\n<div class=\"text_TAw0W35QK_ comfy_TAw0W35QK_ sizeTitle4_TAw0W35QK_ weightBold_TAw0W35QK_ primary_i3MsQsqoe0\" data-selenium=\"sellingPointsTitle\"><strong>Caracter\u00edsticas Principales:\u00a0<\/strong><\/div>\n<\/div>\n<ul class=\"list_OMS5rN7R1Z\">\n<li class=\"listItem_OMS5rN7R1Z\" data-selenium=\"sellingPointsListItem\">Cage ajustada<\/li>\n<li class=\"listItem_OMS5rN7R1Z\" data-selenium=\"sellingPointsListItem\">Orificios de montaje de accesorios de 1\/4&#8243;-20<\/li>\n<li class=\"listItem_OMS5rN7R1Z\" data-selenium=\"sellingPointsListItem\">3 x zapatos fr\u00edos para accesorios de montaje<\/li>\n<li class=\"listItem_OMS5rN7R1Z\" data-selenium=\"sellingPointsListItem\">M\u00faltiples orificios de montaje para tr\u00edpode<\/li>\n<li class=\"listItem_OMS5rN7R1Z\" data-selenium=\"sellingPointsListItem\">Asa superior extra\u00edble<\/li>\n<li class=\"listItem_OMS5rN7R1Z\" data-selenium=\"sellingPointsListItem\">Abrazadera de cable Micro-HDMI a HDMI<\/li>\n<li class=\"listItem_OMS5rN7R1Z\" data-selenium=\"sellingPointsListItem\">Placa inferior para a7\/a7S<\/li>\n<li class=\"listItem_OMS5rN7R1Z\" data-selenium=\"sellingPointsListItem\">Placa inferior para a7S II\/a7R II\/a7R III<\/li>\n<\/ul>\n","protected":false},"excerpt":{"rendered":"<p>Tilta Tiltaing Sony a7\/a9 Series Kit A (Tilta Gray)<\/p>\n","protected":false},"featured_media":6299,"template":"","meta":{"om_disable_all_campaigns":false},"pwb-brand":[],"product_brand":[],"product_cat":[59,84],"product_tag":[513],"class_list":{"0":"post-6296","1":"product","2":"type-product","3":"status-publish","4":"has-post-thumbnail","6":"product_cat-camera-cage-and-kit","7":"product_cat-tilta","8":"product_tag-ta-t17-a-g","10":"first","11":"outofstock","12":"sale","13":"shipping-taxable","14":"purchasable","15":"product-type-simple"},"aioseo_notices":[],"jetpack_sharing_enabled":true,"brands":[],"_links":{"self":[{"href":"https:\/\/proservice.com.ar\/index.php\/wp-json\/wp\/v2\/product\/6296","targetHints":{"allow":["GET"]}}],"collection":[{"href":"https:\/\/proservice.com.ar\/index.php\/wp-json\/wp\/v2\/product"}],"about":[{"href":"https:\/\/proservice.com.ar\/index.php\/wp-json\/wp\/v2\/types\/product"}],"wp:featuredmedia":[{"embeddable":true,"href":"https:\/\/proservice.com.ar\/index.php\/wp-json\/wp\/v2\/media\/6299"}],"wp:attachment":[{"href":"https:\/\/proservice.com.ar\/index.php\/wp-json\/wp\/v2\/media?parent=6296"}],"wp:term":[{"taxonomy":"pwb-brand","embeddable":true,"href":"https:\/\/proservice.com.ar\/index.php\/wp-json\/wp\/v2\/pwb-brand?post=6296"},{"taxonomy":"product_brand","embeddable":true,"href":"https:\/\/proservice.com.ar\/index.php\/wp-json\/wp\/v2\/product_brand?post=6296"},{"taxonomy":"product_cat","embeddable":true,"href":"https:\/\/proservice.com.ar\/index.php\/wp-json\/wp\/v2\/product_cat?post=6296"},{"taxonomy":"product_tag","embeddable":true,"href":"https:\/\/proservice.com.ar\/index.php\/wp-json\/wp\/v2\/product_tag?post=6296"}],"curies":[{"name":"wp","href":"https:\/\/api.w.org\/{rel}","templated":true}]}}