{"id":6475,"date":"2022-07-31T16:20:58","date_gmt":"2022-07-31T19:20:58","guid":{"rendered":"https:\/\/proservice.com.ar\/?post_type=product&#038;p=6475"},"modified":"2026-02-02T15:09:27","modified_gmt":"2026-02-02T18:09:27","slug":"obsbot-tiny-2-ai-powered-ptz-4k-webcam","status":"publish","type":"product","link":"https:\/\/proservice.com.ar\/index.php\/product\/obsbot-tiny-2-ai-powered-ptz-4k-webcam\/","title":{"rendered":"OBSBOT Tiny 2 AI-Powered PTZ 4K Webcam"},"content":{"rendered":"<div class=\"title_OMS5rN7R1Z\">\n<p>Agregue una potente c\u00e1mara web a su entorno remoto, hogare\u00f1o o de sala de conferencias que pueda seguirlo por toda la habitaci\u00f3n con la c\u00e1mara web PTZ 4K con tecnolog\u00eda AI OBSBOT Tiny 2. La OBSBOT Tiny 2 es una c\u00e1mara web inteligente 4K actualizada que cuenta con control remoto por software de sus funciones de panor\u00e1mica, inclinaci\u00f3n y zoom, adem\u00e1s de permitir gestos con las manos para control y seguimiento autom\u00e1tico mediante reconocimiento de sujetos integrado.<br \/>\nEl Tiny 2 actualiza sus caracter\u00edsticas del Tiny 4K en muchas \u00e1reas, incluido un sensor CMOS 1\/1.5&#8243; 50MP m\u00e1s potente; zoom autom\u00e1tico AI actualizado, zona y seguimiento de manos con encuadre autom\u00e1tico; soporte PixGain HDR mejorado, ISO nativo dual para rendimiento de alta calidad con poca luz, transmisi\u00f3n de datos 10 veces m\u00e1s r\u00e1pida a trav\u00e9s de USB 3.1 Gen 1, control de gestos din\u00e1mico y un modo de suspensi\u00f3n mejorado.<\/p>\n<p>Seguimiento con IA y zoom autom\u00e1tico<br \/>\nOBSBOT Tiny 2, que se ha actualizado a partir del algoritmo de red de aprendizaje neuronal profundo de OBSBOT, ha heredado una tecnolog\u00eda de seguimiento precisa y fluida con una capacidad mejorada para utilizar el seguimiento de manos y el seguimiento de zonas. Y ahora incluso puede ajustar autom\u00e1ticamente la configuraci\u00f3n de zoom durante el seguimiento.<\/p>\n<p><strong>Caracter\u00edsticas principales:<\/strong><\/p>\n<\/div>\n<ul class=\"list_OMS5rN7R1Z\">\n<li class=\"listItem_OMS5rN7R1Z\" data-selenium=\"sellingPointsListItem\">C\u00e1mara web PTZ USB 4K compacta con zoom de 4x<\/li>\n<li class=\"listItem_OMS5rN7R1Z\" data-selenium=\"sellingPointsListItem\">CMOS de 1\/1,5&#8243;, ISO nativo dual<\/li>\n<li class=\"listItem_OMS5rN7R1Z\" data-selenium=\"sellingPointsListItem\">Captura hasta PixGain HDR 4K30<\/li>\n<li class=\"listItem_OMS5rN7R1Z\" data-selenium=\"sellingPointsListItem\">Seguimiento\/control de gestos\/voz de mano\/zona<\/li>\n<li class=\"listItem_OMS5rN7R1Z\" data-selenium=\"sellingPointsListItem\">Micr\u00f3fonos omnidireccionales integrados, LED Tally<\/li>\n<li class=\"listItem_OMS5rN7R1Z\" data-selenium=\"sellingPointsListItem\">Grabar y transmitir con computadora, modo escritorio<\/li>\n<li class=\"listItem_OMS5rN7R1Z\" data-selenium=\"sellingPointsListItem\">Micr\u00f3fonos omnidireccionales duales<\/li>\n<li class=\"listItem_OMS5rN7R1Z\" data-selenium=\"sellingPointsListItem\">Conexi\u00f3n r\u00e1pida de USB-C 3.0 a host tipo A<\/li>\n<li class=\"listItem_OMS5rN7R1Z\" data-selenium=\"sellingPointsListItem\">Reducci\u00f3n de ruido<\/li>\n<li class=\"listItem_OMS5rN7R1Z\" data-selenium=\"sellingPointsListItem\">Control con el software gratuito TinyCam<\/li>\n<\/ul>\n","protected":false},"excerpt":{"rendered":"<p>OWB-2204-CE<\/p>\n","protected":false},"featured_media":6478,"template":"","meta":{"om_disable_all_campaigns":false},"pwb-brand":[],"product_brand":[],"product_cat":[15,545],"product_tag":[548],"class_list":{"0":"post-6475","1":"product","2":"type-product","3":"status-publish","4":"has-post-thumbnail","6":"product_cat-camera","7":"product_cat-obsbot","8":"product_tag-owb-2204-ce","10":"first","11":"outofstock","12":"shipping-taxable","13":"purchasable","14":"product-type-simple"},"aioseo_notices":[],"jetpack_sharing_enabled":true,"brands":[],"_links":{"self":[{"href":"https:\/\/proservice.com.ar\/index.php\/wp-json\/wp\/v2\/product\/6475","targetHints":{"allow":["GET"]}}],"collection":[{"href":"https:\/\/proservice.com.ar\/index.php\/wp-json\/wp\/v2\/product"}],"about":[{"href":"https:\/\/proservice.com.ar\/index.php\/wp-json\/wp\/v2\/types\/product"}],"wp:featuredmedia":[{"embeddable":true,"href":"https:\/\/proservice.com.ar\/index.php\/wp-json\/wp\/v2\/media\/6478"}],"wp:attachment":[{"href":"https:\/\/proservice.com.ar\/index.php\/wp-json\/wp\/v2\/media?parent=6475"}],"wp:term":[{"taxonomy":"pwb-brand","embeddable":true,"href":"https:\/\/proservice.com.ar\/index.php\/wp-json\/wp\/v2\/pwb-brand?post=6475"},{"taxonomy":"product_brand","embeddable":true,"href":"https:\/\/proservice.com.ar\/index.php\/wp-json\/wp\/v2\/product_brand?post=6475"},{"taxonomy":"product_cat","embeddable":true,"href":"https:\/\/proservice.com.ar\/index.php\/wp-json\/wp\/v2\/product_cat?post=6475"},{"taxonomy":"product_tag","embeddable":true,"href":"https:\/\/proservice.com.ar\/index.php\/wp-json\/wp\/v2\/product_tag?post=6475"}],"curies":[{"name":"wp","href":"https:\/\/api.w.org\/{rel}","templated":true}]}}