{"id":6779,"date":"2024-11-09T17:23:33","date_gmt":"2024-11-09T20:23:33","guid":{"rendered":"https:\/\/proservice.com.ar\/?post_type=product&#038;p=6779"},"modified":"2025-10-28T16:11:10","modified_gmt":"2025-10-28T19:11:10","slug":"hollyland-pyro-7","status":"publish","type":"product","link":"https:\/\/proservice.com.ar\/index.php\/product\/hollyland-pyro-7\/","title":{"rendered":"Hollyland Pyro 7"},"content":{"rendered":"<p>Pyro 7 es un monitor inal\u00e1mbrico de 7 pulgadas que integra las funcionalidades de TX, RX y monitor, todo en uno. Utiliza la tecnolog\u00eda de salto de doble banda autom\u00e1tico (ADH, por sus siglas en ingl\u00e9s). Con 400 m y una latencia incre\u00edblemente baja de solo 60 ms, Pyro 7 admite transmisi\u00f3n de doble banda 2,4 GHz\/5 GHz y salto autom\u00e1tico de frecuencia. Su excepcional dise\u00f1o de hardware permite a Pyro 7 conectar simult\u00e1neamente un transmisor a cuatro receptores, y la comodidad de la monitorizaci\u00f3n de doble c\u00e1mara se consigue mediante teclas de acceso directo personalizables. Adem\u00e1s, el sistema HollyOS actualizado proporciona funciones mejoradas de an\u00e1lisis de im\u00e1genes y permite exportar archivos de v\u00eddeo a trav\u00e9s de una tarjeta SD externa. Pyro 7 es compatible con Pyro H y Pyro S, lo que significa que puede emparejar f\u00e1cilmente Pyro 7 con Pyro H o Pyro S. Esto le proporciona una mayor flexibilidad y escalabilidad para satisfacer diversas necesidades de monitorizaci\u00f3n.<\/p>\n<p><strong>1TX y 4RX<\/strong><br \/>\n<strong>Ofrece m\u00e1s flexibilidad cuando surgen necesidades adicionales de monitorizaci\u00f3n en el plat\u00f3.<\/strong><\/p>\n<p><strong>400 m (1300 pies) y latencia de 0,06 s<\/strong><br \/>\n<strong>Capacidad de transmisi\u00f3n inal\u00e1mbrica de largo alcance.<\/strong><\/p>\n<p><strong>Banda doble 2,4 GHz y 5 GHz<\/strong><br \/>\n<strong>Proporciona un mejor rendimiento y eficacia en la transmisi\u00f3n de se\u00f1ales.<\/strong><\/p>\n<p><strong>Salto de frecuencia autom\u00e1tico<\/strong><br \/>\n<strong>Garantiza una transmisi\u00f3n de v\u00eddeo inal\u00e1mbrico fiable y sin interrupciones.<\/strong><\/p>\n<p><strong>TX, RX y monitorizaci\u00f3n todo en uno<\/strong><br \/>\n<strong>Un dispositivo para satisfacer sus diversas necesidades<\/strong><\/p>\n<p><strong>7 pulgadas y 1200 nits<\/strong><br \/>\n<strong>7 pulgadas, mejor experiencia de monitorizaci\u00f3n. 1200 nits, clara y visible incluso en exteriores o en condiciones de iluminaci\u00f3n intensa.<\/strong><\/p>\n<p><strong>An\u00e1lisis de imagen preciso<\/strong><br \/>\n<strong>Funciones de an\u00e1lisis de imagen m\u00e1s precisas y avanzadas para usted.<\/strong><\/p>\n<p><strong>Bucle de salida SDI y HDMI<\/strong><br \/>\n<strong>Satisface las diversas necesidades de distintos grupos de usuarios.<\/strong><\/p>\n<p><strong>Transmisi\u00f3n RTMP<\/strong><br \/>\n<strong>Ideal para transmisi\u00f3n en vivo y videoconferencias.<\/strong><\/p>\n<p><strong>Tecnolog\u00eda de difusi\u00f3n Wi-Fi<\/strong><br \/>\n<strong>4 receptores. Ning\u00fan problema.<\/strong><\/p>\n<p>M\u00e1s flexible.<br \/>\nSatisface un mayor n\u00famero de necesidades de monitorizaci\u00f3n.<br \/>\nLa tecnolog\u00eda de difusi\u00f3n Wi-Fi de Pyro 7 permite que un transmisor se conecte a cuatro receptores con se\u00f1ales estables, lo que ofrece m\u00e1s flexibilidad cuando surgen necesidades de monitorizaci\u00f3n adicionales en el plat\u00f3.<\/p>\n<p>Modo de difusi\u00f3n<br \/>\nActivado<\/p>\n<figure id=\"attachment_6780\" aria-describedby=\"caption-attachment-6780\" style=\"width: 200px\" class=\"wp-caption alignleft\"><img loading=\"lazy\" decoding=\"async\" class=\"size-medium wp-image-6780\" src=\"https:\/\/proservice.com.ar\/wp-content\/uploads\/2024\/11\/Screen-Shot-2024-11-09-at-15.10.48-200x195.png\" alt=\"Pyro 7 modo difusion\" width=\"200\" height=\"195\" srcset=\"https:\/\/proservice.com.ar\/wp-content\/uploads\/2024\/11\/Screen-Shot-2024-11-09-at-15.10.48-200x195.png 200w, https:\/\/proservice.com.ar\/wp-content\/uploads\/2024\/11\/Screen-Shot-2024-11-09-at-15.10.48-850x828.png 850w, https:\/\/proservice.com.ar\/wp-content\/uploads\/2024\/11\/Screen-Shot-2024-11-09-at-15.10.48-768x748.png 768w, https:\/\/proservice.com.ar\/wp-content\/uploads\/2024\/11\/Screen-Shot-2024-11-09-at-15.10.48-369x360.png 369w, https:\/\/proservice.com.ar\/wp-content\/uploads\/2024\/11\/Screen-Shot-2024-11-09-at-15.10.48-600x585.png 600w, https:\/\/proservice.com.ar\/wp-content\/uploads\/2024\/11\/Screen-Shot-2024-11-09-at-15.10.48-64x62.png 64w, https:\/\/proservice.com.ar\/wp-content\/uploads\/2024\/11\/Screen-Shot-2024-11-09-at-15.10.48.png 1172w\" sizes=\"auto, (max-width: 200px) 100vw, 200px\" \/><figcaption id=\"caption-attachment-6780\" class=\"wp-caption-text\">Pyro 7 modo difusion<\/figcaption><\/figure>\n<p>&nbsp;<\/p>\n<p>&nbsp;<\/p>\n<p>Cuando el modo de difusi\u00f3n est\u00e1 activado, el transmisor puede transmitir se\u00f1ales a un m\u00e1ximo de cuatro receptores.<\/p>\n<p>&nbsp;<\/p>\n<p>&nbsp;<\/p>\n<p>&nbsp;<\/p>\n<div class=\"section-subtitle hl-fade\">Potencia duplicada<\/div>\n<div><\/div>\n<div>Alcance de transmisi\u00f3n 400\u00a0m \u00a0&#8211; Baja latencia 60\u00a0ms &#8211; Tecnolog\u00eda de doble banda 2,4\u00a0Ghz\/5\u00a0GHz<\/div>\n<div class=\"section-title hl-fade\"><img loading=\"lazy\" decoding=\"async\" class=\"alignright size-medium wp-image-6781\" src=\"https:\/\/proservice.com.ar\/wp-content\/uploads\/2024\/11\/Screen-Shot-2024-11-09-at-15.14.59-200x153.png\" alt=\"Pyro 7 Display\" width=\"200\" height=\"153\" srcset=\"https:\/\/proservice.com.ar\/wp-content\/uploads\/2024\/11\/Screen-Shot-2024-11-09-at-15.14.59-200x153.png 200w, https:\/\/proservice.com.ar\/wp-content\/uploads\/2024\/11\/Screen-Shot-2024-11-09-at-15.14.59-850x648.png 850w, https:\/\/proservice.com.ar\/wp-content\/uploads\/2024\/11\/Screen-Shot-2024-11-09-at-15.14.59-768x586.png 768w, https:\/\/proservice.com.ar\/wp-content\/uploads\/2024\/11\/Screen-Shot-2024-11-09-at-15.14.59-369x281.png 369w, https:\/\/proservice.com.ar\/wp-content\/uploads\/2024\/11\/Screen-Shot-2024-11-09-at-15.14.59-600x458.png 600w, https:\/\/proservice.com.ar\/wp-content\/uploads\/2024\/11\/Screen-Shot-2024-11-09-at-15.14.59-64x49.png 64w, https:\/\/proservice.com.ar\/wp-content\/uploads\/2024\/11\/Screen-Shot-2024-11-09-at-15.14.59.png 1458w\" sizes=\"auto, (max-width: 200px) 100vw, 200px\" \/><\/div>\n<div class=\"section-title hl-fade\">M\u00e1s r\u00e1pida.\u00a0M\u00e1s distancia.\u00a0M\u00e1s potente.<\/div>\n<div><\/div>\n<div class=\"section-description hl-fade\">Con tecnolog\u00eda de doble banda de 2,4 y 5\u00a0GHz de desarrollo propio, Pyro 7 ofrece un alcance de transmisi\u00f3n estable de hasta 400\u00a0m. Consigue una latencia de transmisi\u00f3n m\u00ednima de 60\u00a0ms gracias a chips mejorados y algoritmos optimizados de codificaci\u00f3n y descodificaci\u00f3n de v\u00eddeo.<\/div>\n<div><\/div>\n<div>\n<div class=\"section-item hl-fade\">\n<div class=\"section-item-title\"><\/div>\n<div class=\"section-item-description\">An\u00e1lisis de imagen preciso,\u00a0experiencia mejorada<\/div>\n<\/div>\n<\/div>\n<div><\/div>\n<div>\n<div class=\"section-item active\">\n<div class=\"section-icon\">\n<p><img decoding=\"async\" class=\"default-icon\" src=\"https:\/\/hollyland.oss-us-east-1.aliyuncs.com\/official-website\/product\/pyro7\/icon_wjnP4p.svg\" alt=\"icon wjnP4p\" \/><img decoding=\"async\" class=\"light-icon\" src=\"https:\/\/hollyland.oss-us-east-1.aliyuncs.com\/official-website\/product\/pyro7\/icon_W2DfT4.svg\" alt=\"icon W2DfT4\" \/> Forma de onda \u00a0 \u00a0&#8211; \u00a0\u00a0<img decoding=\"async\" class=\"default-icon\" src=\"https:\/\/hollyland.oss-us-east-1.aliyuncs.com\/official-website\/product\/pyro7\/icon_xxTXiW.svg\" alt=\"\" \/><img decoding=\"async\" class=\"light-icon\" src=\"https:\/\/hollyland.oss-us-east-1.aliyuncs.com\/official-website\/product\/pyro7\/icon_DAydiw.svg\" alt=\"icon DAydiw\" \/>\u00a0Ayuda de enfoque \u00a0&#8211; \u00a0\u00a0<img decoding=\"async\" class=\"default-icon\" src=\"https:\/\/hollyland.oss-us-east-1.aliyuncs.com\/official-website\/product\/pyro7\/icon_WDsMrS.svg\" alt=\"icon WDsMrS\" \/><img decoding=\"async\" class=\"light-icon\" src=\"https:\/\/hollyland.oss-us-east-1.aliyuncs.com\/official-website\/product\/pyro7\/icon_RkrZwN.svg\" alt=\"icon RkrZwN\" \/> Patr\u00f3n de cebra \u00a0&#8211; \u00a0<img decoding=\"async\" class=\"light-icon\" src=\"https:\/\/hollyland.oss-us-east-1.aliyuncs.com\/official-website\/product\/pyro7\/icon_P6KmdC.svg\" alt=\"icon P6KmdC\" \/><img decoding=\"async\" class=\"default-icon\" src=\"https:\/\/hollyland.oss-us-east-1.aliyuncs.com\/official-website\/product\/pyro7\/icon_iKeYF8.svg\" alt=\"icon iKeYF8\" \/>Color falso \u00a0&#8211; \u00a0<img decoding=\"async\" class=\"default-icon\" src=\"https:\/\/hollyland.oss-us-east-1.aliyuncs.com\/official-website\/product\/pyro7\/icon_hxWTNn.svg\" alt=\"\" \/><img decoding=\"async\" class=\"light-icon\" src=\"https:\/\/hollyland.oss-us-east-1.aliyuncs.com\/official-website\/product\/pyro7\/icon_J4Dz46.svg\" alt=\"icon J4Dz46\" \/>\u00a0 \u00a0LUT 3D \u00a0 &#8211; \u00a0<img decoding=\"async\" class=\"default-icon\" src=\"https:\/\/hollyland.oss-us-east-1.aliyuncs.com\/official-website\/product\/pyro7\/icon_xj84m3.svg\" alt=\"\" \/><img decoding=\"async\" class=\"light-icon\" src=\"https:\/\/hollyland.oss-us-east-1.aliyuncs.com\/official-website\/product\/pyro7\/icon_ybwDNR.svg\" alt=\"icon ybwDNR\" \/>\u00a0 \u00a0Superposici\u00f3n de im\u00e1genes<\/p>\n<\/div>\n<\/div>\n<div class=\"section-item\">\n<div><\/div>\n<\/div>\n<\/div>\n<div class=\"section-item\">\n<div class=\"section-item-title\">Tarjeta SD \u00a0 &#8211; \u00a0 Aplicaci\u00f3n LUT \u00a0 &#8211; \u00a0Carpeta personalizada<\/div>\n<\/div>\n<div>\n<div style=\"width: 640px;\" class=\"wp-video\"><video class=\"wp-video-shortcode\" id=\"video-6779-1\" width=\"640\" height=\"360\" preload=\"metadata\" controls=\"controls\"><source type=\"video\/webm\" src=\"https:\/\/hollyland.oss-us-east-1.aliyuncs.com\/official-website\/product\/pyro7\/video-possibilities.webm?_=1\" \/><a href=\"https:\/\/hollyland.oss-us-east-1.aliyuncs.com\/official-website\/product\/pyro7\/video-possibilities.webm\">https:\/\/hollyland.oss-us-east-1.aliyuncs.com\/official-website\/product\/pyro7\/video-possibilities.webm<\/a><\/video><\/div>\n<\/div>\n","protected":false},"excerpt":{"rendered":"<p>Pyro 7 es un monitor inal\u00e1mbrico de 7 pulgadas que integra las funcionalidades de TX, RX<\/p>\n","protected":false},"featured_media":6782,"template":"","meta":{"om_disable_all_campaigns":false},"pwb-brand":[],"product_brand":[],"product_cat":[77,63,424],"product_tag":[563],"class_list":{"0":"post-6779","1":"product","2":"type-product","3":"status-publish","4":"has-post-thumbnail","6":"product_cat-hollyland","7":"product_cat-monitors-multiview","8":"product_cat-wireless-video","9":"product_tag-pyro-7","11":"first","12":"outofstock","13":"sale","14":"shipping-taxable","15":"purchasable","16":"product-type-simple"},"aioseo_notices":[],"jetpack_sharing_enabled":true,"brands":[],"_links":{"self":[{"href":"https:\/\/proservice.com.ar\/index.php\/wp-json\/wp\/v2\/product\/6779","targetHints":{"allow":["GET"]}}],"collection":[{"href":"https:\/\/proservice.com.ar\/index.php\/wp-json\/wp\/v2\/product"}],"about":[{"href":"https:\/\/proservice.com.ar\/index.php\/wp-json\/wp\/v2\/types\/product"}],"wp:featuredmedia":[{"embeddable":true,"href":"https:\/\/proservice.com.ar\/index.php\/wp-json\/wp\/v2\/media\/6782"}],"wp:attachment":[{"href":"https:\/\/proservice.com.ar\/index.php\/wp-json\/wp\/v2\/media?parent=6779"}],"wp:term":[{"taxonomy":"pwb-brand","embeddable":true,"href":"https:\/\/proservice.com.ar\/index.php\/wp-json\/wp\/v2\/pwb-brand?post=6779"},{"taxonomy":"product_brand","embeddable":true,"href":"https:\/\/proservice.com.ar\/index.php\/wp-json\/wp\/v2\/product_brand?post=6779"},{"taxonomy":"product_cat","embeddable":true,"href":"https:\/\/proservice.com.ar\/index.php\/wp-json\/wp\/v2\/product_cat?post=6779"},{"taxonomy":"product_tag","embeddable":true,"href":"https:\/\/proservice.com.ar\/index.php\/wp-json\/wp\/v2\/product_tag?post=6779"}],"curies":[{"name":"wp","href":"https:\/\/api.w.org\/{rel}","templated":true}]}}