{"id":6806,"date":"2021-12-13T12:44:55","date_gmt":"2021-12-13T15:44:55","guid":{"rendered":"https:\/\/proservice.com.ar\/?post_type=product&#038;p=6806"},"modified":"2025-05-12T14:12:32","modified_gmt":"2025-05-12T17:12:32","slug":"blackmagic-design-davinci-resolve-editor-keyboard-with-resolve-software","status":"publish","type":"product","link":"https:\/\/proservice.com.ar\/index.php\/product\/blackmagic-design-davinci-resolve-editor-keyboard-with-resolve-software\/","title":{"rendered":"Blackmagic Design DaVinci Resolve Editor Keyboard with Resolve Software"},"content":{"rendered":"<p>Dise\u00f1ado para DaVinci Resolve 16 y versiones posteriores, el teclado DaVinci Resolve Editor Keyboard de Blackmagic Design presenta una estructura totalmente met\u00e1lica y cuenta con teclas de edici\u00f3n profesionales y una rueda de b\u00fasqueda de alta calidad, lo que permite editar con ambas manos. Por ejemplo, puede controlar la posici\u00f3n dentro de un clip con la mano derecha mientras establece puntos de entrada y salida y aplica ediciones con la izquierda. Seg\u00fan los comentarios de los profesionales, el teclado Resolve Editor Keyboard incluso tiene caracter\u00edsticas de dise\u00f1o sutiles, como un espacio vac\u00edo sobre ciertas teclas, para que se puedan ubicar al tacto. Se conecta a un puerto USB tipo C y funciona sin bater\u00edas. El teclado se puede usar en un escritorio o insertar en una consola a trav\u00e9s de una brida. El software DaVinci Resolve est\u00e1 incluido.<\/p>\n<div class=\"title_OMS5rN7R1Z\">\n<div class=\"text_TAw0W35QK_ comfy_TAw0W35QK_ sizeTitle4_TAw0W35QK_ weightBold_TAw0W35QK_ primary_i3MsQsqoe0\" data-selenium=\"sellingPointsTitle\"><span>Caracter\u00edsticas principales:<\/span><\/div>\n<\/div>\n<ul class=\"list_OMS5rN7R1Z\">\n<li class=\"listItem_OMS5rN7R1Z\" data-selenium=\"sellingPointsListItem\"><span>Dise\u00f1o totalmente met\u00e1lico con reposamanos<\/span><\/li>\n<li class=\"listItem_OMS5rN7R1Z\" data-selenium=\"sellingPointsListItem\"><span>Claves de alta calidad con perfil escalonado<\/span><\/li>\n<li class=\"listItem_OMS5rN7R1Z\" data-selenium=\"sellingPointsListItem\"><span>Rueda de b\u00fasqueda premium<\/span><\/li>\n<li class=\"listItem_OMS5rN7R1Z\" data-selenium=\"sellingPointsListItem\"><span>Puntos de entrada y salida r\u00e1pidos<\/span><\/li>\n<li class=\"listItem_OMS5rN7R1Z\" data-selenium=\"sellingPointsListItem\"><span>Modos de edici\u00f3n del teclado inteligente<\/span><\/li>\n<li class=\"listItem_OMS5rN7R1Z\" data-selenium=\"sellingPointsListItem\"><span>Inserci\u00f3n inteligente, anexar al final<\/span><\/li>\n<li class=\"listItem_OMS5rN7R1Z\" data-selenium=\"sellingPointsListItem\"><span>Sobrescritura de ondulaci\u00f3n, colocar en la parte superior<\/span><\/li>\n<li class=\"listItem_OMS5rN7R1Z\" data-selenium=\"sellingPointsListItem\"><span>Teclado de entrada directa de c\u00f3digo de tiempo y mucho m\u00e1s<\/span><\/li>\n<li class=\"listItem_OMS5rN7R1Z\" data-selenium=\"sellingPointsListItem\"><span>Utilice Desktop o Inset en una consola<\/span><\/li>\n<li class=\"listItem_OMS5rN7R1Z\" data-selenium=\"sellingPointsListItem\"><span>Compatible con USB tipo C<\/span><\/li>\n<\/ul>\n","protected":false},"excerpt":{"rendered":"<p>Blackmagic Design DaVinci Resolve Editor Keyboard with Resolve Software<\/p>\n","protected":false},"featured_media":6809,"template":"","meta":{"om_disable_all_campaigns":false},"pwb-brand":[],"product_brand":[],"product_cat":[71,61],"product_tag":[568],"class_list":{"0":"post-6806","1":"product","2":"type-product","3":"status-publish","4":"has-post-thumbnail","6":"product_cat-blackmagic-design","7":"product_cat-keyboard-and-control-panel","8":"product_tag-dv-res-bbpnlmlekb","10":"first","11":"onbackorder","12":"shipping-taxable","13":"product-type-simple"},"aioseo_notices":[],"jetpack_sharing_enabled":true,"brands":[],"_links":{"self":[{"href":"https:\/\/proservice.com.ar\/index.php\/wp-json\/wp\/v2\/product\/6806","targetHints":{"allow":["GET"]}}],"collection":[{"href":"https:\/\/proservice.com.ar\/index.php\/wp-json\/wp\/v2\/product"}],"about":[{"href":"https:\/\/proservice.com.ar\/index.php\/wp-json\/wp\/v2\/types\/product"}],"wp:featuredmedia":[{"embeddable":true,"href":"https:\/\/proservice.com.ar\/index.php\/wp-json\/wp\/v2\/media\/6809"}],"wp:attachment":[{"href":"https:\/\/proservice.com.ar\/index.php\/wp-json\/wp\/v2\/media?parent=6806"}],"wp:term":[{"taxonomy":"pwb-brand","embeddable":true,"href":"https:\/\/proservice.com.ar\/index.php\/wp-json\/wp\/v2\/pwb-brand?post=6806"},{"taxonomy":"product_brand","embeddable":true,"href":"https:\/\/proservice.com.ar\/index.php\/wp-json\/wp\/v2\/product_brand?post=6806"},{"taxonomy":"product_cat","embeddable":true,"href":"https:\/\/proservice.com.ar\/index.php\/wp-json\/wp\/v2\/product_cat?post=6806"},{"taxonomy":"product_tag","embeddable":true,"href":"https:\/\/proservice.com.ar\/index.php\/wp-json\/wp\/v2\/product_tag?post=6806"}],"curies":[{"name":"wp","href":"https:\/\/api.w.org\/{rel}","templated":true}]}}