{"id":6837,"date":"2024-12-26T16:14:35","date_gmt":"2024-12-26T19:14:35","guid":{"rendered":"https:\/\/proservice.com.ar\/?post_type=product&#038;p=6837"},"modified":"2026-02-18T10:02:03","modified_gmt":"2026-02-18T13:02:03","slug":"blackmagic-design-mini-converter-sdi-to-analog","status":"publish","type":"product","link":"https:\/\/proservice.com.ar\/index.php\/product\/blackmagic-design-mini-converter-sdi-to-analog\/","title":{"rendered":"Blackmagic Design Mini Converter SDI to Analog"},"content":{"rendered":"<p>Este modelo permite procesar contenidos SDI para obtener se\u00f1ales anal\u00f3gicas por componentes, compuestas (NTSC\/PAL) o S-Video. Asimismo, brinda compatibilidad con todos los formatos en SD y HD hasta una resoluci\u00f3n m\u00e1xima de 1080p30 y permite convertir im\u00e1genes HD a formatos anal\u00f3gicos SD, p. ej. S-Video y NTSC\/PAL. Por otra parte, permite obtener canales de audio anal\u00f3gico balanceado o AES\/EBU. Este conversor es ideal para emplear equipos anal\u00f3gicos de m\u00e1s antiguos cuando no es necesario invertir en la versi\u00f3n SDI 6G 4K.<\/p>\n<div class=\"feature_UbV5SNP5Eo\">\n<div class=\"featureHeader_UbV5SNP5Eo\">\n<div class=\"text_TAw0W35QK_ comfy_TAw0W35QK_ sizeTitle2_TAw0W35QK_ weightNormal_TAw0W35QK_ primary_i3MsQsqoe0\">Conversi\u00f3n de SDI a anal\u00f3gico<\/div>\n<\/div>\n<div>\n<div class=\"js-injected-html text_UbV5SNP5Eo\">Utilice este dispositivo para convertir se\u00f1ales de v\u00eddeo SDI a salida anal\u00f3gica.<\/div>\n<\/div>\n<\/div>\n<div class=\"feature_UbV5SNP5Eo\">\n<div class=\"featureHeader_UbV5SNP5Eo\">\n<div class=\"text_TAw0W35QK_ comfy_TAw0W35QK_ sizeTitle2_TAw0W35QK_ weightNormal_TAw0W35QK_ primary_i3MsQsqoe0\">Audio integrado<\/div>\n<\/div>\n<div>\n<div class=\"js-injected-html text_UbV5SNP5Eo\">El convertidor puede desincrustar audio de una se\u00f1al SDI para que pueda emitirlo a trav\u00e9s de las salidas anal\u00f3gicas.<\/div>\n<\/div>\n<\/div>\n","protected":false},"excerpt":{"rendered":"<p>Mini Converter SDI to Analog<\/p>\n","protected":false},"featured_media":6840,"template":"","meta":{"om_disable_all_campaigns":false},"pwb-brand":[],"product_brand":[],"product_cat":[71,57],"product_tag":[572],"class_list":{"0":"post-6837","1":"product","2":"type-product","3":"status-publish","4":"has-post-thumbnail","6":"product_cat-blackmagic-design","7":"product_cat-converter","8":"product_tag-convmasa","10":"first","11":"outofstock","12":"shipping-taxable","13":"product-type-simple"},"aioseo_notices":[],"jetpack_sharing_enabled":true,"brands":[],"_links":{"self":[{"href":"https:\/\/proservice.com.ar\/index.php\/wp-json\/wp\/v2\/product\/6837","targetHints":{"allow":["GET"]}}],"collection":[{"href":"https:\/\/proservice.com.ar\/index.php\/wp-json\/wp\/v2\/product"}],"about":[{"href":"https:\/\/proservice.com.ar\/index.php\/wp-json\/wp\/v2\/types\/product"}],"wp:featuredmedia":[{"embeddable":true,"href":"https:\/\/proservice.com.ar\/index.php\/wp-json\/wp\/v2\/media\/6840"}],"wp:attachment":[{"href":"https:\/\/proservice.com.ar\/index.php\/wp-json\/wp\/v2\/media?parent=6837"}],"wp:term":[{"taxonomy":"pwb-brand","embeddable":true,"href":"https:\/\/proservice.com.ar\/index.php\/wp-json\/wp\/v2\/pwb-brand?post=6837"},{"taxonomy":"product_brand","embeddable":true,"href":"https:\/\/proservice.com.ar\/index.php\/wp-json\/wp\/v2\/product_brand?post=6837"},{"taxonomy":"product_cat","embeddable":true,"href":"https:\/\/proservice.com.ar\/index.php\/wp-json\/wp\/v2\/product_cat?post=6837"},{"taxonomy":"product_tag","embeddable":true,"href":"https:\/\/proservice.com.ar\/index.php\/wp-json\/wp\/v2\/product_tag?post=6837"}],"curies":[{"name":"wp","href":"https:\/\/api.w.org\/{rel}","templated":true}]}}