{"id":6914,"date":"2022-01-17T16:15:02","date_gmt":"2022-01-17T19:15:02","guid":{"rendered":"https:\/\/proservice.com.ar\/?post_type=product&#038;p=6914"},"modified":"2025-07-28T09:19:57","modified_gmt":"2025-07-28T12:19:57","slug":"tilta-full-camera-cage-for-sony-a7s-iii-tactical-gray","status":"publish","type":"product","link":"https:\/\/proservice.com.ar\/index.php\/product\/tilta-full-camera-cage-for-sony-a7s-iii-tactical-gray\/","title":{"rendered":"Tilta Full Camera Cage for Sony a7S III (Tactical Gray)"},"content":{"rendered":"<div class=\"title_OMS5rN7R1Z\">\n<div data-selenium=\"sellingPointsTitle\">Con un dise\u00f1o robusto de cuatro lados en gris t\u00e1ctico, el cage Tilta Full Camera Cage para Sony a7S III ofrece dos monturas para zapatas, un puerto para varilla de 15 mm y una roseta est\u00e1ndar ARRI con una rosca M6 para colocar empu\u00f1aduras opcionales. El puerto para varilla, que est\u00e1 integrado en la jaula, se asegura firmemente con un tornillo integrado en la parte posterior del puerto, utilizando una llave Allen incluida. La jaula tambi\u00e9n ofrece roscas de montaje de 1\/4&#8243;-20 y 3\/8&#8243;-16 para accesorios, y hay m\u00faltiples roscas de 1\/4&#8243;-20 en la parte inferior de la jaula que le permiten encontrar el equilibrio \u00f3ptimo para su c\u00e1mara al montarla en tr\u00edpodes, estabilizadores y otros soportes.<\/div>\n<div data-selenium=\"sellingPointsTitle\"><\/div>\n<div class=\"text_TAw0W35QK_ comfy_TAw0W35QK_ sizeTitle4_TAw0W35QK_ weightBold_TAw0W35QK_ primary_i3MsQsqoe0\" data-selenium=\"sellingPointsTitle\"><strong>Caracter\u00edsticas principales<\/strong><\/div>\n<\/div>\n<ul class=\"list_OMS5rN7R1Z\">\n<li class=\"listItem_OMS5rN7R1Z\" data-selenium=\"sellingPointsListItem\">2 x soportes para zapatos<\/li>\n<li class=\"listItem_OMS5rN7R1Z\" data-selenium=\"sellingPointsListItem\">Puerto de varilla de 15 mm<\/li>\n<li class=\"listItem_OMS5rN7R1Z\" data-selenium=\"sellingPointsListItem\">Roseta est\u00e1ndar ARRI con rosca M6<\/li>\n<li class=\"listItem_OMS5rN7R1Z\" data-selenium=\"sellingPointsListItem\">Roscas para accesorios de 1\/4&#8243;-20 y 3\/8&#8243;-16<\/li>\n<li class=\"listItem_OMS5rN7R1Z\" data-selenium=\"sellingPointsListItem\">Varias roscas para tr\u00edpode\/card\u00e1n de 1\/4&#8243;-20<\/li>\n<\/ul>\n","protected":false},"excerpt":{"rendered":"<p>TA-T18-FCC<\/p>\n","protected":false},"featured_media":6917,"template":"","meta":{"om_disable_all_campaigns":false},"pwb-brand":[],"product_brand":[],"product_cat":[59,84],"product_tag":[580],"class_list":{"0":"post-6914","1":"product","2":"type-product","3":"status-publish","4":"has-post-thumbnail","6":"product_cat-camera-cage-and-kit","7":"product_cat-tilta","8":"product_tag-ta-t18-fcc","10":"first","11":"outofstock","12":"shipping-taxable","13":"purchasable","14":"product-type-simple"},"aioseo_notices":[],"jetpack_sharing_enabled":true,"brands":[],"_links":{"self":[{"href":"https:\/\/proservice.com.ar\/index.php\/wp-json\/wp\/v2\/product\/6914","targetHints":{"allow":["GET"]}}],"collection":[{"href":"https:\/\/proservice.com.ar\/index.php\/wp-json\/wp\/v2\/product"}],"about":[{"href":"https:\/\/proservice.com.ar\/index.php\/wp-json\/wp\/v2\/types\/product"}],"wp:featuredmedia":[{"embeddable":true,"href":"https:\/\/proservice.com.ar\/index.php\/wp-json\/wp\/v2\/media\/6917"}],"wp:attachment":[{"href":"https:\/\/proservice.com.ar\/index.php\/wp-json\/wp\/v2\/media?parent=6914"}],"wp:term":[{"taxonomy":"pwb-brand","embeddable":true,"href":"https:\/\/proservice.com.ar\/index.php\/wp-json\/wp\/v2\/pwb-brand?post=6914"},{"taxonomy":"product_brand","embeddable":true,"href":"https:\/\/proservice.com.ar\/index.php\/wp-json\/wp\/v2\/product_brand?post=6914"},{"taxonomy":"product_cat","embeddable":true,"href":"https:\/\/proservice.com.ar\/index.php\/wp-json\/wp\/v2\/product_cat?post=6914"},{"taxonomy":"product_tag","embeddable":true,"href":"https:\/\/proservice.com.ar\/index.php\/wp-json\/wp\/v2\/product_tag?post=6914"}],"curies":[{"name":"wp","href":"https:\/\/api.w.org\/{rel}","templated":true}]}}