{"id":6938,"date":"2024-01-28T10:57:58","date_gmt":"2024-01-28T13:57:58","guid":{"rendered":"https:\/\/proservice.com.ar\/?post_type=product&#038;p=6938"},"modified":"2025-05-22T13:28:00","modified_gmt":"2025-05-22T16:28:00","slug":"hollyland-solidcom-se-global-2s-2-person-full-duplex-single-ear-noise-canceling-headset-intercom-system-2-4-ghz","status":"publish","type":"product","link":"https:\/\/proservice.com.ar\/index.php\/product\/hollyland-solidcom-se-global-2s-2-person-full-duplex-single-ear-noise-canceling-headset-intercom-system-2-4-ghz\/","title":{"rendered":"Hollyland Solidcom SE Global 2S 2-Person Full-Duplex Single-Ear Noise-Canceling Headset Intercom System (2.4 GHz)"},"content":{"rendered":"<div class=\"title_OMS5rN7R1Z\">\n<div class=\"text_TAw0W35QK_ comfy_TAw0W35QK_ sizeTitle4_TAw0W35QK_ weightBold_TAw0W35QK_ primary_i3MsQsqoe0\" data-selenium=\"sellingPointsTitle\">\n<div class=\"section-exception\">\n<div class=\"medium-width\">\n<div class=\"section-description hl-fade\">Solidcom SE Global Version es lo que necesitan los equipos de producci\u00f3n peque\u00f1os para llevar su experiencia de comunicaci\u00f3n al siguiente nivel. Dise\u00f1ado con un enfoque en la asequibilidad sin comprometer la calidad, el sistema de comunicaci\u00f3n full-duplex de 2,4 GHz cuenta con un factor de forma liviano, cancelaci\u00f3n avanzada de ruido ambiental y resistencia al agua, entre otras caracter\u00edsticas, lo que permite a los miembros del equipo colaborar de manera efectiva en diversos entornos, incluida la producci\u00f3n de videos comerciales y las operaciones en el agua.<\/div>\n<\/div>\n<\/div>\n<div class=\"section-features\">\n<div class=\"large-width\"><\/div>\n<\/div>\n<p><strong>Caracter\u00edsticas principales<\/strong><\/p>\n<\/div>\n<\/div>\n<ul class=\"list_OMS5rN7R1Z\">\n<li class=\"listItem_OMS5rN7R1Z\" data-selenium=\"sellingPointsListItem\">Soporte de comunicaci\u00f3n full-duplex<\/li>\n<li class=\"listItem_OMS5rN7R1Z\" data-selenium=\"sellingPointsListItem\">Frecuencia de funcionamiento de 2,4 GHz<\/li>\n<li class=\"listItem_OMS5rN7R1Z\" data-selenium=\"sellingPointsListItem\">Brazo de micr\u00f3fono ajustable con pulsador para hablar<\/li>\n<li class=\"listItem_OMS5rN7R1Z\" data-selenium=\"sellingPointsListItem\">Alcance de l\u00ednea de visi\u00f3n de 350m<\/li>\n<li class=\"listItem_OMS5rN7R1Z\" data-selenium=\"sellingPointsListItem\">Tecnolog\u00eda confiable de salto de frecuencia<\/li>\n<li class=\"listItem_OMS5rN7R1Z\" data-selenium=\"sellingPointsListItem\">Resistente al viento y al agua<\/li>\n<li class=\"listItem_OMS5rN7R1Z\" data-selenium=\"sellingPointsListItem\">Maestro: hasta 10 horas de duraci\u00f3n de bater\u00eda<\/li>\n<li class=\"listItem_OMS5rN7R1Z\" data-selenium=\"sellingPointsListItem\">Control remoto: hasta 12 horas de duraci\u00f3n de bater\u00eda<\/li>\n<li class=\"listItem_OMS5rN7R1Z\" data-selenium=\"sellingPointsListItem\">Incluye bater\u00edas y cargador de 6 ranuras<\/li>\n<\/ul>\n","protected":false},"excerpt":{"rendered":"<p>SOLIDCOM SE &#8211; 2SGV<\/p>\n","protected":false},"featured_media":6942,"template":"","meta":{"om_disable_all_campaigns":false},"pwb-brand":[],"product_brand":[],"product_cat":[55,77,640],"product_tag":[584],"class_list":{"0":"post-6938","1":"product","2":"type-product","3":"status-publish","4":"has-post-thumbnail","6":"product_cat-audio","7":"product_cat-hollyland","8":"product_cat-intercom","9":"product_tag-solidcom-se-2sgv","11":"first","12":"onbackorder","13":"shipping-taxable","14":"product-type-simple"},"aioseo_notices":[],"jetpack_sharing_enabled":true,"brands":[],"_links":{"self":[{"href":"https:\/\/proservice.com.ar\/index.php\/wp-json\/wp\/v2\/product\/6938","targetHints":{"allow":["GET"]}}],"collection":[{"href":"https:\/\/proservice.com.ar\/index.php\/wp-json\/wp\/v2\/product"}],"about":[{"href":"https:\/\/proservice.com.ar\/index.php\/wp-json\/wp\/v2\/types\/product"}],"wp:featuredmedia":[{"embeddable":true,"href":"https:\/\/proservice.com.ar\/index.php\/wp-json\/wp\/v2\/media\/6942"}],"wp:attachment":[{"href":"https:\/\/proservice.com.ar\/index.php\/wp-json\/wp\/v2\/media?parent=6938"}],"wp:term":[{"taxonomy":"pwb-brand","embeddable":true,"href":"https:\/\/proservice.com.ar\/index.php\/wp-json\/wp\/v2\/pwb-brand?post=6938"},{"taxonomy":"product_brand","embeddable":true,"href":"https:\/\/proservice.com.ar\/index.php\/wp-json\/wp\/v2\/product_brand?post=6938"},{"taxonomy":"product_cat","embeddable":true,"href":"https:\/\/proservice.com.ar\/index.php\/wp-json\/wp\/v2\/product_cat?post=6938"},{"taxonomy":"product_tag","embeddable":true,"href":"https:\/\/proservice.com.ar\/index.php\/wp-json\/wp\/v2\/product_tag?post=6938"}],"curies":[{"name":"wp","href":"https:\/\/api.w.org\/{rel}","templated":true}]}}