{"id":6951,"date":"2025-02-06T16:48:49","date_gmt":"2025-02-06T19:48:49","guid":{"rendered":"https:\/\/proservice.com.ar\/?post_type=product&#038;p=6951"},"modified":"2026-01-30T13:34:47","modified_gmt":"2026-01-30T16:34:47","slug":"tilta-bt03-carbon-fiber-tabletop-tripod-with-ball-head-forest-green","status":"publish","type":"product","link":"https:\/\/proservice.com.ar\/index.php\/product\/tilta-bt03-carbon-fiber-tabletop-tripod-with-ball-head-forest-green\/","title":{"rendered":"Tilta BT03 Carbon Fiber Tabletop Tripod with Ball Head (Forest Green)"},"content":{"rendered":"<p>El tripode BT03 de Tilta es una opci\u00f3n vers\u00e1til y compacta dise\u00f1ada para brindar precisi\u00f3n y portabilidad.<br \/>\nEs ideal para c\u00e1maras y dispositivos con toma de rosca de 1\/4&#8243; y es perfecto para vlogging y creaci\u00f3n de contenido.<\/p>\n<p><strong>Caracter\u00edsticas principales<\/strong><\/p>\n<ul>\n<li>Capacidad de carga hasta 3kg<\/li>\n<li>Altura m\u00e1xima de trabajo 56cm<\/li>\n<li>Cabezal esf\u00e9rico con giro de 360\u00b0<\/li>\n<li>\u00a0Patas de fibra de carbono de 2 secciones con sistema de bloqueo por torsi\u00f3n<\/li>\n<li>Montaje de c\u00e1mara\/dispositivo Tornillo de 1\/4&#8243;-20(Placa de liberaci\u00f3n r\u00e1pida)<\/li>\n<li>Puntos de montaje para fricci\u00f3n, ganchos y otros accesorios<\/li>\n<\/ul>\n","protected":false},"excerpt":{"rendered":"<p>TT-BT03-FB-FG<\/p>\n","protected":false},"featured_media":6954,"template":"","meta":{"om_disable_all_campaigns":false},"pwb-brand":[],"product_brand":[],"product_cat":[84,299],"product_tag":[586],"class_list":{"0":"post-6951","1":"product","2":"type-product","3":"status-publish","4":"has-post-thumbnail","6":"product_cat-tilta","7":"product_cat-tripods","8":"product_tag-tt-bt03-fb-fg","10":"first","11":"instock","12":"shipping-taxable","13":"purchasable","14":"product-type-simple"},"aioseo_notices":[],"jetpack_sharing_enabled":true,"brands":[],"_links":{"self":[{"href":"https:\/\/proservice.com.ar\/index.php\/wp-json\/wp\/v2\/product\/6951","targetHints":{"allow":["GET"]}}],"collection":[{"href":"https:\/\/proservice.com.ar\/index.php\/wp-json\/wp\/v2\/product"}],"about":[{"href":"https:\/\/proservice.com.ar\/index.php\/wp-json\/wp\/v2\/types\/product"}],"wp:featuredmedia":[{"embeddable":true,"href":"https:\/\/proservice.com.ar\/index.php\/wp-json\/wp\/v2\/media\/6954"}],"wp:attachment":[{"href":"https:\/\/proservice.com.ar\/index.php\/wp-json\/wp\/v2\/media?parent=6951"}],"wp:term":[{"taxonomy":"pwb-brand","embeddable":true,"href":"https:\/\/proservice.com.ar\/index.php\/wp-json\/wp\/v2\/pwb-brand?post=6951"},{"taxonomy":"product_brand","embeddable":true,"href":"https:\/\/proservice.com.ar\/index.php\/wp-json\/wp\/v2\/product_brand?post=6951"},{"taxonomy":"product_cat","embeddable":true,"href":"https:\/\/proservice.com.ar\/index.php\/wp-json\/wp\/v2\/product_cat?post=6951"},{"taxonomy":"product_tag","embeddable":true,"href":"https:\/\/proservice.com.ar\/index.php\/wp-json\/wp\/v2\/product_tag?post=6951"}],"curies":[{"name":"wp","href":"https:\/\/api.w.org\/{rel}","templated":true}]}}