{"id":6973,"date":"2024-02-07T15:44:27","date_gmt":"2024-02-07T18:44:27","guid":{"rendered":"https:\/\/proservice.com.ar\/?post_type=product&#038;p=6973"},"modified":"2026-04-05T15:44:40","modified_gmt":"2026-04-05T18:44:40","slug":"rgblink-mini-edge-lite","status":"publish","type":"product","link":"https:\/\/proservice.com.ar\/index.php\/product\/rgblink-mini-edge-lite\/","title":{"rendered":"RGBlink  mini-edge-lite"},"content":{"rendered":"<p>Este estuche port\u00e1til exclusivo, fabricado con material de polietileno de alta resistencia, est\u00e1 equipado con una pantalla TFT de 14 pulgadas y un conmutador. Conmutaci\u00f3n de audio y video integrada, control de c\u00e1mara PTZ, monitoreo de m\u00faltiples vistas y grabaci\u00f3n en un solo estuche, este estuche de transporte port\u00e1til y resistente a golpes es perfecto para todos los sitios, desde festivales de m\u00fasica hasta bodas en el c\u00e9sped, competencias deportivas y otras actividades al aire libre.<\/p>\n<p><strong>Caracteristicas principales:\u00a0<\/strong><\/p>\n<ul>\n<li>Pantalla TFT HD de 14&#8243; y pantalla LCD de 5,5&#8243; para monitorizaci\u00f3n<\/li>\n<li>El flightcase de PE de alta resistencia presenta una durabilidad duradera<\/li>\n<li>Potente sistema de refrigeraci\u00f3n por aire dise\u00f1ado para uso en exteriores.<\/li>\n<li>Una entrada USB (UVC) admite fuentes de c\u00e1mara de RGBlink vue PTZ y webCAM<\/li>\n<li>Cuatro entradas HDMI 2.0 (HDCP), resoluci\u00f3n hasta 4K a 60<\/li>\n<li>Dos conectores de salida de audio para escuchar<\/li>\n<li>Ocho entradas de audio con cuatro entradas de audio integradas HDMI 2.0 y cuatro entradas de audio externas (una MIC, una LINE, una Bluetooth y una de audio digital tipo C)<\/li>\n<li>Dos salidas HDMI 1.3 para monitorizaci\u00f3n de PVW, PGM o AUX en m\u00faltiples ventanas<\/li>\n<li>Admite superposici\u00f3n de m\u00faltiples capas, escalado de capas y recorte.<\/li>\n<li>Ocho entradas de audio permiten la salida de audio mixto a trav\u00e9s de uno o todos los canales disponibles<\/li>\n<li>Transmisi\u00f3n simult\u00e1nea a 4 plataformas de transmisi\u00f3n en vivo a trav\u00e9s de RTMP(S)<\/li>\n<li>Control y monitoreo web, compatible con dispositivos m\u00f3viles y computadoras, compatible con m\u00faltiples sistemas operativos<\/li>\n<li>17 modos de efectos de conmutaci\u00f3n<\/li>\n<li>Joystick de 5 direcciones para controlar hasta 4 c\u00e1maras PTZ<\/li>\n<li>Admite clave crom\u00e1tica<\/li>\n<li>Grabaci\u00f3n con una sola tecla. La capacidad de grabaci\u00f3n del disco duro es de hasta 2 TB.<\/li>\n<li>Guarde hasta 10 escenas preestablecidas y miniaturas para obtener una vista previa completa en tiempo real<\/li>\n<li>Conexi\u00f3n compartida de tel\u00e9fonos inteligentes 5G\/4G para sistemas iOS y Android<\/li>\n<\/ul>\n","protected":false},"excerpt":{"rendered":"<p>240-0006-09-0\u00a0 \u00a0 mini-edge-lite<\/p>\n","protected":false},"featured_media":6975,"template":"","meta":{"om_disable_all_campaigns":false},"pwb-brand":[],"product_brand":[],"product_cat":[659,66,741],"product_tag":[590],"class_list":{"0":"post-6973","1":"product","2":"type-product","3":"status-publish","4":"has-post-thumbnail","6":"product_cat-rgblink","7":"product_cat-switchers","8":"product_cat-switcher","9":"product_tag-240-0006-09-0","11":"first","12":"onbackorder","13":"shipping-taxable","14":"product-type-simple"},"aioseo_notices":[],"jetpack_sharing_enabled":true,"brands":[],"_links":{"self":[{"href":"https:\/\/proservice.com.ar\/index.php\/wp-json\/wp\/v2\/product\/6973","targetHints":{"allow":["GET"]}}],"collection":[{"href":"https:\/\/proservice.com.ar\/index.php\/wp-json\/wp\/v2\/product"}],"about":[{"href":"https:\/\/proservice.com.ar\/index.php\/wp-json\/wp\/v2\/types\/product"}],"wp:featuredmedia":[{"embeddable":true,"href":"https:\/\/proservice.com.ar\/index.php\/wp-json\/wp\/v2\/media\/6975"}],"wp:attachment":[{"href":"https:\/\/proservice.com.ar\/index.php\/wp-json\/wp\/v2\/media?parent=6973"}],"wp:term":[{"taxonomy":"pwb-brand","embeddable":true,"href":"https:\/\/proservice.com.ar\/index.php\/wp-json\/wp\/v2\/pwb-brand?post=6973"},{"taxonomy":"product_brand","embeddable":true,"href":"https:\/\/proservice.com.ar\/index.php\/wp-json\/wp\/v2\/product_brand?post=6973"},{"taxonomy":"product_cat","embeddable":true,"href":"https:\/\/proservice.com.ar\/index.php\/wp-json\/wp\/v2\/product_cat?post=6973"},{"taxonomy":"product_tag","embeddable":true,"href":"https:\/\/proservice.com.ar\/index.php\/wp-json\/wp\/v2\/product_tag?post=6973"}],"curies":[{"name":"wp","href":"https:\/\/api.w.org\/{rel}","templated":true}]}}