{"id":7006,"date":"2024-02-18T16:33:02","date_gmt":"2024-02-18T19:33:02","guid":{"rendered":"https:\/\/proservice.com.ar\/?post_type=product&#038;p=7006"},"modified":"2026-02-18T10:05:32","modified_gmt":"2026-02-18T13:05:32","slug":"hollyland-pyro-7-wireless-transceiver-monitor-kit-set-of-two","status":"publish","type":"product","link":"https:\/\/proservice.com.ar\/index.php\/product\/hollyland-pyro-7-wireless-transceiver-monitor-kit-set-of-two\/","title":{"rendered":"Hollyland Pyro 7 Wireless Transceiver Monitor Kit (Set of Two)"},"content":{"rendered":"<p>Transmita, reciba y monitoree transmisiones de video inal\u00e1mbricas de alta calidad utilizando el vers\u00e1til kit de monitor y transceptor inal\u00e1mbrico Pyro 7 de Hollyland .<\/p>\n<p>Este kit incluye un conjunto de dos monitores\/transceptores Pyro 7 que se pueden utilizar en modo transmisor o receptor. El Pyro 7 toma el anterior monitor\/transceptor M1 y hace que todo sea m\u00e1s grande y mejor con una pantalla t\u00e1ctil brillante de 7&#8243;, placa de bater\u00eda dual de la serie L, transmisi\u00f3n inal\u00e1mbrica hasta 1300&#8242; de distancia, herramientas de im\u00e1genes HollyOS actualizadas, grabaci\u00f3n de video en tarjeta SD, entrada\/salida HDMI\/SDI, transmisi\u00f3n RTSP, un Pyro 7 env\u00eda a hasta cuatro receptores, as\u00ed como salto autom\u00e1tico de banda dual de 2,4\/5 GHz y salto autom\u00e1tico de frecuencia.<\/p>\n<p><strong>Caracter\u00edsticas principales:<\/strong><br \/>\nMonitorea video de manera inal\u00e1mbrica a una distancia de hasta 1300 pies<br \/>\nPantalla t\u00e1ctil de 7&#8243; con resoluci\u00f3n 1920 x 1200<br \/>\nCambio de modo de transmisor y receptor<br \/>\nNuevas antenas de c\u00e1psula y grabaci\u00f3n\/reproducci\u00f3n<br \/>\nUn transmisor puede enviar a 4 receptores<br \/>\nEntrada SDI 1080p; hasta UHD 4K30 a trav\u00e9s de HDMI<br \/>\nAlto brillo de 1200 cd\/m\u00b2<br \/>\nSalto de frecuencia autom\u00e1tico, bandas de 2,4\/5 GHz<br \/>\nTransmisi\u00f3n RTMP, importaci\u00f3n y guardado desde USB o tarjeta SD<\/p>\n","protected":false},"excerpt":{"rendered":"<div class=\"element_kcQ1qlyqn6\">\n<div class=\"code_kcQ1qlyqn6\" data-selenium=\"codeCrumb\">HL- PYRO 7 KIT<\/div>\n<\/div>\n<div class=\"element_kcQ1qlyqn6\">\n<div class=\"reviews_kcQ1qlyqn6\">\n<div class=\"starContainer_FndXTbqvBb\" data-selenium=\"ratingContainer\"><\/div>\n<\/div>\n<\/div>\n","protected":false},"featured_media":7007,"template":"","meta":{"om_disable_all_campaigns":false},"pwb-brand":[],"product_brand":[],"product_cat":[77,424],"product_tag":[593],"class_list":{"0":"post-7006","1":"product","2":"type-product","3":"status-publish","4":"has-post-thumbnail","6":"product_cat-hollyland","7":"product_cat-wireless-video","8":"product_tag-hl-pyro-7-kit","10":"first","11":"onbackorder","12":"shipping-taxable","13":"product-type-simple"},"aioseo_notices":[],"jetpack_sharing_enabled":true,"brands":[],"_links":{"self":[{"href":"https:\/\/proservice.com.ar\/index.php\/wp-json\/wp\/v2\/product\/7006","targetHints":{"allow":["GET"]}}],"collection":[{"href":"https:\/\/proservice.com.ar\/index.php\/wp-json\/wp\/v2\/product"}],"about":[{"href":"https:\/\/proservice.com.ar\/index.php\/wp-json\/wp\/v2\/types\/product"}],"wp:featuredmedia":[{"embeddable":true,"href":"https:\/\/proservice.com.ar\/index.php\/wp-json\/wp\/v2\/media\/7007"}],"wp:attachment":[{"href":"https:\/\/proservice.com.ar\/index.php\/wp-json\/wp\/v2\/media?parent=7006"}],"wp:term":[{"taxonomy":"pwb-brand","embeddable":true,"href":"https:\/\/proservice.com.ar\/index.php\/wp-json\/wp\/v2\/pwb-brand?post=7006"},{"taxonomy":"product_brand","embeddable":true,"href":"https:\/\/proservice.com.ar\/index.php\/wp-json\/wp\/v2\/product_brand?post=7006"},{"taxonomy":"product_cat","embeddable":true,"href":"https:\/\/proservice.com.ar\/index.php\/wp-json\/wp\/v2\/product_cat?post=7006"},{"taxonomy":"product_tag","embeddable":true,"href":"https:\/\/proservice.com.ar\/index.php\/wp-json\/wp\/v2\/product_tag?post=7006"}],"curies":[{"name":"wp","href":"https:\/\/api.w.org\/{rel}","templated":true}]}}