{"id":7134,"date":"2023-02-28T09:46:39","date_gmt":"2023-02-28T12:46:39","guid":{"rendered":"https:\/\/proservice.com.ar\/?post_type=product&#038;p=7134"},"modified":"2025-06-10T11:22:53","modified_gmt":"2025-06-10T14:22:53","slug":"aida-imaging-cs-mount-2-8-12mm-varifocal-3-megapixel-lens-2","status":"publish","type":"product","link":"https:\/\/proservice.com.ar\/index.php\/product\/aida-imaging-cs-mount-2-8-12mm-varifocal-3-megapixel-lens-2\/","title":{"rendered":"AIDA Imaging CS-Mount 2.8-12mm Varifocal 3 Megapixel Lens"},"content":{"rendered":"<p>El objetivo varifocal de 3 megap\u00edxeles con montura CS de 2,8 a 12 mm de AIDA Imaging est\u00e1 optimizado para su uso con c\u00e1maras AIDA Full HD que tienen sensores CMOS de 1\/3&#8243; y es compatible con c\u00e1maras con montura CS de otros fabricantes con un sensor de 1\/2,7&#8243; o 1\/3&#8243;. El objetivo compacto tiene una longitud focal de 2,8 a 12 mm con enfoque manual y ofrece un campo de visi\u00f3n de 6 a 60\u00b0. El iris tambi\u00e9n se puede ajustar manualmente a una apertura m\u00e1xima de f\/1,4.<\/p>\n<p>Caracter\u00edsticas principales:<br \/>\nCompatibilidad de sensores de 1\/2,7&#8243; y 1\/3&#8243;<br \/>\nEnfoque manual<br \/>\nIris manual, apertura m\u00e1xima f\/1,4<br \/>\nCampo de visi\u00f3n horizontal de 6 a 60\u00b0<\/p>\n","protected":false},"excerpt":{"rendered":"<p>CS-2812V<\/p>\n","protected":false},"featured_media":7139,"template":"","meta":{"om_disable_all_campaigns":false},"pwb-brand":[],"product_brand":[],"product_cat":[70],"product_tag":[370],"class_list":{"0":"post-7134","1":"product","2":"type-product","3":"status-publish","4":"has-post-thumbnail","6":"product_cat-aida","7":"product_tag-cs-2812v","9":"first","10":"onbackorder","11":"shipping-taxable","12":"product-type-simple"},"aioseo_notices":[],"jetpack_sharing_enabled":true,"brands":[],"_links":{"self":[{"href":"https:\/\/proservice.com.ar\/index.php\/wp-json\/wp\/v2\/product\/7134","targetHints":{"allow":["GET"]}}],"collection":[{"href":"https:\/\/proservice.com.ar\/index.php\/wp-json\/wp\/v2\/product"}],"about":[{"href":"https:\/\/proservice.com.ar\/index.php\/wp-json\/wp\/v2\/types\/product"}],"wp:featuredmedia":[{"embeddable":true,"href":"https:\/\/proservice.com.ar\/index.php\/wp-json\/wp\/v2\/media\/7139"}],"wp:attachment":[{"href":"https:\/\/proservice.com.ar\/index.php\/wp-json\/wp\/v2\/media?parent=7134"}],"wp:term":[{"taxonomy":"pwb-brand","embeddable":true,"href":"https:\/\/proservice.com.ar\/index.php\/wp-json\/wp\/v2\/pwb-brand?post=7134"},{"taxonomy":"product_brand","embeddable":true,"href":"https:\/\/proservice.com.ar\/index.php\/wp-json\/wp\/v2\/product_brand?post=7134"},{"taxonomy":"product_cat","embeddable":true,"href":"https:\/\/proservice.com.ar\/index.php\/wp-json\/wp\/v2\/product_cat?post=7134"},{"taxonomy":"product_tag","embeddable":true,"href":"https:\/\/proservice.com.ar\/index.php\/wp-json\/wp\/v2\/product_tag?post=7134"}],"curies":[{"name":"wp","href":"https:\/\/api.w.org\/{rel}","templated":true}]}}