{"id":7143,"date":"2024-02-28T10:03:14","date_gmt":"2024-02-28T13:03:14","guid":{"rendered":"https:\/\/proservice.com.ar\/?post_type=product&#038;p=7143"},"modified":"2026-02-18T10:05:04","modified_gmt":"2026-02-18T13:05:04","slug":"aida-imaging-6mm-f-1-6-cs-mount-lens-2","status":"publish","type":"product","link":"https:\/\/proservice.com.ar\/index.php\/product\/aida-imaging-6mm-f-1-6-cs-mount-lens-2\/","title":{"rendered":"AIDA Imaging 6mm f\/1.6 CS-Mount Lens"},"content":{"rendered":"<p>El objetivo AIDA Imaging 6 mm f\/1,6 con montura CS est\u00e1 dise\u00f1ado para c\u00e1maras que utilizan un sensor de tipo 1\/3&#8243; y optimizado para las c\u00e1maras de la serie GEN de AIDA Imaging que utilizan una montura CS. En una c\u00e1mara que utiliza un sensor de tipo 1\/2,5&#8243;, este objetivo proporcionar\u00e1 un \u00e1ngulo de visi\u00f3n de 54\u00b0.<br \/>\nCaracter\u00edsticas principales:<br \/>\nPara c\u00e1maras tipo 1\/3&#8243;<br \/>\nApertura fija f\/1.6<br \/>\nOptimizado para c\u00e1maras de la serie GEN<\/p>\n","protected":false},"excerpt":{"rendered":"<p>CS-6.0F<\/p>\n","protected":false},"featured_media":7144,"template":"","meta":{"om_disable_all_campaigns":false},"pwb-brand":[],"product_brand":[],"product_cat":[70],"product_tag":[372],"class_list":{"0":"post-7143","1":"product","2":"type-product","3":"status-publish","4":"has-post-thumbnail","6":"product_cat-aida","7":"product_tag-cs-6-0f","9":"first","10":"onbackorder","11":"shipping-taxable","12":"product-type-simple"},"aioseo_notices":[],"jetpack_sharing_enabled":true,"brands":[],"_links":{"self":[{"href":"https:\/\/proservice.com.ar\/index.php\/wp-json\/wp\/v2\/product\/7143","targetHints":{"allow":["GET"]}}],"collection":[{"href":"https:\/\/proservice.com.ar\/index.php\/wp-json\/wp\/v2\/product"}],"about":[{"href":"https:\/\/proservice.com.ar\/index.php\/wp-json\/wp\/v2\/types\/product"}],"wp:featuredmedia":[{"embeddable":true,"href":"https:\/\/proservice.com.ar\/index.php\/wp-json\/wp\/v2\/media\/7144"}],"wp:attachment":[{"href":"https:\/\/proservice.com.ar\/index.php\/wp-json\/wp\/v2\/media?parent=7143"}],"wp:term":[{"taxonomy":"pwb-brand","embeddable":true,"href":"https:\/\/proservice.com.ar\/index.php\/wp-json\/wp\/v2\/pwb-brand?post=7143"},{"taxonomy":"product_brand","embeddable":true,"href":"https:\/\/proservice.com.ar\/index.php\/wp-json\/wp\/v2\/product_brand?post=7143"},{"taxonomy":"product_cat","embeddable":true,"href":"https:\/\/proservice.com.ar\/index.php\/wp-json\/wp\/v2\/product_cat?post=7143"},{"taxonomy":"product_tag","embeddable":true,"href":"https:\/\/proservice.com.ar\/index.php\/wp-json\/wp\/v2\/product_tag?post=7143"}],"curies":[{"name":"wp","href":"https:\/\/api.w.org\/{rel}","templated":true}]}}