{"id":7149,"date":"2022-02-28T10:23:52","date_gmt":"2022-02-28T13:23:52","guid":{"rendered":"https:\/\/proservice.com.ar\/?post_type=product&#038;p=7149"},"modified":"2025-09-01T15:44:13","modified_gmt":"2025-09-01T18:44:13","slug":"aida-imaging-12mm-f-1-6-cs-mount-lens","status":"publish","type":"product","link":"https:\/\/proservice.com.ar\/index.php\/product\/aida-imaging-12mm-f-1-6-cs-mount-lens\/","title":{"rendered":"AIDA Imaging 12mm f\/1.6 CS-Mount Lens"},"content":{"rendered":"<p>El objetivo AIDA Imaging 12 mm f\/1,6 con montura CS est\u00e1 dise\u00f1ado para c\u00e1maras que utilizan un sensor de tipo 1\/3&#8243; y optimizado para las c\u00e1maras de la serie GEN de AIDA Imaging que utilizan una montura CS. En una c\u00e1mara que utiliza un sensor de tipo 1\/2,5&#8243;, este objetivo ofrecer\u00e1 un \u00e1ngulo de visi\u00f3n de 30,8\u00b0.<br \/>\nCaracter\u00edsticas principales:<br \/>\nPara c\u00e1maras tipo 1\/3&#8243;<br \/>\nApertura fija f\/1.6<br \/>\nOptimizado para c\u00e1maras de la serie GEN<\/p>\n","protected":false},"excerpt":{"rendered":"<p>CS-12.0F AIDA Imaging 12mm f\/1.6 CS-Mount Lens<\/p>\n","protected":false},"featured_media":7153,"template":"","meta":{"om_disable_all_campaigns":false},"pwb-brand":[],"product_brand":[],"product_cat":[33,70],"product_tag":[606],"class_list":{"0":"post-7149","1":"product","2":"type-product","3":"status-publish","4":"has-post-thumbnail","6":"product_cat-accesorios","7":"product_cat-aida","8":"product_tag-cs-12-0f","10":"first","11":"onbackorder","12":"shipping-taxable","13":"purchasable","14":"product-type-simple"},"aioseo_notices":[],"jetpack_sharing_enabled":true,"brands":[],"_links":{"self":[{"href":"https:\/\/proservice.com.ar\/index.php\/wp-json\/wp\/v2\/product\/7149","targetHints":{"allow":["GET"]}}],"collection":[{"href":"https:\/\/proservice.com.ar\/index.php\/wp-json\/wp\/v2\/product"}],"about":[{"href":"https:\/\/proservice.com.ar\/index.php\/wp-json\/wp\/v2\/types\/product"}],"wp:featuredmedia":[{"embeddable":true,"href":"https:\/\/proservice.com.ar\/index.php\/wp-json\/wp\/v2\/media\/7153"}],"wp:attachment":[{"href":"https:\/\/proservice.com.ar\/index.php\/wp-json\/wp\/v2\/media?parent=7149"}],"wp:term":[{"taxonomy":"pwb-brand","embeddable":true,"href":"https:\/\/proservice.com.ar\/index.php\/wp-json\/wp\/v2\/pwb-brand?post=7149"},{"taxonomy":"product_brand","embeddable":true,"href":"https:\/\/proservice.com.ar\/index.php\/wp-json\/wp\/v2\/product_brand?post=7149"},{"taxonomy":"product_cat","embeddable":true,"href":"https:\/\/proservice.com.ar\/index.php\/wp-json\/wp\/v2\/product_cat?post=7149"},{"taxonomy":"product_tag","embeddable":true,"href":"https:\/\/proservice.com.ar\/index.php\/wp-json\/wp\/v2\/product_tag?post=7149"}],"curies":[{"name":"wp","href":"https:\/\/api.w.org\/{rel}","templated":true}]}}