{"id":7186,"date":"2022-02-28T13:17:07","date_gmt":"2022-02-28T16:17:07","guid":{"rendered":"https:\/\/proservice.com.ar\/?post_type=product&#038;p=7186"},"modified":"2025-06-27T14:05:17","modified_gmt":"2025-06-27T17:05:17","slug":"aida-imaging-uhd-ndihx3-weatherproof-pov-camera-2","status":"publish","type":"product","link":"https:\/\/proservice.com.ar\/index.php\/product\/aida-imaging-uhd-ndihx3-weatherproof-pov-camera-2\/","title":{"rendered":"AIDA Imaging UHD NDI|HX3 Weatherproof POV Camera"},"content":{"rendered":"<p>Esta c\u00e1mara POV UHD NDI|HX3 resistente a la intemperie de AIDA Imaging ofrece una salida de video 4K60 a trav\u00e9s de HDMI o IP gracias a su compatibilidad nativa con NDI|HX3. Las se\u00f1ales de transmisi\u00f3n de baja latencia, la energ\u00eda y la comunicaci\u00f3n de datos se pueden enviar a trav\u00e9s de una sola conexi\u00f3n. La c\u00e1mara viene con una lente de montura CS de 5 mm preinstalada y est\u00e1 alojada en una carcasa resistente a la intemperie con clasificaci\u00f3n IP67.<br \/>\nAIDA Imaging ofrece esta innovadora c\u00e1mara POV capaz de capturar video en ultra HD con un campo de visi\u00f3n horizontal de 78\u00b0. Al combinar esta funcionalidad de alta resoluci\u00f3n con la compatibilidad de transmisi\u00f3n IP NDI|HX3, la c\u00e1mara UHD-NDI3-IP67 emite se\u00f1ales de video sin comprimir a una velocidad de hasta 60 MB\/s. Al venir precargada con compatibilidad NDI|HX3, se reduce el desorden de cables y las complicaciones de instalaci\u00f3n: el video, el audio, el control, la energ\u00eda y los datos se transmiten a trav\u00e9s de un solo cable CATx. Al conectar esta c\u00e1mara a trav\u00e9s de la red NDI y utilizar la interfaz de usuario web accesible, se puede crear un ecosistema de video completo, especialmente cuando se combina con otros dispositivos compatibles con NDI|HX de AIDA Imaging (disponibles por separado).<br \/>\nLa UHD-NDI3-IP67 est\u00e1 alojada en una carcasa compacta y resistente a la intemperie adecuada para una amplia variedad de aplicaciones tanto en interiores como en exteriores. El cuerpo con clasificaci\u00f3n IP67 no tiene una interfaz integrada, sino que se opta por utilizar un cable de conexi\u00f3n resistente a la intemperie de 10&#8242;. La conexi\u00f3n lleva el puerto RJ45 para conexi\u00f3n IP, puerto de entrada de 12 VCC, cable USB SVC y un conector de 3,5 mm para entrada de audio, as\u00ed como un conjunto de interruptores DIP para ajuste de firmware. Las lentes con montura CS seleccionadas se pueden intercambiar de forma segura gracias a la cubierta de lente sellada con goma. Las roscas de montaje hembra de 1\/4&#8243;-20 se encuentran tanto en la parte inferior como en la superior de la carcasa para brindar capacidades de montaje flexibles, desde tr\u00edpodes hasta armazones. La parte frontal de la c\u00e1mara cuenta con una peque\u00f1a luz indicadora para garantizar que el talento est\u00e9 listo para salir en vivo.<\/p>\n","protected":false},"excerpt":{"rendered":"<p>UHD-NDI3-IP67<\/p>\n","protected":false},"featured_media":7191,"template":"","meta":{"om_disable_all_campaigns":false},"pwb-brand":[],"product_brand":[],"product_cat":[70,15],"product_tag":[368],"class_list":{"0":"post-7186","1":"product","2":"type-product","3":"status-publish","4":"has-post-thumbnail","6":"product_cat-aida","7":"product_cat-camera","8":"product_tag-uhd-ndi3-ip67","10":"first","11":"onbackorder","12":"shipping-taxable","13":"product-type-simple"},"aioseo_notices":[],"jetpack_sharing_enabled":true,"brands":[],"_links":{"self":[{"href":"https:\/\/proservice.com.ar\/index.php\/wp-json\/wp\/v2\/product\/7186","targetHints":{"allow":["GET"]}}],"collection":[{"href":"https:\/\/proservice.com.ar\/index.php\/wp-json\/wp\/v2\/product"}],"about":[{"href":"https:\/\/proservice.com.ar\/index.php\/wp-json\/wp\/v2\/types\/product"}],"wp:featuredmedia":[{"embeddable":true,"href":"https:\/\/proservice.com.ar\/index.php\/wp-json\/wp\/v2\/media\/7191"}],"wp:attachment":[{"href":"https:\/\/proservice.com.ar\/index.php\/wp-json\/wp\/v2\/media?parent=7186"}],"wp:term":[{"taxonomy":"pwb-brand","embeddable":true,"href":"https:\/\/proservice.com.ar\/index.php\/wp-json\/wp\/v2\/pwb-brand?post=7186"},{"taxonomy":"product_brand","embeddable":true,"href":"https:\/\/proservice.com.ar\/index.php\/wp-json\/wp\/v2\/product_brand?post=7186"},{"taxonomy":"product_cat","embeddable":true,"href":"https:\/\/proservice.com.ar\/index.php\/wp-json\/wp\/v2\/product_cat?post=7186"},{"taxonomy":"product_tag","embeddable":true,"href":"https:\/\/proservice.com.ar\/index.php\/wp-json\/wp\/v2\/product_tag?post=7186"}],"curies":[{"name":"wp","href":"https:\/\/api.w.org\/{rel}","templated":true}]}}