{"id":7205,"date":"2022-03-05T11:52:51","date_gmt":"2022-03-05T14:52:51","guid":{"rendered":"https:\/\/proservice.com.ar\/?post_type=product&#038;p=7205"},"modified":"2026-05-08T10:23:58","modified_gmt":"2026-05-08T13:23:58","slug":"blackmagic-design-decklink-8k-pro-g2-capture-card","status":"publish","type":"product","link":"https:\/\/proservice.com.ar\/index.php\/product\/blackmagic-design-decklink-8k-pro-g2-capture-card\/","title":{"rendered":"Blackmagic Design DeckLink 8K Pro G2 Capture Card"},"content":{"rendered":"<p>Esta tarjeta PCIe incluye una conexi\u00f3n HDMI 2.1 y otras cuatro SDI 12G bidireccionales que brindan compatibilidad con todos los formatos a una resoluci\u00f3n m\u00e1xima de 8K, por lo cual resulta ideal para la producci\u00f3n de largometrajes. A su vez, las herramientas de desarrollo DeckLink permiten configurar hasta cuatro canales en cualquier direcci\u00f3n, formato o frecuencia de imagen (DCI 4K 60p m\u00e1x.) a fin de capturar y reproducir contenidos simult\u00e1neamente. Este modelo admite se\u00f1ales YUV 4:2:2 de 8 y 10 bits o RGB 4:4:4 de 10 y 12 bits en el espacio crom\u00e1tico Rec. 2020. Adem\u00e1s, ofrece la posibilidad de trabajar a 120 f\/s en HD y 4K, o 60 f\/s en 8K. Por su parte, las cuatro conexiones SDI 12G admiten hasta 64 canales de audio integrado. Esta unidad es ideal para din\u00e1micas de trabajo avanzadas con material audiovisual de gran rango din\u00e1mico, resoluci\u00f3n y frecuencia de imagen.<\/p>\n<p>Conexiones<\/p>\n<div class=\"autocolumns\">\n<h4>Entradas de video SDI<\/h4>\n<p>4\u00a0x SDI 12G bidireccionales<\/p>\n<p>Compatible con se\u00f1ales SD, HD, 2K, 4K y\u00a08K en formato 4:2:2 o\u00a04:4:4 transmitidas mediante uno, dos o\u00a0cuatro conectores. Permiten alternar entre im\u00e1genes bidimensionales y\u00a0tridimensionales.<\/p>\n<h4>Salidas SDI<\/h4>\n<p>4\u00a0x SDI 12G\u00a0bidireccionales<\/p>\n<p>Compatible con se\u00f1ales SD, HD, 2K, 4K y\u00a08K en formato 4:2:2 o\u00a04:4:4 transmitidas mediante uno, dos o\u00a0cuatro conectores. Permiten alternar entre im\u00e1genes bidimensionales y\u00a0tridimensionales.<\/p>\n<h4>Entradas de audio SDI<\/h4>\n<p>16 canales integrados en\u00a0SD\/HD\/2K.<\/p>\n<p>64 canales integrados en\u00a04K\/8K.<\/p>\n<h4>Salidas de audio SDI<\/h4>\n<p>16 canales integrados en\u00a0SD\/HD\/2K.<\/p>\n<p>64 canales integrados en\u00a04K\/8K.<\/p>\n<h4>Entradas de video HDMI<\/h4>\n<p>1\u00a0x HDMI\u00a02.1<\/p>\n<h4>Salidas de video HDMI<\/h4>\n<p>1\u00a0x HDMI\u00a02.1<\/p>\n<h4>Entradas de audio HDMI<\/h4>\n<p>8 canales integrados en\u00a0TMDS.<\/p>\n<p>32 canales integrados en\u00a0FRL.<\/p>\n<h4>Salidas de audio HDMI<\/h4>\n<p>8 canales integrados en\u00a0TMDS.<\/p>\n<p>32 canales integrados en\u00a0FRL.<\/p>\n<h4>Entrada para se\u00f1ales de referencia<\/h4>\n<p>Tri-Sync o\u00a0Black\u00a0Burst.<\/p>\n<h4>Control remoto<\/h4>\n<p>1 salida\u00a0RS\u2011422<\/p>\n<article class=\"pair\">Interfaz inform\u00e1tica<\/p>\n<p>PCI Express x8 de tercera generaci\u00f3n compatible con ranuras de 8\u00a0y\u00a016 carriles de\u00a0datos.<\/p>\n<\/article>\n<\/div>\n","protected":false},"excerpt":{"rendered":"<p>BDLKHCPRO8K12GG2<\/p>\n","protected":false},"featured_media":7206,"template":"","meta":{"om_disable_all_campaigns":false},"pwb-brand":[],"product_brand":[],"product_cat":[71],"product_tag":[612],"class_list":{"0":"post-7205","1":"product","2":"type-product","3":"status-publish","4":"has-post-thumbnail","6":"product_cat-blackmagic-design","7":"product_tag-bdlkhcpro8k12gg2","9":"first","10":"outofstock","11":"shipping-taxable","12":"product-type-simple"},"aioseo_notices":[],"jetpack_sharing_enabled":true,"brands":[],"_links":{"self":[{"href":"https:\/\/proservice.com.ar\/index.php\/wp-json\/wp\/v2\/product\/7205","targetHints":{"allow":["GET"]}}],"collection":[{"href":"https:\/\/proservice.com.ar\/index.php\/wp-json\/wp\/v2\/product"}],"about":[{"href":"https:\/\/proservice.com.ar\/index.php\/wp-json\/wp\/v2\/types\/product"}],"wp:featuredmedia":[{"embeddable":true,"href":"https:\/\/proservice.com.ar\/index.php\/wp-json\/wp\/v2\/media\/7206"}],"wp:attachment":[{"href":"https:\/\/proservice.com.ar\/index.php\/wp-json\/wp\/v2\/media?parent=7205"}],"wp:term":[{"taxonomy":"pwb-brand","embeddable":true,"href":"https:\/\/proservice.com.ar\/index.php\/wp-json\/wp\/v2\/pwb-brand?post=7205"},{"taxonomy":"product_brand","embeddable":true,"href":"https:\/\/proservice.com.ar\/index.php\/wp-json\/wp\/v2\/product_brand?post=7205"},{"taxonomy":"product_cat","embeddable":true,"href":"https:\/\/proservice.com.ar\/index.php\/wp-json\/wp\/v2\/product_cat?post=7205"},{"taxonomy":"product_tag","embeddable":true,"href":"https:\/\/proservice.com.ar\/index.php\/wp-json\/wp\/v2\/product_tag?post=7205"}],"curies":[{"name":"wp","href":"https:\/\/api.w.org\/{rel}","templated":true}]}}