{"id":7288,"date":"2022-03-06T14:24:44","date_gmt":"2022-03-06T17:24:44","guid":{"rendered":"https:\/\/proservice.com.ar\/?post_type=product&#038;p=7288"},"modified":"2025-03-07T09:41:41","modified_gmt":"2025-03-07T12:41:41","slug":"blackmagic-design-2110-ip-mini-ip-to-hdmi-converter","status":"publish","type":"product","link":"https:\/\/proservice.com.ar\/index.php\/product\/blackmagic-design-2110-ip-mini-ip-to-hdmi-converter\/","title":{"rendered":"Blackmagic Design 2110 IP Mini IP to HDMI Converter"},"content":{"rendered":"<p>Con este conversor de IP a HDMI 2110 IP Mini de Blackmagic Design , podr\u00e1 ver la se\u00f1al de transmisi\u00f3n IP SMPTE 2110 en una pantalla HDMI. El conversor le permite monitorear se\u00f1ales de c\u00e1maras IP SMPTE 2110 con una resoluci\u00f3n de hasta UHD 4K con audio en una pantalla HDMI. Cuenta con un puerto Ethernet 10G que recibe video IP SMPTE 2110 y admite hasta 16 canales de audio.<\/p>\n<p>Gracias a su tama\u00f1o ultracompacto, la unidad se puede montar directamente en la carcasa de la pantalla o el monitor. Tambi\u00e9n se puede conectar a una computadora mediante USB-C para realizar actualizaciones y configuraciones de firmware. Se puede alimentar mediante la fuente de alimentaci\u00f3n incluida o es compatible con PoE++ en una red compatible.<\/p>\n<p>Este modelo est\u00e1 dise\u00f1ado para conectar un televisor de pantalla grande o un monitor de computadora a sistemas IP SMPTE-2110<br \/>\nEl dise\u00f1o ultracompacto significa que puede montarlo detr\u00e1s de la pantalla o en una caja de monitor.<br \/>\nLa unidad admite todos los est\u00e1ndares de video SD, HD y UHD 4K hasta 2160p60<br \/>\nTiene una conexi\u00f3n Ethernet RJ45 10G est\u00e1ndar, por lo que puede utilizar cables Ethernet Cat-6 normales. El convertidor se puede alimentar a trav\u00e9s de Ethernet (PoE), por lo que ni siquiera necesita conectar la alimentaci\u00f3n.<br \/>\nSe incluye una fuente de alimentaci\u00f3n de CC.<\/p>\n<p>Caracter\u00edsticas principales:<br \/>\nConvertidor de IP a HDMI 2110<br \/>\nMonitoreo de video desde y hacia c\u00e1maras de estudio<br \/>\nAdmite video UHD 4K a trav\u00e9s de IP SMPTE 2110<br \/>\nUtilidad de software para Windows\/macOS<br \/>\nAlimentaci\u00f3n Ethernet 10G y PoE++<\/p>\n","protected":false},"excerpt":{"rendered":"<p>CONVNVIPE\/IP\/HDMI<\/p>\n","protected":false},"featured_media":7290,"template":"","meta":{"om_disable_all_campaigns":false},"pwb-brand":[],"product_brand":[],"product_cat":[71],"product_tag":[631],"class_list":{"0":"post-7288","1":"product","2":"type-product","3":"status-publish","4":"has-post-thumbnail","6":"product_cat-blackmagic-design","7":"product_tag-convnvipe-ip-hdmi","9":"first","10":"onbackorder","11":"shipping-taxable","12":"product-type-simple"},"aioseo_notices":[],"jetpack_sharing_enabled":true,"brands":[],"_links":{"self":[{"href":"https:\/\/proservice.com.ar\/index.php\/wp-json\/wp\/v2\/product\/7288","targetHints":{"allow":["GET"]}}],"collection":[{"href":"https:\/\/proservice.com.ar\/index.php\/wp-json\/wp\/v2\/product"}],"about":[{"href":"https:\/\/proservice.com.ar\/index.php\/wp-json\/wp\/v2\/types\/product"}],"wp:featuredmedia":[{"embeddable":true,"href":"https:\/\/proservice.com.ar\/index.php\/wp-json\/wp\/v2\/media\/7290"}],"wp:attachment":[{"href":"https:\/\/proservice.com.ar\/index.php\/wp-json\/wp\/v2\/media?parent=7288"}],"wp:term":[{"taxonomy":"pwb-brand","embeddable":true,"href":"https:\/\/proservice.com.ar\/index.php\/wp-json\/wp\/v2\/pwb-brand?post=7288"},{"taxonomy":"product_brand","embeddable":true,"href":"https:\/\/proservice.com.ar\/index.php\/wp-json\/wp\/v2\/product_brand?post=7288"},{"taxonomy":"product_cat","embeddable":true,"href":"https:\/\/proservice.com.ar\/index.php\/wp-json\/wp\/v2\/product_cat?post=7288"},{"taxonomy":"product_tag","embeddable":true,"href":"https:\/\/proservice.com.ar\/index.php\/wp-json\/wp\/v2\/product_tag?post=7288"}],"curies":[{"name":"wp","href":"https:\/\/api.w.org\/{rel}","templated":true}]}}