{"id":7390,"date":"2025-03-21T16:22:04","date_gmt":"2025-03-21T19:22:04","guid":{"rendered":"https:\/\/proservice.com.ar\/?post_type=product&#038;p=7390"},"modified":"2026-04-01T11:13:36","modified_gmt":"2026-04-01T14:13:36","slug":"dji-osmo-pocket-3-creator-combo","status":"publish","type":"product","link":"https:\/\/proservice.com.ar\/index.php\/product\/dji-osmo-pocket-3-creator-combo\/","title":{"rendered":"DJI Osmo Pocket 3 Creator Combo"},"content":{"rendered":"<p>El DJI Osmo Pocket 3 Creator Combo es una c\u00e1mara port\u00e1til con estabilizaci\u00f3n mec\u00e1nica de tres ejes y un sensor CMOS de 1 pulgada. Ofrece grabaci\u00f3n en 4K a 120 fps, pantalla t\u00e1ctil giratoria de 2 pulgadas y funciones inteligentes como ActiveTrack 6.0. Compacto y vers\u00e1til, es ideal para creadores de contenido que buscan calidad profesional en un dise\u00f1o pr\u00e1ctico y port\u00e1til.<\/p>\n<div class=\"title_OMS5rN7R1Z\">\n<div class=\"text_TAw0W35QK_ comfy_TAw0W35QK_ sizeTitle4_TAw0W35QK_ weightBold_TAw0W35QK_ primary_i3MsQsqoe0\" data-selenium=\"sellingPointsTitle\"><strong>Caracter\u00edsticas principales:<\/strong><\/div>\n<\/div>\n<ul class=\"list_OMS5rN7R1Z\">\n<li class=\"listItem_OMS5rN7R1Z\" data-selenium=\"sellingPointsListItem\">C\u00e1mara DJI Osmo Pocket 3<\/li>\n<li class=\"listItem_OMS5rN7R1Z\" data-selenium=\"sellingPointsListItem\">Mango de bater\u00eda<\/li>\n<li class=\"listItem_OMS5rN7R1Z\" data-selenium=\"sellingPointsListItem\">Mango con rosca de 1\/4&#8243;-20<\/li>\n<li class=\"listItem_OMS5rN7R1Z\" data-selenium=\"sellingPointsListItem\">Lente gran angular<\/li>\n<li class=\"listItem_OMS5rN7R1Z\" data-selenium=\"sellingPointsListItem\">Transmisor y parabrisas DJI Mic 2<\/li>\n<li class=\"listItem_OMS5rN7R1Z\" data-selenium=\"sellingPointsListItem\">Im\u00e1n de clip para DJI Mic 2<\/li>\n<li class=\"listItem_OMS5rN7R1Z\" data-selenium=\"sellingPointsListItem\">Mini tr\u00edpode, correa de mu\u00f1eca<\/li>\n<li class=\"listItem_OMS5rN7R1Z\" data-selenium=\"sellingPointsListItem\">Bolsa de transporte, funda protectora<\/li>\n<\/ul>\n","protected":false},"excerpt":{"rendered":"<p>DJI Osmo Pocket 3 Creator Combo<\/p>\n","protected":false},"featured_media":7392,"template":"","meta":{"om_disable_all_campaigns":false},"pwb-brand":[],"product_brand":[],"product_cat":[15,643,646,423],"product_tag":[648],"class_list":{"0":"post-7390","1":"product","2":"type-product","3":"status-publish","4":"has-post-thumbnail","6":"product_cat-camera","7":"product_cat-dji","8":"product_cat-gimbal-de-camara","9":"product_cat-video","10":"product_tag-dji-osmo-pocket-3-creator-combo","12":"first","13":"outofstock","14":"shipping-taxable","15":"purchasable","16":"product-type-simple"},"aioseo_notices":[],"jetpack_sharing_enabled":true,"brands":[],"_links":{"self":[{"href":"https:\/\/proservice.com.ar\/index.php\/wp-json\/wp\/v2\/product\/7390","targetHints":{"allow":["GET"]}}],"collection":[{"href":"https:\/\/proservice.com.ar\/index.php\/wp-json\/wp\/v2\/product"}],"about":[{"href":"https:\/\/proservice.com.ar\/index.php\/wp-json\/wp\/v2\/types\/product"}],"wp:featuredmedia":[{"embeddable":true,"href":"https:\/\/proservice.com.ar\/index.php\/wp-json\/wp\/v2\/media\/7392"}],"wp:attachment":[{"href":"https:\/\/proservice.com.ar\/index.php\/wp-json\/wp\/v2\/media?parent=7390"}],"wp:term":[{"taxonomy":"pwb-brand","embeddable":true,"href":"https:\/\/proservice.com.ar\/index.php\/wp-json\/wp\/v2\/pwb-brand?post=7390"},{"taxonomy":"product_brand","embeddable":true,"href":"https:\/\/proservice.com.ar\/index.php\/wp-json\/wp\/v2\/product_brand?post=7390"},{"taxonomy":"product_cat","embeddable":true,"href":"https:\/\/proservice.com.ar\/index.php\/wp-json\/wp\/v2\/product_cat?post=7390"},{"taxonomy":"product_tag","embeddable":true,"href":"https:\/\/proservice.com.ar\/index.php\/wp-json\/wp\/v2\/product_tag?post=7390"}],"curies":[{"name":"wp","href":"https:\/\/api.w.org\/{rel}","templated":true}]}}