{"id":7475,"date":"2024-06-02T13:23:53","date_gmt":"2024-06-02T16:23:53","guid":{"rendered":"https:\/\/proservice.com.ar\/?post_type=product&#038;p=7475"},"modified":"2025-11-14T11:34:02","modified_gmt":"2025-11-14T14:34:02","slug":"atomos-ninja-5-2-4k-hdmi-recording-monitor","status":"publish","type":"product","link":"https:\/\/proservice.com.ar\/index.php\/product\/atomos-ninja-5-2-4k-hdmi-recording-monitor\/","title":{"rendered":"Atomos Ninja 5.2&#8243; 4K HDMI Recording Monitor- Discontinuado"},"content":{"rendered":"<p>Con un sistema operativo actualizado, monitorizaci\u00f3n HDR y grabaci\u00f3n RAW, el monitor de grabaci\u00f3n Atomos Ninja 4K HDMI de 5.2&#8243; es un monitor y grabador integrado en la c\u00e1mara de 5.2&#8243;, ideal para tu pr\u00f3xima sesi\u00f3n. Este monitor admite grabaciones DCI 4K HDMI e incluso graba en ProRes RAW hasta 6K con c\u00e1maras compatibles. El Ninja conserva el mismo formato que sus predecesores para ser compatible con la mayor\u00eda de los accesorios para monitores Atomos y facilitar su integraci\u00f3n con tu equipo actual.<\/p>\n<p>Sistema operativo AtomOS 11<br \/>\nDise\u00f1ado para el nuevo Ninja, el sistema operativo AtomOS 11 equipa tu monitor con nuevas funciones, adem\u00e1s de una interfaz de iconos mejorada para un manejo m\u00e1s intuitivo. Focus Peaking, Zoom, Falso Color Atomos y ARRI, exposici\u00f3n coloreada EL Zone, \u00c1reas Seguras, RecordAssist, PlayBackAssist, SegmentPro y Gu\u00edas de Cine son algunas de las numerosas funciones de asistencia disponibles. El motor de procesamiento AtomHDR permite la previsualizaci\u00f3n de Log a PQ\/HLG en tiempo real.<\/p>\n<p>Pantalla t\u00e1ctil de 5,2&#8243;<br \/>\nLa pantalla t\u00e1ctil IPS de 5,2&#8243; de la Ninja ofrece una resoluci\u00f3n de 1920 x 1080 con un brillo de 1000 cd\/m\u00b2 para ver v\u00eddeos a plena luz del d\u00eda. El procesamiento de color de 10 bits, la gama de colores Rec. 709 y la compatibilidad con la calibraci\u00f3n Calibrite ColorChecker Display Pro\/Plus garantizan una monitorizaci\u00f3n de alta calidad y con colores precisos de sus grabaciones.<\/p>\n<p>Color integral<br \/>\nNinja admite el uso de determinados formatos log de Sony, ARRI, JVC, RED, FUJIFILM, Nikon, Panasonic y Canon. Cargue LUT 3D personalizadas al monitor y genere la conversi\u00f3n HDR a formatos Log, HLG, PQ o Dolby Vision.<\/p>\n<p>Interfaz HDMI, grabaci\u00f3n ProRes RAW<br \/>\nLos puertos de entrada y salida HDMI del Ninja admiten hasta video DCI 4K a 60 fps en modos de monitoreo, grabaci\u00f3n y reproducci\u00f3n. El metraje RAW de 3.5K a 60 fps es compatible con c\u00e1maras seleccionadas.<br \/>\nM\u00e1s de 55 c\u00e1maras diferentes admiten la grabaci\u00f3n RAW a trav\u00e9s de HDMI y la Ninja admite hasta 6K a 30 fps.<br \/>\nGrabar juegos en 4K HDR<br \/>\nNinja se puede configurar como un sistema independiente para capturar juegos en UHD 4K, HDR y alta velocidad de fotogramas. Graba, supervisa y revisa al instante tu juego para publicarlo en YouTube u otras plataformas.<\/p>\n<p>Grabaci\u00f3n en SSD<br \/>\nEl Ninja es compatible con los discos duros Atomos Master Caddy II y Master Caddy III de 2,5&#8243;, que permiten la grabaci\u00f3n directa en ellos. Tambi\u00e9n puedes grabar en unidades compactas AtomX SSDmini y tarjetas CFAST II mediante un adaptador disponible por separado.<\/p>\n<p>&nbsp;<\/p>\n<div class=\"title_OMS5rN7R1Z\">\n<div class=\"text_TAw0W35QK_ comfy_TAw0W35QK_ sizeTitle4_TAw0W35QK_ weightBold_TAw0W35QK_ primary_i3MsQsqoe0\" data-selenium=\"sellingPointsTitle\"><strong>Caracter\u00edsticas principales:\u00a0<\/strong><\/div>\n<\/div>\n<ul class=\"list_OMS5rN7R1Z\">\n<li class=\"listItem_OMS5rN7R1Z\" data-selenium=\"sellingPointsListItem\">Pantalla t\u00e1ctil de 1920 x 1080<\/li>\n<li class=\"listItem_OMS5rN7R1Z\" data-selenium=\"sellingPointsListItem\">Monitor visible exterior de 10 bits<\/li>\n<li class=\"listItem_OMS5rN7R1Z\" data-selenium=\"sellingPointsListItem\">Entrada\/salida HDMI 2.0 4K<\/li>\n<li class=\"listItem_OMS5rN7R1Z\" data-selenium=\"sellingPointsListItem\">ProRes RAW 6K30 con c\u00e1maras seleccionadas<\/li>\n<li class=\"listItem_OMS5rN7R1Z\" data-selenium=\"sellingPointsListItem\">Sistema operativo AtomOS 11<\/li>\n<li class=\"listItem_OMS5rN7R1Z\" data-selenium=\"sellingPointsListItem\">Brillo de 1000 cd\/m\u00b2<\/li>\n<li class=\"listItem_OMS5rN7R1Z\" data-selenium=\"sellingPointsListItem\">Admite m\u00faltiples formatos de registro<\/li>\n<li class=\"listItem_OMS5rN7R1Z\" data-selenium=\"sellingPointsListItem\">Grabaci\u00f3n en ProRes y DNxHR\/HD<\/li>\n<li class=\"listItem_OMS5rN7R1Z\" data-selenium=\"sellingPointsListItem\">Grabar en el disco duro Master Caddy II\/III<\/li>\n<li class=\"listItem_OMS5rN7R1Z\" data-selenium=\"sellingPointsListItem\">Ranura para bater\u00eda serie L, puerto USB-C<\/li>\n<\/ul>\n","protected":false},"excerpt":{"rendered":"<p>Atomos Ninja 5.2&#8243; 4K HDMI Recording Monitor<\/p>\n","protected":false},"featured_media":7480,"template":"","meta":{"om_disable_all_campaigns":false},"pwb-brand":[],"product_brand":[],"product_cat":[75,63],"product_tag":[661],"class_list":{"0":"post-7475","1":"product","2":"type-product","3":"status-publish","4":"has-post-thumbnail","6":"product_cat-atomos","7":"product_cat-monitors-multiview","8":"product_tag-atomnja004","10":"first","11":"outofstock","12":"shipping-taxable","13":"product-type-simple"},"aioseo_notices":[],"jetpack_sharing_enabled":true,"brands":[],"_links":{"self":[{"href":"https:\/\/proservice.com.ar\/index.php\/wp-json\/wp\/v2\/product\/7475","targetHints":{"allow":["GET"]}}],"collection":[{"href":"https:\/\/proservice.com.ar\/index.php\/wp-json\/wp\/v2\/product"}],"about":[{"href":"https:\/\/proservice.com.ar\/index.php\/wp-json\/wp\/v2\/types\/product"}],"wp:featuredmedia":[{"embeddable":true,"href":"https:\/\/proservice.com.ar\/index.php\/wp-json\/wp\/v2\/media\/7480"}],"wp:attachment":[{"href":"https:\/\/proservice.com.ar\/index.php\/wp-json\/wp\/v2\/media?parent=7475"}],"wp:term":[{"taxonomy":"pwb-brand","embeddable":true,"href":"https:\/\/proservice.com.ar\/index.php\/wp-json\/wp\/v2\/pwb-brand?post=7475"},{"taxonomy":"product_brand","embeddable":true,"href":"https:\/\/proservice.com.ar\/index.php\/wp-json\/wp\/v2\/product_brand?post=7475"},{"taxonomy":"product_cat","embeddable":true,"href":"https:\/\/proservice.com.ar\/index.php\/wp-json\/wp\/v2\/product_cat?post=7475"},{"taxonomy":"product_tag","embeddable":true,"href":"https:\/\/proservice.com.ar\/index.php\/wp-json\/wp\/v2\/product_tag?post=7475"}],"curies":[{"name":"wp","href":"https:\/\/api.w.org\/{rel}","templated":true}]}}