{"id":7706,"date":"2025-05-28T15:07:50","date_gmt":"2025-05-28T18:07:50","guid":{"rendered":"https:\/\/proservice.com.ar\/?post_type=product&#038;p=7706"},"modified":"2026-04-01T11:12:03","modified_gmt":"2026-04-01T14:12:03","slug":"hollyland-lark-m2s-mini-combo-2-person-wireless-microphone-system-for-cameras-and-mobile-devices-2-4-ghz-space-gray","status":"publish","type":"product","link":"https:\/\/proservice.com.ar\/index.php\/product\/hollyland-lark-m2s-mini-combo-2-person-wireless-microphone-system-for-cameras-and-mobile-devices-2-4-ghz-space-gray\/","title":{"rendered":"Hollyland LARK M2S Mini Combo 2-Person Wireless Microphone System for Cameras and Mobile Devices (2.4 GHz, Space Gray)"},"content":{"rendered":"<p>Experimenta la discreci\u00f3n y la comodidad con nuestro micr\u00f3fono LARK M2S, del tama\u00f1o de una perla y muy ligero, dise\u00f1ado para ofrecer un audio equilibrado y rico en detalles para sus vlogs, entrevistas, retransmisiones en directo y mucho m\u00e1s. Simplemente aj\u00fastelo a su cuello utilizando nuestro dise\u00f1o de clip de titanio l\u00edder en la industria,y permanecer\u00e1 discreta y elegantemente por fuera de la ropa. Disfrute de una captura de audio perfecta sin renunciar al estilo ni a la comodidad.<\/p>\n<p>Tanto si est\u00e1 retransmitiendo en directo como grabando v\u00eddeos cortos o cubriendo bodas y entrevistas, podr\u00e1 concentrarse sin preocuparse por las distracciones. Su dise\u00f1o elegante y sin logotipos se oculta f\u00e1cilmente en la ropa, lo que garantiza su total discreci\u00f3n y que pase desapercibido.<\/p>\n<p>El titanio ofrece ventajas incomparables tanto en ligereza como en estabilidad, lo que convierte a LARK M2S en la elecci\u00f3n ideal para quienes priorizan la portabilidad sin comprometer la resistencia.<\/p>\n<p>M\u00e1s ligero.<br \/>\nEl titanio es conocido por su gran resistencia, pero tambi\u00e9n tiene una densidad extremadamente baja, lo que da como resultado una relaci\u00f3n resistencia-peso que supera con creces la de muchos metales tradicionales. Esta ligereza hace que LARK M2S sea extremadamente port\u00e1til, lo que mejora significativamente la comodidad y la experiencia del usuario.<\/p>\n<p>M\u00e1s estabilidad.<br \/>\nAdem\u00e1s de su ligereza, el titanio posee una estabilidad estructural y una durabilidad excepcionales, lo que le permite mantener su forma y resistencia incluso en condiciones extremas. Su resistencia y ligereza se combinan para ofrecer una experiencia de primera calidad. hecha para durar , lo que le permite confiar en su rendimiento, vaya donde vaya.<\/p>\n<p>48kHz \/24bits<br \/>\nCapture todos los detalles para disfrutar de voces reales y un sonido cristalino, y llevar su audio al siguiente nivel. Tanto si graba podcasts como si hace streaming o crea contenidos, todos los matices se conservan con una claridad asombrosa.<\/p>\n<p>Con esta avanzada tecnolog\u00eda, su p\u00fablico le oir\u00e1 exactamente como usted pretende: n\u00edtido, natural e incre\u00edblemente detallado.<\/p>\n<p>70dB<br \/>\nCon una relaci\u00f3n se\u00f1al\/ruido (S\/R) de 70 dB, le garantizamos un sonido excepcionalmente claro con el m\u00ednimo ruido de fondo.<\/p>\n<p>El LARK M2S garantiza que cada palabra, nota y sonido destaque, libre de interferencias que distraigan.<\/p>\n<p>116dB<br \/>\nCon un nivel m\u00e1ximo de presi\u00f3n sonora (SPL) de 116dB, el LARK M2S est\u00e1 construido para manejar incluso las fuentes de audio m\u00e1s fuertes con una distorsi\u00f3n ultrabaja en todo el espectro audible, asegurando que su audio sea lo m\u00e1s real posible.<\/p>\n<p>El LARK M2S le da la libertad de grabar con confianza, sabiendo que cada momento se captura con una precisi\u00f3n impecable, incluso a vol\u00famenes altos.<\/p>\n<p>El LARK M2S adopta una avanzada tecnolog\u00eda de Cancelaci\u00f3n del ruido ambiental (ENC) para conseguir un audio cristalino eliminando autom\u00e1ticamente el ruido de baja frecuencia. Disfrute de la cancelaci\u00f3n inteligente del ruido con solo pulsar una vez el transmisor o el receptor.<\/p>\n","protected":false},"excerpt":{"rendered":"<p>Hollyland LARK M2S Mini Combo<\/p>\n","protected":false},"featured_media":7708,"template":"","meta":{"om_disable_all_campaigns":false},"pwb-brand":[],"product_brand":[],"product_cat":[77,641],"product_tag":[676],"class_list":{"0":"post-7706","1":"product","2":"type-product","3":"status-publish","4":"has-post-thumbnail","6":"product_cat-hollyland","7":"product_cat-microfonos","8":"product_tag-lark-m2s-mini-combo","10":"first","11":"outofstock","12":"shipping-taxable","13":"purchasable","14":"product-type-simple"},"aioseo_notices":[],"jetpack_sharing_enabled":true,"brands":[],"_links":{"self":[{"href":"https:\/\/proservice.com.ar\/index.php\/wp-json\/wp\/v2\/product\/7706","targetHints":{"allow":["GET"]}}],"collection":[{"href":"https:\/\/proservice.com.ar\/index.php\/wp-json\/wp\/v2\/product"}],"about":[{"href":"https:\/\/proservice.com.ar\/index.php\/wp-json\/wp\/v2\/types\/product"}],"wp:featuredmedia":[{"embeddable":true,"href":"https:\/\/proservice.com.ar\/index.php\/wp-json\/wp\/v2\/media\/7708"}],"wp:attachment":[{"href":"https:\/\/proservice.com.ar\/index.php\/wp-json\/wp\/v2\/media?parent=7706"}],"wp:term":[{"taxonomy":"pwb-brand","embeddable":true,"href":"https:\/\/proservice.com.ar\/index.php\/wp-json\/wp\/v2\/pwb-brand?post=7706"},{"taxonomy":"product_brand","embeddable":true,"href":"https:\/\/proservice.com.ar\/index.php\/wp-json\/wp\/v2\/product_brand?post=7706"},{"taxonomy":"product_cat","embeddable":true,"href":"https:\/\/proservice.com.ar\/index.php\/wp-json\/wp\/v2\/product_cat?post=7706"},{"taxonomy":"product_tag","embeddable":true,"href":"https:\/\/proservice.com.ar\/index.php\/wp-json\/wp\/v2\/product_tag?post=7706"}],"curies":[{"name":"wp","href":"https:\/\/api.w.org\/{rel}","templated":true}]}}