{"id":7775,"date":"2025-10-09T16:42:15","date_gmt":"2025-10-09T19:42:15","guid":{"rendered":"https:\/\/proservice.com.ar\/?post_type=product&#038;p=7775"},"modified":"2026-04-01T11:04:37","modified_gmt":"2026-04-01T14:04:37","slug":"larkmax_2-uc","status":"publish","type":"product","link":"https:\/\/proservice.com.ar\/index.php\/product\/larkmax_2-uc\/","title":{"rendered":"Hollyland LARK MAX 2 Ultimate Combo"},"content":{"rendered":"<p>El LARK MAX 2 revoluciona la grabaci\u00f3n de audio profesional, liberando a los creadores de configuraciones complicadas y garantizando una calidad de sonido sin concesiones. Su innovador sistema de cadena completa ofrece un audio impecable desde la captura hasta la transmisi\u00f3n y la monitorizaci\u00f3n de ultra baja latencia, mientras que la avanzada cancelaci\u00f3n de ruido por IA garantiza una claridad y fidelidad sin precedentes en cada grabaci\u00f3n. Un receptor puede emparejarse de forma flexible con hasta cuatro transmisores, lo que lo convierte en la opci\u00f3n ideal para la captura de audio de varias personas en diversos escenarios de producci\u00f3n.<\/p>\n<p>Desde la tecnolog\u00eda m\u00e1s avanzada hasta una experiencia de usuario fluida, nuestra soluci\u00f3n no es solo una herramienta de grabaci\u00f3n: es un s\u00edmbolo de libertad creativa. Ideal para creadores que buscan flexibilidad y productividad, este sistema innovador le brinda la libertad de enfocarse en lo que m\u00e1s importa: su creatividad.<\/p>\n<p>Flujo de trabajo m\u00e1s fluido<br \/>\nSimplicidad profesional<br \/>\nTransmita el audio de la c\u00e1mara de manera inal\u00e1mbrica a los auriculares OWS mediante el receptor de la c\u00e1mara, permiti\u00e9ndole desplazarse con libertad hasta 100 metros (l\u00ednea de visi\u00f3n) sin perder detalle alguno. Gracias al adaptador para zapata caliente, la configuraci\u00f3n es m\u00e1s r\u00e1pida y se minimiza el desorden de cables, logrando un equipo ordenado y profesional.<\/p>\n<p>Dos modos de<br \/>\nmonitorizaci\u00f3n inal\u00e1mbrica [1]<br \/>\nAdem\u00e1s de la monitorizaci\u00f3n del audio desde la c\u00e1mara, nuestros auriculares OWS tambi\u00e9n permiten la monitorizaci\u00f3n inal\u00e1mbrica del audio desde smartphones a trav\u00e9s del receptor de la c\u00e1mara o del receptor USB-C, as\u00ed como la monitorizaci\u00f3n directa desde ambos receptores. Esta soluci\u00f3n vers\u00e1til es ideal para aplicaciones din\u00e1micas como la transmisi\u00f3n en vivo y el chat de voz.<\/p>\n<p>M\u00e1s c\u00f3modo de llevar<br \/>\nComodidad y flexibilidad<br \/>\nNuestros auriculares OWS cuentan con un moderno dise\u00f1o de o\u00eddo abierto, que ofrece comodidad durante todo el d\u00eda sin necesidad de insertarlos en el o\u00eddo. Los ganchos para oreja ajustables se adaptan a diferentes anatom\u00edas, asegurando un ajuste firme y c\u00f3modo para un uso sin preocupaciones. Estos auriculares, perfectos para creadores, permiten una inmersi\u00f3n total durante la grabaci\u00f3n, al tiempo que mantienen la conexi\u00f3n con el entorno circundante.<br \/>\nLa tecnolog\u00eda de salto de frecuencia a 2,4 GHz contra interferencias garantiza un audio estable y cristalino, con una rica din\u00e1mica, incluso en entornos saturados. Con una latencia ultrabaja de 25 ms (del transmisor a los auriculares OWS) y una autonom\u00eda de 18 horas, est\u00e1 dise\u00f1ado para ofrecer un rendimiento excepcional. Los auriculares OWS tambi\u00e9n funcionan como auriculares Bluetooth, integrando sin esfuerzo trabajo y tiempo de ocio.<br \/>\nTecnolog\u00eda FocalClear<br \/>\nClaridad profesional<br \/>\ny excelencia ac\u00fastica<br \/>\nPotencia tus grabaciones a nivel profesional con nuestra innovadora tecnolog\u00eda FocalClear, dise\u00f1ada para capturar tu voz con precisi\u00f3n y riqueza. Al igual que una lente de c\u00e1mara enfoca la luz para crear la toma perfecta, la tecnolog\u00eda FocalClear se centra en las frecuencias vocales, filtrando de forma natural el ruido de fondo no deseado.<\/p>\n<p>Util\u00edcelo junto con un antiviento de pelo sint\u00e9tico para una protecci\u00f3n de doble capa, minimizando la interferencia del viento y preservando la calidad de audio sin alteraciones.<br \/>\nFrecuencia y profundidad de muestreo<br \/>\n48 kHz \/ 32-bit flotante<br \/>\nDesp\u00eddase del audio mediocre. Su voz merece ser escuchada en todo su esplendor: cada matiz sutil, cada pausa natural y cada instante de pasi\u00f3n capturados con un nivel de detalle impresionante. Ya sea para producci\u00f3n de p\u00f3dcasts, transmisi\u00f3n en vivo o creaci\u00f3n de contenido, su mensaje se transmite exactamente como lo imagin\u00f3: impecable, n\u00edtido y 100\u202f% aut\u00e9ntico.<\/p>\n<p>Cada transmisor cuenta con 8 GB de almacenamiento interno, capaz de grabar hasta 14 horas de audio de alta calidad sin comprimir. Esto act\u00faa como respaldo fiable, asegurando que ning\u00fan audio valioso se pierda jam\u00e1s. Adem\u00e1s, el transmisor puede funcionar como grabadora de voz independiente, capturando audio directamente en el dispositivo, sin depender de la c\u00e1mara o el smartphone, ofreciendo una doble garant\u00eda para la grabaci\u00f3n in situ.<br \/>\nAjuste continuo<br \/>\nEl LARK MAX 2 ofrece un rendimiento inigualable en la supresi\u00f3n de ruidos repentinos. Desde los clics del teclado y golpes en la puerta hasta bocinas de coche, sonidos de aviones e incluso tormentas, nuestra tecnolog\u00eda impulsada por IA se adapta din\u00e1micamente para suprimir el ruido no deseado y mantener siempre su audio claro. Con un ajuste preciso y continuo de la cancelaci\u00f3n de ruido (de 5 a 25 dB), obtendr\u00e1 sonido de calidad profesional directamente desde la fuente. Olv\u00eddese de los dolores de cabeza en la posproducci\u00f3n y conc\u00e9ntrese solo en crear.<\/p>\n<p>Rango de ajuste continuo: de 5 a 25 dB<br \/>\nSincronizaci\u00f3n perfecta de c\u00f3digo de tiempo,<br \/>\nsonido impecable<br \/>\nEl avanzado sistema integrado de c\u00f3digo de tiempo a nivel de fotograma sincroniza las im\u00e1genes de la c\u00e1mara con la grabaci\u00f3n de audio interna mediante salidas tanto de 3,5 mm como UAC. Esto permite una alineaci\u00f3n audiovisual perfecta y precisa en todo el flujo de trabajo de producci\u00f3n, lo que ahorra un tiempo valioso en la posproducci\u00f3n. Creado para cineastas que exigen la excelencia, esto no es solo una herramienta: es el mejor aliado de su l\u00ednea de tiempo.<\/p>\n","protected":false},"excerpt":{"rendered":"<p>Hollyland LARK MAX 2 Ultimate Combo 2 microfonos y monitor de audio inalambrico<\/p>\n","protected":false},"featured_media":7779,"template":"","meta":{"om_disable_all_campaigns":false},"pwb-brand":[],"product_brand":[],"product_cat":[77,641],"product_tag":[685],"class_list":{"0":"post-7775","1":"product","2":"type-product","3":"status-publish","4":"has-post-thumbnail","6":"product_cat-hollyland","7":"product_cat-microfonos","8":"product_tag-lark-max-2-ultimate-combo","10":"first","11":"instock","12":"sale","13":"featured","14":"shipping-taxable","15":"purchasable","16":"product-type-simple"},"aioseo_notices":[],"jetpack_sharing_enabled":true,"brands":[],"_links":{"self":[{"href":"https:\/\/proservice.com.ar\/index.php\/wp-json\/wp\/v2\/product\/7775","targetHints":{"allow":["GET"]}}],"collection":[{"href":"https:\/\/proservice.com.ar\/index.php\/wp-json\/wp\/v2\/product"}],"about":[{"href":"https:\/\/proservice.com.ar\/index.php\/wp-json\/wp\/v2\/types\/product"}],"wp:featuredmedia":[{"embeddable":true,"href":"https:\/\/proservice.com.ar\/index.php\/wp-json\/wp\/v2\/media\/7779"}],"wp:attachment":[{"href":"https:\/\/proservice.com.ar\/index.php\/wp-json\/wp\/v2\/media?parent=7775"}],"wp:term":[{"taxonomy":"pwb-brand","embeddable":true,"href":"https:\/\/proservice.com.ar\/index.php\/wp-json\/wp\/v2\/pwb-brand?post=7775"},{"taxonomy":"product_brand","embeddable":true,"href":"https:\/\/proservice.com.ar\/index.php\/wp-json\/wp\/v2\/product_brand?post=7775"},{"taxonomy":"product_cat","embeddable":true,"href":"https:\/\/proservice.com.ar\/index.php\/wp-json\/wp\/v2\/product_cat?post=7775"},{"taxonomy":"product_tag","embeddable":true,"href":"https:\/\/proservice.com.ar\/index.php\/wp-json\/wp\/v2\/product_tag?post=7775"}],"curies":[{"name":"wp","href":"https:\/\/api.w.org\/{rel}","templated":true}]}}