{"id":7802,"date":"2025-10-16T10:00:12","date_gmt":"2025-10-16T13:00:12","guid":{"rendered":"https:\/\/proservice.com.ar\/?post_type=product&#038;p=7802"},"modified":"2026-01-07T11:08:52","modified_gmt":"2026-01-07T14:08:52","slug":"telycam-vision-se-hdmi-4k-ptz-auto-tracking-camera-with-12x-optical-zoom-black","status":"publish","type":"product","link":"https:\/\/proservice.com.ar\/index.php\/product\/telycam-vision-se-hdmi-4k-ptz-auto-tracking-camera-with-12x-optical-zoom-black\/","title":{"rendered":"Telycam Vision+ SE HDMI 4K PTZ Auto Tracking Camera with 12x Optical Zoom (Black)"},"content":{"rendered":"<p>Brillo 4K UHD incomparable<br \/>\nEquipado con un procesador de im\u00e1genes de \u00faltima generaci\u00f3n, Vision+ SE emite video 4Kp60\/59.94 para obtener im\u00e1genes claras, n\u00edtidas y realistas incluso en entornos con poca luz.<\/p>\n<p>Conectividad nativa NDI\u00aeHX<br \/>\nLa conectividad NDI\u00aeHX del Vision+ SE simplifica la configuraci\u00f3n, permite un control centralizado y garantiza la compatibilidad con diversos equipos. Esto optimiza los flujos de trabajo de producci\u00f3n y reduce los costos.<\/p>\n<p>Ampliar con maestr\u00eda \u00f3ptica 12x<br \/>\nCon un zoom \u00f3ptico 4K 12X y un amplio campo de visi\u00f3n de 80,5 grados, junto con un algoritmo de enfoque personalizado, cada zoom y desplazamiento se traduce en un viaje a trav\u00e9s de detalles intrincados.<\/p>\n<p>La integraci\u00f3n de FreeD permite producciones virtuales inmersivas<br \/>\nFreeD es un protocolo que permite la transmisi\u00f3n precisa de datos de Pan, Tilt, Zoom y Enfoque (PTZF) directamente desde la c\u00e1mara al sistema de seguimiento. Ampliamente compatible con la mayor\u00eda de los sistemas de escenarios virtuales, FreeD facilita las producciones virtuales como nunca antes. Vision+ SE integra a la perfecci\u00f3n la tecnolog\u00eda FreeD, lo que permite a los usuarios explorar \u00e1ngulos y perspectivas de grabaci\u00f3n din\u00e1micos, ideal para aplicaciones vers\u00e1tiles tanto en el mundo real como en el virtual. La amplia compatibilidad de Vision+ SE con los sistemas de escenarios virtuales l\u00edderes del sector, como Brainstorm, Vizrt, Zero Density, Aximmetry, Unreal Engine y VSet3D, garantiza un flujo de trabajo fluido para todas sus necesidades de producci\u00f3n virtual.<\/p>\n<p>Luces indicadoras para se\u00f1ales de producci\u00f3n sin esfuerzo<br \/>\nLa luz tally, un indicador visible generalmente en LED rojo, se ilumina para se\u00f1alar cuando la c\u00e1mara est\u00e1 activa y enviando activamente su salida de imagen.<\/p>\n<p>La serie Vision+ SE cuenta con luces indicadoras integradas compatibles con NDI. Esta intuitiva funci\u00f3n recibe se\u00f1ales directamente de NDI, sin necesidad de sistemas de control de luces indicadoras independientes. Un LED brillante se ilumina para indicar claramente qu\u00e9 c\u00e1mara est\u00e1 en el aire (&#8220;Programa&#8221;) y cu\u00e1l est\u00e1 preparada para la siguiente transici\u00f3n (&#8220;Vista previa&#8221;).<\/p>\n<p>Entrada de l\u00ednea est\u00e9reo de 3,5 mm<br \/>\nEl Vision+ 4KN cuenta con una interfaz de audio est\u00e9reo de 3,5 mm que permite la conexi\u00f3n directa de fuentes de audio externas. Esto garantiza un audio sincronizado de alta calidad con la se\u00f1al de v\u00eddeo, mejorando as\u00ed la calidad general de la producci\u00f3n. La entrada de l\u00ednea es compatible con diversos dispositivos de audio, lo que proporciona flexibilidad y comodidad para la radiodifusi\u00f3n y la producci\u00f3n de v\u00eddeo profesionales.<\/p>\n<p>Configuraci\u00f3n de c\u00e1mara perfecta con SSDP<br \/>\nConfigurar tu c\u00e1mara PTZ Telycam nunca ha sido tan f\u00e1cil gracias a la integraci\u00f3n con SSDP. Esta funci\u00f3n simplifica la b\u00fasqueda de la direcci\u00f3n IP de tu c\u00e1mara, especialmente en transmisiones multic\u00e1mara, eliminando la necesidad de b\u00fasquedas complejas o herramientas adicionales. Simplemente conecta tu c\u00e1mara con un cable Ethernet, asegur\u00e1ndote de que est\u00e9 en la misma red local que tu ordenador.<\/p>\n<p>Seguimiento autom\u00e1tico nativo basado en IA<br \/>\nVision+ SE cuenta con seguimiento autom\u00e1tico basado en IA, que sigue autom\u00e1ticamente a los sujetos para mejorar la facilidad de uso y capturar los momentos de manera impecable.<\/p>\n","protected":false},"excerpt":{"rendered":"<p>Telycam Vision+ SE HDMI 4K PTZ Auto Tracking Camera with 12x Optical Zoom<\/p>\n","protected":false},"featured_media":7805,"template":"","meta":{"om_disable_all_campaigns":false},"pwb-brand":[],"product_brand":[],"product_cat":[15,683],"product_tag":[691,690],"class_list":{"0":"post-7802","1":"product","2":"type-product","3":"status-publish","4":"has-post-thumbnail","6":"product_cat-camera","7":"product_cat-telycam","8":"product_tag-telycam","9":"product_tag-vision-se","11":"first","12":"instock","13":"shipping-taxable","14":"purchasable","15":"product-type-simple"},"aioseo_notices":[],"jetpack_sharing_enabled":true,"brands":[],"_links":{"self":[{"href":"https:\/\/proservice.com.ar\/index.php\/wp-json\/wp\/v2\/product\/7802","targetHints":{"allow":["GET"]}}],"collection":[{"href":"https:\/\/proservice.com.ar\/index.php\/wp-json\/wp\/v2\/product"}],"about":[{"href":"https:\/\/proservice.com.ar\/index.php\/wp-json\/wp\/v2\/types\/product"}],"wp:featuredmedia":[{"embeddable":true,"href":"https:\/\/proservice.com.ar\/index.php\/wp-json\/wp\/v2\/media\/7805"}],"wp:attachment":[{"href":"https:\/\/proservice.com.ar\/index.php\/wp-json\/wp\/v2\/media?parent=7802"}],"wp:term":[{"taxonomy":"pwb-brand","embeddable":true,"href":"https:\/\/proservice.com.ar\/index.php\/wp-json\/wp\/v2\/pwb-brand?post=7802"},{"taxonomy":"product_brand","embeddable":true,"href":"https:\/\/proservice.com.ar\/index.php\/wp-json\/wp\/v2\/product_brand?post=7802"},{"taxonomy":"product_cat","embeddable":true,"href":"https:\/\/proservice.com.ar\/index.php\/wp-json\/wp\/v2\/product_cat?post=7802"},{"taxonomy":"product_tag","embeddable":true,"href":"https:\/\/proservice.com.ar\/index.php\/wp-json\/wp\/v2\/product_tag?post=7802"}],"curies":[{"name":"wp","href":"https:\/\/api.w.org\/{rel}","templated":true}]}}