{"id":7816,"date":"2025-01-16T15:57:13","date_gmt":"2025-01-16T18:57:13","guid":{"rendered":"https:\/\/proservice.com.ar\/?post_type=product&#038;p=7816"},"modified":"2026-04-01T11:15:19","modified_gmt":"2026-04-01T14:15:19","slug":"blackmagic-pyxis-monitor-evf-kit","status":"publish","type":"product","link":"https:\/\/proservice.com.ar\/index.php\/product\/blackmagic-pyxis-monitor-evf-kit\/","title":{"rendered":"Blackmagic PYXIS Monitor EVF Kit"},"content":{"rendered":"<p>Este dispositivo es un accesorio vers\u00e1til con una pantalla t\u00e1ctil HDR de 5 pulgadas que permite controlar las c\u00e1maras desde cualquier sitio. El kit incluye el monitor, una visera desmontable, un cable USB con mecanismo de bloqueo y monturas para usar el monitor con las c\u00e1maras Blackmagic PYXIS y URSA Cine, y cuenta con todo lo necesario para emplear el dispositivo como un visor electr\u00f3nico.<\/p>\n<p>Conexiones<br \/>\nUSB-C con mecanismo de bloqueo<br \/>\nIm\u00e1genes, alimentaci\u00f3n, datos y actualizaci\u00f3n del dispositivo.<\/p>\n<h3>Caracter\u00edsticas<\/h3>\n<div class=\"autocolumns\">\n<article class=\"pair\">\n<div class=\"autocolumns\">\n<article class=\"pair\">Tama\u00f1o de la pantalla 5 pulgadas.Resoluci\u00f3n 1920 x 1080Tipo de pantalla Pantalla t\u00e1ctil capacitiva de cristal l\u00edquido.<\/p>\n<p>Brillo de la pantalla 1500 nits.<\/p>\n<p>Frecuencias de imagen Hasta 60 f\/s.<\/p>\n<p>Luz indicadora Luz piloto trasera.<\/p>\n<p>Aceler\u00f3metro La imagen gira autom\u00e1ticamente al invertir el monitor.<\/p>\n<\/article>\n<\/div>\n<\/article>\n<\/div>\n","protected":false},"excerpt":{"rendered":"<p>Este dispositivo es un accesorio vers\u00e1til con una pantalla t\u00e1ctil HDR de 5 pulgadas que permite controlar las c\u00e1maras desde cualquier sitio. El kit incluye el monitor, una visera desmontable, un cable USB con mecanismo de bloqueo y monturas para usar el monitor con las c\u00e1maras Blackmagic PYXIS y URSA Cine, y cuenta con todo [&hellip;]<\/p>\n","protected":false},"featured_media":7818,"template":"","meta":{"om_disable_all_campaigns":false},"pwb-brand":[],"product_brand":[],"product_cat":[71,63],"product_tag":[],"class_list":{"0":"post-7816","1":"product","2":"type-product","3":"status-publish","4":"has-post-thumbnail","6":"product_cat-blackmagic-design","7":"product_cat-monitors-multiview","9":"first","10":"outofstock","11":"shipping-taxable","12":"product-type-simple"},"aioseo_notices":[],"jetpack_sharing_enabled":true,"brands":[],"_links":{"self":[{"href":"https:\/\/proservice.com.ar\/index.php\/wp-json\/wp\/v2\/product\/7816","targetHints":{"allow":["GET"]}}],"collection":[{"href":"https:\/\/proservice.com.ar\/index.php\/wp-json\/wp\/v2\/product"}],"about":[{"href":"https:\/\/proservice.com.ar\/index.php\/wp-json\/wp\/v2\/types\/product"}],"wp:featuredmedia":[{"embeddable":true,"href":"https:\/\/proservice.com.ar\/index.php\/wp-json\/wp\/v2\/media\/7818"}],"wp:attachment":[{"href":"https:\/\/proservice.com.ar\/index.php\/wp-json\/wp\/v2\/media?parent=7816"}],"wp:term":[{"taxonomy":"pwb-brand","embeddable":true,"href":"https:\/\/proservice.com.ar\/index.php\/wp-json\/wp\/v2\/pwb-brand?post=7816"},{"taxonomy":"product_brand","embeddable":true,"href":"https:\/\/proservice.com.ar\/index.php\/wp-json\/wp\/v2\/product_brand?post=7816"},{"taxonomy":"product_cat","embeddable":true,"href":"https:\/\/proservice.com.ar\/index.php\/wp-json\/wp\/v2\/product_cat?post=7816"},{"taxonomy":"product_tag","embeddable":true,"href":"https:\/\/proservice.com.ar\/index.php\/wp-json\/wp\/v2\/product_tag?post=7816"}],"curies":[{"name":"wp","href":"https:\/\/api.w.org\/{rel}","templated":true}]}}