{"id":7819,"date":"2023-10-16T16:05:26","date_gmt":"2023-10-16T19:05:26","guid":{"rendered":"https:\/\/proservice.com.ar\/?post_type=product&#038;p=7819"},"modified":"2025-10-16T16:08:38","modified_gmt":"2025-10-16T19:08:38","slug":"dzofilm-catta-ace-35-80mm-t2-9-cine-zoom-lens-pl-ef","status":"publish","type":"product","link":"https:\/\/proservice.com.ar\/index.php\/product\/dzofilm-catta-ace-35-80mm-t2-9-cine-zoom-lens-pl-ef\/","title":{"rendered":"DZOFilm Catta Ace 35-80mm T2.9 Cine Zoom Lens (PL\/EF)"},"content":{"rendered":"<p>A\u00f1ade un zoom cinematogr\u00e1fico a tu equipo de producci\u00f3n de documentales, emisiones o online con el Catta Ace 35-80 mm T2.9 de DZOFilm . Este zoom cinematogr\u00e1fico est\u00e1 dise\u00f1ado para mantener el enfoque al acercar o alejar el zoom con suavidad. La l\u00ednea Catta reproduce colores precisos y ofrece una transici\u00f3n suave de enfoque\/desenfoque. Cuenta con una amplia apertura de T2.9 a T22, un iris de 16 l\u00e1minas para un bokeh suave y un amplio rango de enfoque cercano de 29.1&#8243;.<\/p>\n<p>Fiel a su dise\u00f1o cinematogr\u00e1fico, ofrece una rotaci\u00f3n de enfoque de 270\u00b0, un rango de rotaci\u00f3n del zoom de 100\u00b0 y un rango de rotaci\u00f3n del iris de 75\u00b0. El objetivo cuenta con montura PL e incluye una bayoneta para montura EF que se puede cambiar con los tornillos y el kit de cu\u00f1as incluidos. El objetivo incluye varios accesorios, como tapas frontal y trasera, un juego de cu\u00f1as, una base de soporte y una varilla de soporte.<\/p>\n<p>Caracter\u00edsticas principales<\/p>\n<ul>\n<li>Mantiene el enfoque en todo el rango de zoom de 35 a 80 mm<\/li>\n<li>Respiraci\u00f3n m\u00ednima<\/li>\n<li>Iris de 16 hojas con un bokeh suave<\/li>\n<li>Apertura de T2.9 a T22; relaci\u00f3n de aumento de 2,3x<\/li>\n<li>Rotaci\u00f3n de enfoque de 270\u00b0; rotaci\u00f3n de zoom de 100\u00b0; rotaci\u00f3n de iris de 75\u00b0<\/li>\n<li>Distancia m\u00ednima de enfoque de 29,1&#8243;<\/li>\n<li>Di\u00e1metro frontal de 80 mm<\/li>\n<li>0.8 engranajes MOD<\/li>\n<\/ul>\n","protected":false},"excerpt":{"rendered":"<p>DZOFilm Catta Ace 35-80mm T2.9 Cine Zoom Lens (PL\/EF)<\/p>\n","protected":false},"featured_media":7823,"template":"","meta":{"om_disable_all_campaigns":false},"pwb-brand":[],"product_brand":[],"product_cat":[15],"product_tag":[694],"class_list":{"0":"post-7819","1":"product","2":"type-product","3":"status-publish","4":"has-post-thumbnail","6":"product_cat-camera","7":"product_tag-ace-35-80mm","9":"first","10":"onbackorder","11":"shipping-taxable","12":"product-type-simple"},"aioseo_notices":[],"jetpack_sharing_enabled":true,"brands":[],"_links":{"self":[{"href":"https:\/\/proservice.com.ar\/index.php\/wp-json\/wp\/v2\/product\/7819","targetHints":{"allow":["GET"]}}],"collection":[{"href":"https:\/\/proservice.com.ar\/index.php\/wp-json\/wp\/v2\/product"}],"about":[{"href":"https:\/\/proservice.com.ar\/index.php\/wp-json\/wp\/v2\/types\/product"}],"wp:featuredmedia":[{"embeddable":true,"href":"https:\/\/proservice.com.ar\/index.php\/wp-json\/wp\/v2\/media\/7823"}],"wp:attachment":[{"href":"https:\/\/proservice.com.ar\/index.php\/wp-json\/wp\/v2\/media?parent=7819"}],"wp:term":[{"taxonomy":"pwb-brand","embeddable":true,"href":"https:\/\/proservice.com.ar\/index.php\/wp-json\/wp\/v2\/pwb-brand?post=7819"},{"taxonomy":"product_brand","embeddable":true,"href":"https:\/\/proservice.com.ar\/index.php\/wp-json\/wp\/v2\/product_brand?post=7819"},{"taxonomy":"product_cat","embeddable":true,"href":"https:\/\/proservice.com.ar\/index.php\/wp-json\/wp\/v2\/product_cat?post=7819"},{"taxonomy":"product_tag","embeddable":true,"href":"https:\/\/proservice.com.ar\/index.php\/wp-json\/wp\/v2\/product_tag?post=7819"}],"curies":[{"name":"wp","href":"https:\/\/api.w.org\/{rel}","templated":true}]}}