{"id":7837,"date":"2025-10-22T14:18:17","date_gmt":"2025-10-22T17:18:17","guid":{"rendered":"https:\/\/proservice.com.ar\/?post_type=product&#038;p=7837"},"modified":"2025-10-29T11:13:04","modified_gmt":"2025-10-29T14:13:04","slug":"smallrig-rc-220d-pro-daylight-cob-led-monolight","status":"publish","type":"product","link":"https:\/\/proservice.com.ar\/index.php\/product\/smallrig-rc-220d-pro-daylight-cob-led-monolight\/","title":{"rendered":"SmallRig RC 220D Pro Daylight COB LED Monolight"},"content":{"rendered":"<p>esta potente y port\u00e1til RC 220D Pro Daylight COB LED Monolight de SmallRig es ideal tanto para producciones de fotograf\u00eda como de v\u00eddeo. El modelo Pro ofrece una salida de color variable de 5600K para adaptarse a la luz diurna, exteriores y diversos entornos. Su lente y fuente de luz actualizados ofrecen la misma salida que la RC 200D original, pero con un menor consumo de energ\u00eda, lo que la convierte en la luz principal ideal para producciones cinematogr\u00e1ficas o fotograf\u00eda comercial. El reflector incluido crea un haz de luz intenso con atenuaci\u00f3n suave, y el brillo se puede ajustar f\u00e1cilmente.<\/p>\n<p>Actualizaciones de dise\u00f1o<\/p>\n<p>La RC 220D Pro mejorada incorpora un nuevo dise\u00f1o de lente \u00f3ptica que ofrece una reducci\u00f3n del 10 % en el consumo de energ\u00eda en comparaci\u00f3n con la generaci\u00f3n anterior, manteniendo el mismo brillo. Tambi\u00e9n cuenta con una lente actualizada para un alto brillo, una distribuci\u00f3n uniforme de la luz y un alto \u00edndice de reproducci\u00f3n crom\u00e1tica (IRC) de 95+. La fuente de luz COB actualizada proporciona una temperatura de color uniforme, minimizando la desviaci\u00f3n del color dentro del rango efectivo. Su columna de soporte tambi\u00e9n cuenta con un dise\u00f1o de amortiguaci\u00f3n para facilitar el descenso gradual de la luz una vez montada.<\/p>\n<p>Opciones de energ\u00eda<br \/>\nEl cuerpo est\u00e1 dise\u00f1ado para un funcionamiento eficiente con un adaptador de montura V para alimentar la luz durante periodos m\u00e1s prolongados. Puede alimentarse con un adaptador de CA, una bater\u00eda de montura V mediante la placa integrada o una bater\u00eda serie L\/NP-F970 con un adaptador disponible por separado.<br \/>\nOpciones de control<\/p>\n<p>El modelo Pro admite control de aplicaci\u00f3n local e inal\u00e1mbrica, as\u00ed como control de software mediante la aplicaci\u00f3n SmallRig, control local o DMX en producciones profesionales, que pueden controlar simult\u00e1neamente varias luces SmallRig y lograr una cobertura de se\u00f1al extendida y una distancia de control.<br \/>\nMontura Bowens est\u00e1ndar<\/p>\n<p>El dispositivo cuenta con una montura Bowens est\u00e1ndar, por lo que es totalmente compatible con diversos accesorios Bowens est\u00e1ndar, como softboxes y otras herramientas de difusi\u00f3n y modelado de la luz. El yugo incorpora un receptor para un paraguas opcional.<\/p>\n<p>Caracter\u00edsticas adicionales<br \/>\nAccesorios de iluminaci\u00f3n f\u00e1ciles de colocar y quitar con un orificio para sombrilla incorporado<br \/>\nUna pantalla incorporada en el dispositivo muestra el brillo, la energ\u00eda restante, la fuente de alimentaci\u00f3n de CA conectada, la frecuencia inal\u00e1mbrica y m\u00e1s.<br \/>\nCompacto y port\u00e1til, el dispositivo viene con una bolsa de almacenamiento duradera que tiene un inserto moldeado con precisi\u00f3n para sostener la luz, una cubierta est\u00e1ndar y un cable de alimentaci\u00f3n para un f\u00e1cil almacenamiento y protecci\u00f3n durante el transporte.<\/p>\n","protected":false},"excerpt":{"rendered":"<p>SmallRig RC 220D Pro Daylight COB LED Monolight<\/p>\n","protected":false},"featured_media":7838,"template":"","meta":{"om_disable_all_campaigns":false},"pwb-brand":[],"product_brand":[],"product_cat":[62,83],"product_tag":[696],"class_list":{"0":"post-7837","1":"product","2":"type-product","3":"status-publish","4":"has-post-thumbnail","6":"product_cat-lighting","7":"product_cat-smallrig","8":"product_tag-696","10":"first","11":"instock","12":"shipping-taxable","13":"purchasable","14":"product-type-simple"},"aioseo_notices":[],"jetpack_sharing_enabled":true,"brands":[],"_links":{"self":[{"href":"https:\/\/proservice.com.ar\/index.php\/wp-json\/wp\/v2\/product\/7837","targetHints":{"allow":["GET"]}}],"collection":[{"href":"https:\/\/proservice.com.ar\/index.php\/wp-json\/wp\/v2\/product"}],"about":[{"href":"https:\/\/proservice.com.ar\/index.php\/wp-json\/wp\/v2\/types\/product"}],"wp:featuredmedia":[{"embeddable":true,"href":"https:\/\/proservice.com.ar\/index.php\/wp-json\/wp\/v2\/media\/7838"}],"wp:attachment":[{"href":"https:\/\/proservice.com.ar\/index.php\/wp-json\/wp\/v2\/media?parent=7837"}],"wp:term":[{"taxonomy":"pwb-brand","embeddable":true,"href":"https:\/\/proservice.com.ar\/index.php\/wp-json\/wp\/v2\/pwb-brand?post=7837"},{"taxonomy":"product_brand","embeddable":true,"href":"https:\/\/proservice.com.ar\/index.php\/wp-json\/wp\/v2\/product_brand?post=7837"},{"taxonomy":"product_cat","embeddable":true,"href":"https:\/\/proservice.com.ar\/index.php\/wp-json\/wp\/v2\/product_cat?post=7837"},{"taxonomy":"product_tag","embeddable":true,"href":"https:\/\/proservice.com.ar\/index.php\/wp-json\/wp\/v2\/product_tag?post=7837"}],"curies":[{"name":"wp","href":"https:\/\/api.w.org\/{rel}","templated":true}]}}